000
CXUS54 KEPZ 191200
CF6LRU
PRELIMINARY LOCAL CLIMATOLOGICAL DATA (WS FORM: F-6)

                                          STATION:   LAS CRUCES
                                          MONTH:     FEBRUARY
                                          YEAR:      2018
                                          LATITUDE:   32 17 N
                                          LONGITUDE: 106 46 W

  TEMPERATURE IN F:       :PCPN:    SNOW:  WIND      :SUNSHINE: SKY     :PK WND
================================================================================
1   2   3   4   5  6A  6B    7    8   9   10  11  12  13   14  15   16   17  18
                                     12Z  AVG MX 2MIN
DY MAX MIN AVG DEP HDD CDD  WTR  SNW DPTH SPD SPD DIR MIN PSBL S-S WX    SPD DR
================================================================================

 1  73  33  53   M  12   0 0.00  0.0    0  5.7 14 260   M    M   0         M  M
 2  67  39  53   M  12   0 0.00  0.0    0  7.7 12 160   M    M   0         M  M
 3  74  39  57   M   8   0 0.00  0.0    0 11.1 22 270   M    M   0        32 250
 4  73  38  56   M   9   0 0.00  0.0    0  6.7 13 240   M    M   0         M  M
 5  74  42  58   M   7   0 0.00  0.0    0 10.3 20 250   M    M   0        28 240
 6  72  45  59   M   6   0 0.00  0.0    0 15.2 31 260   M    M   0        37 260
 7  63  36  50   M  15   0 0.00  0.0    0  6.7 20  10   M    M   1        31  10
 8  67  30  49   M  16   0 0.00  0.0    0  3.3  8 330   M    M   0         M  M
 9  73  31  52   M  13   0 0.00  0.0    0  6.4 13 260   M    M   0        17 260
10  72  39  56   M   9   0 0.00  0.0    0 14.7 28 270   M    M   0        44 270
11  61  40  51   M  14   0 0.00  0.0    0 10.2 21  10   M    M   1        27  10
12  67  37  52   M  13   0 0.00  0.0    0 10.4 16 160   M    M   0        23 160
13  69  35  52   M  13   0 0.00  0.0    0  5.0 15 220   M    M   0        23 220
14  70  47  59   M   6   0    T  0.0    0  6.1 16 280   M    M   4        24 240
15  57  49  53   M  12   0 0.12  0.0    0  5.9 15 250   M    M   8         M  M
16  53  47  50   M  15   0 0.57  0.0    0  3.9 18 340   M    M  10        24 340
17  60  46  53   M  12   0    T  0.0    0  2.4  7 150   M    M   5 1       M  M
18  68  45  57   M   8   0 0.00  0.0    0  8.3 18 250   M    M   7        30 240
================================================================================
SM 1213  718       200   0  0.69     0.0 140.0          M       36
================================================================================
AV 67.4 39.9                               7.8 FASTST   M    M   2    MAX(MPH)
                                 MISC ---->  # 31 260               # 44  270
================================================================================
NOTES:
# LAST OF SEVERAL OCCURRENCES

COLUMN 17 PEAK WIND IN M.P.H.

PRELIMINARY LOCAL CLIMATOLOGICAL DATA (WS FORM: F-6) , PAGE 2

                                          STATION:  LAS CRUCES
                                          MONTH:    FEBRUARY
                                          YEAR:     2018
                                          LATITUDE:   32 17 N
                                          LONGITUDE: 106 46 W

[TEMPERATURE DATA]      [PRECIPITATION DATA]       SYMBOLS USED IN COLUMN 16

AVERAGE MONTHLY: 53.6   TOTAL FOR MONTH:   0.69    1 = FOG OR MIST
DPTR FM NORMAL:     M   DPTR FM NORMAL:       M    2 = FOG REDUCING VISIBILITY
HIGHEST:    74 ON  5, 3 GRTST 24HR  0.57 ON 16-16      TO 1/4 MILE OR LESS
LOWEST:     30 ON  8                               3 = THUNDER
                        SNOW, ICE PELLETS, HAIL    4 = ICE PELLETS
                        TOTAL MONTH:   0.0 INCH    5 = HAIL
                        GRTST 24HR     0.0         6 = FREEZING RAIN OR DRIZZLE
                        GRTST DEPTH:   0           7 = DUSTSTORM OR SANDSTORM:
                                                       VSBY 1/2 MILE OR LESS
                                                   8 = SMOKE OR HAZE
[NO. OF DAYS WITH]      [WEATHER - DAYS WITH]      9 = BLOWING SNOW
                                                   X = TORNADO
MAX 32 OR BELOW:   0    0.01 INCH OR MORE:   2
MAX 90 OR ABOVE:   0    0.10 INCH OR MORE:   2
MIN 32 OR BELOW:   2    0.50 INCH OR MORE:   1
MIN  0 OR BELOW:   0    1.00 INCH OR MORE:   0

[HDD (BASE 65) ]
TOTAL THIS MO.   200    CLEAR  (SCALE 0-3)  13
DPTR FM NORMAL     M    PTCLDY (SCALE 4-7)   3
TOTAL FM JUL 1  1750    CLOUDY (SCALE 8-10)  2
DPTR FM NORMAL     M

[CDD (BASE 65) ]
TOTAL THIS MO.     0
DPTR FM NORMAL     M    [PRESSURE DATA]
TOTAL FM JAN 1     0    HIGHEST SLP M ON M
DPTR FM NORMAL     M    LOWEST  SLP M ON M

[REMARKS]
