000
CXUS54 KEPZ 281200
CF6LRU
PRELIMINARY LOCAL CLIMATOLOGICAL DATA (WS FORM: F-6)

                                          STATION:   LAS CRUCES
                                          MONTH:     MAY
                                          YEAR:      2017
                                          LATITUDE:   32 17 N
                                          LONGITUDE: 106 46 W

  TEMPERATURE IN F:       :PCPN:    SNOW:  WIND      :SUNSHINE: SKY     :PK WND
================================================================================
1   2   3   4   5  6A  6B    7    8   9   10  11  12  13   14  15   16   17  18
                                     12Z  AVG MX 2MIN
DY MAX MIN AVG DEP HDD CDD  WTR  SNW DPTH SPD SPD DIR MIN PSBL S-S WX    SPD DR
================================================================================

 1  83  41  62   M   3   0 0.00  0.0    0  6.9 15 260   M    M   0        23 260
 2  86  48  67   M   0   2 0.00  0.0    0 13.6 24 250   M    M   0        35 250
 3  87  55  71   M   0   6 0.00  0.0    0  7.0 17 360   M    M   0        22 360
 4  82  51  67   M   0   2 0.00  0.0    0  8.2 18 130   M    M   0        23 130
 5  90  57  74   M   0   9 0.00  0.0    0  6.6  9 210   M    M   0        18 150
 6  93  53  73   M   0   8 0.00  0.0    0  8.8 23 170   M    M   1        46 260
 7  88  57  73   M   0   8 0.00  0.0    0 12.1 20 270   M    M   0        29 270
 8  84  54  69   M   0   4 0.00  0.0    0  8.7 18 270   M    M   0        25 270
 9  74  51  63   M   2   0 0.07  0.0    0 15.5 23 270   M    M   1 3      38 270
10  70  42  56   M   9   0 0.00  0.0    0 13.9 24 270   M    M   2        32 270
11  81  44  63   M   2   0 0.00  0.0    0  5.4 17 280   M    M   1        22 280
12  85  58  72   M   0   7 0.00  0.0    0  7.3 12 120   M    M   1        16 120
13  92  53  73   M   0   8 0.00  0.0    0  7.0 16 150   M    M   0        25 220
14  89  64  77   M   0  12 0.00  0.0    0 11.7 18 220   M    M   0        24 240
15  87  53  70   M   0   5 0.00  0.0    0 12.4 24 230   M    M   0        31 230
16  76  55  66   M   0   1 0.00  0.0    0 18.2 30 240   M    M   3 3      43 290
17  82  43  63   M   2   0 0.00  0.0    0 13.5 22 240   M    M   0        30 260
18  79  53  66   M   0   1 0.00  0.0    0 14.0 22 270   M    M   1        32 230
19  79  48  64   M   1   0 0.00  0.0    0  9.5 22 270   M    M   1        33 280
20  81  52  67   M   0   2 0.00  0.0    0  8.1 14  20   M    M   0        17  20
21  89  54  72   M   0   7 0.00  0.0    0  6.5 10 150   M    M   1        18 250
22  93  53  73   M   0   8 0.00  0.0    0  5.7 24 270   M    M   0        41 290
23  91  61  76   M   0  11 0.00  0.0    0 10.0 17 110   M    M   0        27 110
24  94  56  75   M   0  10 0.00  0.0    0 10.2 21 260   M    M   0        30 260
25  93  67  80   M   0  15 0.00  0.0    0 16.1 22 250   M    M   0        36 260
26  92  56  74   M   0   9 0.00  0.0    0 12.6 21 230   M    M   0        36 260
27  91  60  76   M   0  11 0.00  0.0    0 13.4 28 270   M    M   0        33 270
================================================================================
SM 2311 1439        19 146  0.07     0.0 282.9          M       12
================================================================================
AV 85.6 53.3                              10.5 FASTST   M    M   0    MAX(MPH)
                                 MISC ---->  # 30 240               # 46  260
================================================================================
NOTES:
# LAST OF SEVERAL OCCURRENCES

COLUMN 17 PEAK WIND IN M.P.H.

PRELIMINARY LOCAL CLIMATOLOGICAL DATA (WS FORM: F-6) , PAGE 2

                                          STATION:  LAS CRUCES
                                          MONTH:    MAY
                                          YEAR:     2017
                                          LATITUDE:   32 17 N
                                          LONGITUDE: 106 46 W

[TEMPERATURE DATA]      [PRECIPITATION DATA]       SYMBOLS USED IN COLUMN 16

AVERAGE MONTHLY: 69.4   TOTAL FOR MONTH:   0.07    1 = FOG OR MIST
DPTR FM NORMAL:     M   DPTR FM NORMAL:       M    2 = FOG REDUCING VISIBILITY
HIGHEST:    94 ON 24    GRTST 24HR  0.07 ON  9- 9      TO 1/4 MILE OR LESS
LOWEST:     41 ON  1                               3 = THUNDER
                        SNOW, ICE PELLETS, HAIL    4 = ICE PELLETS
                        TOTAL MONTH:   0.0 INCH    5 = HAIL
                        GRTST 24HR     0.0         6 = FREEZING RAIN OR DRIZZLE
                        GRTST DEPTH:   0           7 = DUSTSTORM OR SANDSTORM:
                                                       VSBY 1/2 MILE OR LESS
                                                   8 = SMOKE OR HAZE
[NO. OF DAYS WITH]      [WEATHER - DAYS WITH]      9 = BLOWING SNOW
                                                   X = TORNADO
MAX 32 OR BELOW:   0    0.01 INCH OR MORE:   1
MAX 90 OR ABOVE:   9    0.10 INCH OR MORE:   0
MIN 32 OR BELOW:   0    0.50 INCH OR MORE:   0
MIN  0 OR BELOW:   0    1.00 INCH OR MORE:   0

[HDD (BASE 65) ]
TOTAL THIS MO.    19    CLEAR  (SCALE 0-3)  27
DPTR FM NORMAL     M    PTCLDY (SCALE 4-7)   0
TOTAL FM JUL 1  2231    CLOUDY (SCALE 8-10)  0
DPTR FM NORMAL     M

[CDD (BASE 65) ]
TOTAL THIS MO.   146
DPTR FM NORMAL     M    [PRESSURE DATA]
TOTAL FM JAN 1   207    HIGHEST SLP M ON M
DPTR FM NORMAL     M    LOWEST  SLP M ON M

[REMARKS]
