000
CXUS56 KMTR 311000
CF6LVK
PRELIMINARY LOCAL CLIMATOLOGICAL DATA (WS FORM: F-6)

                                          STATION:   LIVERMORE AIRPORT
                                          MONTH:     OCTOBER
                                          YEAR:      2014
                                          LATITUDE:   37 42 N
                                          LONGITUDE: 121 49 W

  TEMPERATURE IN F:       :PCPN:    SNOW:  WIND      :SUNSHINE: SKY     :PK WND
================================================================================
1   2   3   4   5  6A  6B    7    8   9   10  11  12  13   14  15   16   17  18
                                     12Z  AVG MX 2MIN
DY MAX MIN AVG DEP HDD CDD  WTR  SNW DPTH SPD SPD DIR MIN PSBL S-S WX    SPD DR
================================================================================

 1  87  55  71   4   0   6 0.00  0.0    0  4.1 14  90   M    M   0        21  80
 2  90  51  71   4   0   6 0.00  0.0    0  3.8 14  50   M    M   0 8      18  50
 3  95  54  75   9   0  10 0.00  0.0    0  3.3 14  60   M    M   0 8      17  50
 4  96  53  75   9   0  10 0.00  0.0    0  1.6 10  60   M    M   0        16  70
 5  99  55  77  11   0  12 0.00  0.0    0  1.4 12 270   M    M   0        14 290
 6  99  57  78  12   0  13 0.00  0.0    0  2.5 13 280   M    M   0        15 270
 7  94  56  75  10   0  10 0.00  0.0    0  3.2 14 280   M    M   0        16 280
 8  96  55  76  11   0  11 0.00  0.0    0  3.8 17 270   M    M   0        21 270
 9  85  54  70   5   0   5 0.00  0.0    0  6.2 15 280   M    M   0        18 270
10  81  55  68   3   0   3 0.00  0.0    0  5.0 13 290   M    M   2        16 280
11  88  53  71   7   0   6 0.00  0.0    0  2.7 15 270   M    M   1        17 280
12  91  57  74  10   0   9 0.00  0.0    0  6.1 18  50   M    M   0        24  40
13  92  55  74  10   0   9 0.00  0.0    0  4.1 18 280   M    M   0        22 280
14  74  55  65   1   0   0 0.00  0.0    0  9.0 28 240   M    M   2        33 240
15  74  56  65   2   0   0 0.02  0.0    0  5.4 13 320   M    M   6 1      15 310
16  75  52  64   1   1   0 0.00  0.0    0  3.6 16 270   M    M   0        21 280
17  77  50  64   1   1   0 0.00  0.0    0  2.4 13 270   M    M   2        15 270
18  81  52  67   5   0   2 0.00  0.0    0  2.3 14 280   M    M   0        16 280
19  82  53  68   6   0   3 0.00  0.0    0  4.7 18 280   M    M   1        22 280
20  71  54  63   1   2   0    T  0.0    0  7.2 18 250   M    M   6 18     23 290
21  73  47  60  -2   5   0 0.00  0.0    0  3.5 16 270   M    M   0        18 270
22  77  49  63   2   2   0 0.00  0.0    0  3.2 14 280   M    M   0        15 280
23  77  55  66   5   0   1 0.00  0.0    0  3.2 13  80   M    M   0        15  90
24  80  51  66   5   0   1 0.00  0.0    0  5.7 16 250   M    M   0        21 240
25  73  56  65   5   0   0 0.07  0.0    0  7.8 20 260   M    M   5 18     23 260
26  71  49  60   0   5   0 0.00  0.0    0  3.3 13 360   M    M   2 1      21  20
27  73  43  58  -2   7   0 0.00  0.0    0  1.8 12 290   M    M   0        15 300
28  78  45  62   2   3   0 0.00  0.0    0  1.9 10 270   M    M   0        13 280
29  81  49  65   6   0   0 0.00  0.0    0  3.7 14  60   M    M   0        18  90
30  84  55  70  11   0   5 0.00  0.0    0  5.3 18 290   M    M   0        21 270
================================================================================
SM 2494 1581        26 122  0.09     0.0 121.8          M       27
================================================================================
AV 83.1 52.7                               4.1 FASTST   M    M   1    MAX(MPH)
                                 MISC ---->  # 28 240               # 33  240
================================================================================
NOTES:
# LAST OF SEVERAL OCCURRENCES

COLUMN 17 PEAK WIND IN M.P.H.

PRELIMINARY LOCAL CLIMATOLOGICAL DATA (WS FORM: F-6) , PAGE 2

                                          STATION:  LIVERMORE AIRPORT
                                          MONTH:    OCTOBER
                                          YEAR:     2014
                                          LATITUDE:   37 42 N
                                          LONGITUDE: 121 49 W

[TEMPERATURE DATA]      [PRECIPITATION DATA]       SYMBOLS USED IN COLUMN 16

AVERAGE MONTHLY: 67.9   TOTAL FOR MONTH:   0.09    1 = FOG OR MIST
DPTR FM NORMAL:   4.8   DPTR FM NORMAL:   -0.79    2 = FOG REDUCING VISIBILITY
HIGHEST:    99 ON  6, 5 GRTST 24HR  0.08 ON 25-26      TO 1/4 MILE OR LESS
LOWEST:     43 ON 27                               3 = THUNDER
                        SNOW, ICE PELLETS, HAIL    4 = ICE PELLETS
                        TOTAL MONTH:   0.0 INCH    5 = HAIL
                        GRTST 24HR     0.0         6 = FREEZING RAIN OR DRIZZLE
                        GRTST DEPTH:   0           7 = DUSTSTORM OR SANDSTORM:
                                                       VSBY 1/2 MILE OR LESS
                                                   8 = SMOKE OR HAZE
[NO. OF DAYS WITH]      [WEATHER - DAYS WITH]      9 = BLOWING SNOW
                                                   X = TORNADO
MAX 32 OR BELOW:   0    0.01 INCH OR MORE:   2
MAX 90 OR ABOVE:   9    0.10 INCH OR MORE:   0
MIN 32 OR BELOW:   0    0.50 INCH OR MORE:   0
MIN  0 OR BELOW:   0    1.00 INCH OR MORE:   0

[HDD (BASE 65) ]
TOTAL THIS MO.    26    CLEAR  (SCALE 0-3)  27
DPTR FM NORMAL   -71    PTCLDY (SCALE 4-7)   3
TOTAL FM JUL 1    26    CLOUDY (SCALE 8-10)  0
DPTR FM NORMAL   -95

[CDD (BASE 65) ]
TOTAL THIS MO.   122
DPTR FM NORMAL    84    [PRESSURE DATA]
TOTAL FM JAN 1  1268    HIGHEST SLP M ON M
DPTR FM NORMAL   441    LOWEST  SLP 29.81 ON 14

[REMARKS]
