000
CXUS53 KDMX 280920
CF6LWD
PRELIMINARY LOCAL CLIMATOLOGICAL DATA (WS FORM: F-6)

                                          STATION:   LAMONI IA
                                          MONTH:     JULY
                                          YEAR:      2017
                                          LATITUDE:   40 37 N
                                          LONGITUDE:  93 56 W

  TEMPERATURE IN F:       :PCPN:    SNOW:  WIND      :SUNSHINE: SKY     :PK WND
================================================================================
1   2   3   4   5  6A  6B    7    8   9   10  11  12  13   14  15   16   17  18
                                     12Z  AVG MX 2MIN
DY MAX MIN AVG DEP HDD CDD  WTR  SNW DPTH SPD SPD DIR MIN PSBL S-S WX    SPD DR
================================================================================

 1  82  58  70  -4   0   5 0.00  0.0    0  8.1 20 290   M    M   0        26 240
 2  84  66  75   1   0  10 0.00  0.0    0  7.5 16 230   M    M   4        21 220
 3  89  68  79   5   0  14 0.00  0.0    0  5.2 12 200   M    M   1 3      17 220
 4  86  68  77   2   0  12    T  0.0    0  5.1 21 210   M    M   0 13     26 210
 5  87  65  76   1   0  11    T  0.0    0  4.2 16 170   M    M   1 13     24 160
 6  89  68  79   4   0  14 0.00  0.0    0  8.5 16 230   M    M   0        21 220
 7  86  67  77   2   0  12 0.00  0.0    0 10.1 20  10   M    M   0        24  10
 8  86  64  75   0   0  10 0.00  0.0    0  5.6 13 260   M    M   1        17 220
 9  90  69  80   5   0  15 0.00  0.0    0  8.6 18 200   M    M   0        27 180
10  93  77  85  10   0  20 0.00  0.0    0 12.1 22 240   M    M   1        27 250
11  92  75  84   9   0  19 0.00  0.0    0  9.5 21 180   M    M   0        27 180
12  88  74  81   6   0  16 0.03  0.0    0 10.2 22 230   M    M   2 8      28 230
13  85  70  78   3   0  13 0.90  0.0    0  4.7 12 360   M    M   3 13     14 360
14  86  65  76   1   0  11 0.00  0.0    0  4.2 10  60   M    M   1        14  70
15  88  67  78   3   0  13 0.00  0.0    0  5.8 12 220   M    M   1        14 250
16  92  71  82   7   0  17 0.46  0.0    0  8.7 17  80   M    M   2 13     30  80
17  89  73  81   6   0  16 0.00  0.0    0  5.2 13 180   M    M   3 1      16 200
18  87  73  80   5   0  15 0.00  0.0    0  7.6 20 210   M    M   4 1      25 220
19  88  73  81   6   0  16 0.14  0.0    0  9.0 17 190   M    M   1 13     24 190
20  93  75  84   9   0  19 0.00  0.0    0  8.8 16 200   M    M   1        21 200
21  94  77  86  11   0  21 0.00  0.0    0 11.0 20 190   M    M   0        27 190
22  98  76  87  12   0  22 0.00  0.0    0  8.4 20 210   M    M   1        27 200
23  93  66  80   5   0  15 0.00  0.0    0  8.4 16  10   M    M   1 1      20 310
24  85  61  73  -2   0   8 0.00  0.0    0  5.0  9 150   M    M   0        13  60
25  90  67  79   4   0  14 0.00  0.0    0  7.7 15 170   M    M   0 1      19 140
26  81  73  77   2   0  12 0.01  0.0    0  4.8 10 360   M    M   6 1      14 170
27  90  69  80   5   0  15    T  0.0    0  9.2 18  40   M    M   6 1      23  40
================================================================================
SM 2391 1875         0 385  1.54     0.0 203.2          M       40
================================================================================
AV 88.6 69.4                               7.5 FASTST   M    M   1    MAX(MPH)
                                 MISC ---->  # 22 240               # 30   80
================================================================================
NOTES:
# LAST OF SEVERAL OCCURRENCES

COLUMN 17 PEAK WIND IN M.P.H.

PRELIMINARY LOCAL CLIMATOLOGICAL DATA (WS FORM: F-6) , PAGE 2

                                          STATION:  LAMONI IA
                                          MONTH:    JULY
                                          YEAR:     2017
                                          LATITUDE:   40 37 N
                                          LONGITUDE:  93 56 W

[TEMPERATURE DATA]      [PRECIPITATION DATA]       SYMBOLS USED IN COLUMN 16

AVERAGE MONTHLY: 79.0   TOTAL FOR MONTH:   1.54    1 = FOG OR MIST
DPTR FM NORMAL:   4.1   DPTR FM NORMAL:   -2.86    2 = FOG REDUCING VISIBILITY
HIGHEST:    98 ON 22    GRTST 24HR  0.92 ON 12-13      TO 1/4 MILE OR LESS
LOWEST:     58 ON  1                               3 = THUNDER
                        SNOW, ICE PELLETS, HAIL    4 = ICE PELLETS
                        TOTAL MONTH:   0.0 INCH    5 = HAIL
                        GRTST 24HR     0.0         6 = FREEZING RAIN OR DRIZZLE
                        GRTST DEPTH:   0           7 = DUSTSTORM OR SANDSTORM:
                                                       VSBY 1/2 MILE OR LESS
                                                   8 = SMOKE OR HAZE
[NO. OF DAYS WITH]      [WEATHER - DAYS WITH]      9 = BLOWING SNOW
                                                   X = TORNADO
MAX 32 OR BELOW:   0    0.01 INCH OR MORE:   5
MAX 90 OR ABOVE:  10    0.10 INCH OR MORE:   3
MIN 32 OR BELOW:   0    0.50 INCH OR MORE:   1
MIN  0 OR BELOW:   0    1.00 INCH OR MORE:   0

[HDD (BASE 65) ]
TOTAL THIS MO.     0    CLEAR  (SCALE 0-3)  21
DPTR FM NORMAL     0    PTCLDY (SCALE 4-7)   6
TOTAL FM JUL 1     0    CLOUDY (SCALE 8-10)  0
DPTR FM NORMAL     0

[CDD (BASE 65) ]
TOTAL THIS MO.   385
DPTR FM NORMAL   112    [PRESSURE DATA]
TOTAL FM JAN 1   707    HIGHEST SLP M ON M
DPTR FM NORMAL   187    LOWEST  SLP 29.64 ON 22

[REMARKS]
