000
CXUS53 KDMX 010920
CF6LWD
PRELIMINARY LOCAL CLIMATOLOGICAL DATA (WS FORM: F-6)

                                          STATION:   LAMONI IA
                                          MONTH:     AUGUST
                                          YEAR:      2015
                                          LATITUDE:   40 37 N
                                          LONGITUDE:  93 56 W

  TEMPERATURE IN F:       :PCPN:    SNOW:  WIND      :SUNSHINE: SKY     :PK WND
================================================================================
1   2   3   4   5  6A  6B    7    8   9   10  11  12  13   14  15   16   17  18
                                     12Z  AVG MX 2MIN
DY MAX MIN AVG DEP HDD CDD  WTR  SNW DPTH SPD SPD DIR MIN PSBL S-S WX    SPD DR
================================================================================

 1  90  67  79   4   0  14 0.00  0.0    0  4.6 16 200   M    M   1        25 200
 2  90  64  77   2   0  12 0.02  0.0    0 11.3 21 250   M    M   1 3      27 250
 3  82  66  74  -1   0   9 0.00  0.0    0  3.4 10 360   M    M   5        13  40
 4  78  64  71  -4   0   6 0.65  0.0    0  4.7 22 310   M    M   5 13     34 300
 5  81  67  74  -1   0   9 0.02  0.0    0  4.4 13  40   M    M   2 13     17  60
 6  81  65  73  -2   0   8 0.00  0.0    0  3.9 13 140   M    M   3 12     18 120
 7  89  69  79   4   0  14 0.00  0.0    0  6.0 12 270   M    M   2        17 310
 8  87  71  79   4   0  14 0.04  0.0    0  6.5 13 150   M    M   2 3      20 130
 9  89  70  80   5   0  15 0.56  0.0    0  6.3 21 180   M    M   4 13     28 190
10  84  67  76   1   0  11 0.00  0.0    0  8.1 16 350   M    M   2 1      21 360
11  83  63  73  -2   0   8 0.00  0.0    0  6.7 14  20   M    M   1        19  20
12  86  64  75   1   0  10 0.00  0.0    0  3.5  8 340   M    M   2         9 340
13  85  65  75   1   0  10 0.00  0.0    0  6.1 16 230   M    M   0        19 240
14  86  69  78   4   0  13 0.00  0.0    0  5.4 10 190   M    M   1        13 190
15  86  67  77   3   0  12 0.00  0.0    0  6.3 13 200   M    M   0        16 200
16  87  68  78   4   0  13 0.00  0.0    0  8.6 16 170   M    M   0 18     22 180
17  80  70  75   1   0  10 0.00  0.0    0  3.7 10 270   M    M   3 1      13 280
18  75  59  67  -7   0   2 2.20  0.0    0  7.7 18 300   M    M   7 13     24 310
19  69  54  62 -12   3   0    T  0.0    0 12.1 24 290   M    M   7        33 290
20  80  55  68  -6   0   3 0.00  0.0    0  7.3 13 220   M    M   0        16 170
21  81  60  71  -2   0   6 0.00  0.0    0 10.5 22 180   M    M   1        28 170
22  82  66  74   1   0   9 0.77  0.0    0  9.5 20 150   M    M   5 13     27 150
23  73  55  64  -9   1   0 0.11  0.0    0 11.1 23 320   M    M   1 13     30 320
24  76  51  64  -9   1   0 0.00  0.0    0  9.1 17 310   M    M   0        23 290
25  77  51  64  -8   1   0 0.00  0.0    0  6.0 12 320   M    M   0        16 350
26  77  53  65  -7   0   0 0.00  0.0    0  2.2 10 150   M    M   0        14 150
27  75  58  67  -5   0   2 0.01  0.0    0  7.6 16 180   M    M   1        24 110
28  78  65  72   0   0   7    T  0.0    0  9.9 21 190   M    M   5        29 200
29  78  62  70  -2   0   5 0.00  0.0    0  6.3 14 360   M    M   9 12     18 360
30  80  61  71   0   0   6 0.00  0.0    0  2.2  8 140   M    M   6 128    11 150
31  86  68  77   6   0  12 0.00  0.0    0  7.0 14 200   M    M   2 18     17 210
================================================================================
SM 2531 1954         6 240  4.38     0.0 208.0          M       78
================================================================================
AV 81.6 63.0                               6.7 FASTST   M    M   3    MAX(MPH)
                                 MISC ---->  # 24 290               # 34  300
================================================================================
NOTES:
# LAST OF SEVERAL OCCURRENCES

COLUMN 17 PEAK WIND IN M.P.H.

PRELIMINARY LOCAL CLIMATOLOGICAL DATA (WS FORM: F-6) , PAGE 2

                                          STATION:  LAMONI IA
                                          MONTH:    AUGUST
                                          YEAR:     2015
                                          LATITUDE:   40 37 N
                                          LONGITUDE:  93 56 W

[TEMPERATURE DATA]      [PRECIPITATION DATA]       SYMBOLS USED IN COLUMN 16

AVERAGE MONTHLY: 72.3   TOTAL FOR MONTH:   4.38    1 = FOG OR MIST
DPTR FM NORMAL:  -1.4   DPTR FM NORMAL:    0.31    2 = FOG REDUCING VISIBILITY
HIGHEST:    90 ON  2, 1 GRTST 24HR  2.20 ON 18-18      TO 1/4 MILE OR LESS
LOWEST:     51 ON 25,24                            3 = THUNDER
                        SNOW, ICE PELLETS, HAIL    4 = ICE PELLETS
                        TOTAL MONTH:   0.0 INCH    5 = HAIL
                        GRTST 24HR     0.0         6 = FREEZING RAIN OR DRIZZLE
                        GRTST DEPTH:   0           7 = DUSTSTORM OR SANDSTORM:
                                                       VSBY 1/2 MILE OR LESS
                                                   8 = SMOKE OR HAZE
[NO. OF DAYS WITH]      [WEATHER - DAYS WITH]      9 = BLOWING SNOW
                                                   X = TORNADO
MAX 32 OR BELOW:   0    0.01 INCH OR MORE:   9
MAX 90 OR ABOVE:   2    0.10 INCH OR MORE:   5
MIN 32 OR BELOW:   0    0.50 INCH OR MORE:   4
MIN  0 OR BELOW:   0    1.00 INCH OR MORE:   1

[HDD (BASE 65) ]
TOTAL THIS MO.     6    CLEAR  (SCALE 0-3)  22
DPTR FM NORMAL     0    PTCLDY (SCALE 4-7)   8
TOTAL FM JUL 1     9    CLOUDY (SCALE 8-10)  1
DPTR FM NORMAL     1

[CDD (BASE 65) ]
TOTAL THIS MO.   240
DPTR FM NORMAL   -35    [PRESSURE DATA]
TOTAL FM JAN 1   924    HIGHEST SLP 30.22 ON 27
DPTR FM NORMAL    86    LOWEST  SLP 29.63 ON 18

[REMARKS]
#FINAL-08-15#
