000
CXUS55 KPUB 302338
CF6LXV
PRELIMINARY LOCAL CLIMATOLOGICAL DATA (WS FORM: F-6)

                                          STATION:   LEADVILLE CO
                                          MONTH:     MAY
                                          YEAR:      2016
                                          LATITUDE:   39 15 N
                                          LONGITUDE: 106 18 W

  TEMPERATURE IN F:       :PCPN:    SNOW:  WIND      :SUNSHINE: SKY     :PK WND
================================================================================
1   2   3   4   5  6A  6B    7    8   9   10  11  12  13   14  15   16   17  18
                                     12Z  AVG MX 2MIN
DY MAX MIN AVG DEP HDD CDD  WTR  SNW DPTH SPD SPD DIR MIN PSBL S-S WX    SPD DR
================================================================================

 1  28  14  21 -15  44   0 0.06    M    M 10.7 24 180   M    M  10 18     30 180
 2  46  13  30  -6  35   0 0.00  0.0    M  6.2 17  10   M    M   3        23  10
 3  52  26  39   3  26   0 0.00  0.0    M  7.7 16 350   M    M   0        22 350
 4  60  21  41   4  24   0 0.00  0.0    M  5.7 14 230   M    M   0        21 250
 5  61  25  43   6  22   0 0.00  0.0    M  3.7 18 180   M    M   2        23 170
 6  61  29  45   7  20   0    T  0.0    M  9.0 31 170   M    M   4 3      42 180
 7  51  23  37  -1  28   0 0.01    M    M 13.4 40 170   M    M   4 13     52 170
 8  44  19  32  -6  33   0    T    M    M  6.6 31 170   M    M   6 18     38 170
 9  46  29  38  -1  27   0 0.14    M    M  7.3 22 290   M    M   9 18     30 290
10  44  27  36  -3  29   0 0.33    M    M  9.1 23 320   M    M   6 12     32 310
11  43  24  34  -5  31   0    T    M    M  8.7 29 270   M    M   3 12     41 260
12  54  21  38  -2  27   0 0.00  0.0    M  7.5 18 280   M    M   0        26 300
13  61  30  46   6  19   0 0.00  0.0    M  7.8 21 270   M    M   1        30 260
14  61  28  45   5  20   0    T  0.0    M  6.9 31 280   M    M   5 12     44 290
15  53  30  42   2  23   0 0.13  0.0    M  5.5 25 170   M    M   7 12     30 180
16  49  31  40  -1  25   0 0.07    M    M  6.7 24 360   M    M   9 13     31  10
17  45  29  37  -4  28   0 0.00  0.0    M 11.9 25 190   M    M   8 1      32 190
18  50  29  40  -2  25   0 0.19    M    M  5.2 18 180   M    M  10 13     22 180
19  54  30  42   0  23   0 0.00  0.0    M  5.9 18 290   M    M   5        23 290
20  59  29  44   2  21   0 0.00  0.0    M  7.6 23 170   M    M   2        30 170
21  64  32  48   6  17   0 0.00  0.0    M 10.6 30 170   M    M   0        39 200
22  60  31  46   3  19   0 0.00  0.0    M 10.5 31 180   M    M   3        45 180
23  54  26  40  -3  25   0    T  0.0    M  6.9 23 230   M    M   3        31 210
24  59  23  41  -2  24   0 0.00  0.0    M  9.3 29 200   M    M   2        35 180
25  54  27  41  -3  24   0 0.00  0.0    M  8.8 24 270   M    M   0        33 270
26  50  22  36  -8  29   0    T    M    0  6.6 24 170   M    M   5 138    37 180
27  49  27  38  -6  27   0 0.20    M    0  9.3 28  10   M    M   8 123    39  20
28  53  23  38  -6  27   0    T  0.0    M  6.1 21 310   M    M   3        26 250
29  59  24  42  -3  23   0 0.00  0.0    0  5.9 21 320   M    M   2        28 210
================================================================================
SM 1524  742       745   0  1.13     0.0 227.1          M      120
================================================================================
AV 52.6 25.6                               7.8 FASTST   M    M   4    MAX(MPH)
                                 MISC ---->  # 40 170               # 52  170
================================================================================
NOTES:
# LAST OF SEVERAL OCCURRENCES

COLUMN 17 PEAK WIND IN M.P.H.

PRELIMINARY LOCAL CLIMATOLOGICAL DATA (WS FORM: F-6) , PAGE 2

                                          STATION:  LEADVILLE CO
                                          MONTH:    MAY
                                          YEAR:     2016
                                          LATITUDE:   39 15 N
                                          LONGITUDE: 106 18 W

[TEMPERATURE DATA]      [PRECIPITATION DATA]       SYMBOLS USED IN COLUMN 16

AVERAGE MONTHLY: 39.1   TOTAL FOR MONTH:   1.13    1 = FOG OR MIST
DPTR FM NORMAL:  -1.4   DPTR FM NORMAL:    0.38    2 = FOG REDUCING VISIBILITY
HIGHEST:    64 ON 21    GRTST 24HR  0.34 ON  9-10      TO 1/4 MILE OR LESS
LOWEST:     13 ON  2                               3 = THUNDER
                        SNOW, ICE PELLETS, HAIL    4 = ICE PELLETS
                        TOTAL MONTH:   0.0 INCH    5 = HAIL
                        GRTST 24HR     0.0         6 = FREEZING RAIN OR DRIZZLE
                        GRTST DEPTH:   0           7 = DUSTSTORM OR SANDSTORM:
                                                       VSBY 1/2 MILE OR LESS
                                                   8 = SMOKE OR HAZE
[NO. OF DAYS WITH]      [WEATHER - DAYS WITH]      9 = BLOWING SNOW
                                                   X = TORNADO
MAX 32 OR BELOW:   1    0.01 INCH OR MORE:   8
MAX 90 OR ABOVE:   0    0.10 INCH OR MORE:   5
MIN 32 OR BELOW:  29    0.50 INCH OR MORE:   0
MIN  0 OR BELOW:   0    1.00 INCH OR MORE:   0

[HDD (BASE 65) ]
TOTAL THIS MO.   745    CLEAR  (SCALE 0-3)  14
DPTR FM NORMAL    33    PTCLDY (SCALE 4-7)  10
TOTAL FM JUL 1 10386    CLOUDY (SCALE 8-10)  5
DPTR FM NORMAL  -327

[CDD (BASE 65) ]
TOTAL THIS MO.     0
DPTR FM NORMAL     0    [PRESSURE DATA]
TOTAL FM JAN 1     0    HIGHEST SLP M ON M
DPTR FM NORMAL     0    LOWEST  SLP 29.44 ON  9

[REMARKS]
