000
CXUS55 KPUB 311059
CF6LXV
PRELIMINARY LOCAL CLIMATOLOGICAL DATA (WS FORM: F-6)

                                          STATION:   LEADVILLE CO
                                          MONTH:     AUGUST
                                          YEAR:      2015
                                          LATITUDE:   39 15 N
                                          LONGITUDE: 106 18 W

  TEMPERATURE IN F:       :PCPN:    SNOW:  WIND      :SUNSHINE: SKY     :PK WND
================================================================================
1   2   3   4   5  6A  6B    7    8   9   10  11  12  13   14  15   16   17  18
                                     12Z  AVG MX 2MIN
DY MAX MIN AVG DEP HDD CDD  WTR  SNW DPTH SPD SPD DIR MIN PSBL S-S WX    SPD DR
================================================================================

 1  73  38  56   2   9   0    T  0.0    0  5.8 20 350   M    M   5        24 350
 2  67  47  57   3   8   0 0.16  0.0    0  4.4 22 150   M    M   7 1      27 360
 3  66  45  56   2   9   0    T  0.0    0  4.9 22 300   M    M   7 13     30 290
 4  68  41  55   1  10   0 0.00  0.0    0 10.0 25 260   M    M   3        35 260
 5  74  36  55   1  10   0 0.00  0.0    0  4.2 17 200   M    M   1        31 290
 6  69  42  56   2   9   0 0.00  0.0    0  7.1 24 300   M    M   0        32 300
 7  71  36  54   0  11   0    T  0.0    0  5.8 24 180   M    M   6        34 310
 8  69  41  55   1  10   0 0.00  0.0    0  7.5 17 290   M    M   4        23 310
 9  71  34  53  -1  12   0 0.00  0.0    0  7.6 21 300   M    M   1        28 300
10  72  35  54   0  11   0    T  0.0    0  5.6 18 180   M    M   4        22 180
11  70  45  58   5   7   0 0.21  0.0    0  3.7 13  10   M    M   7 138    16 350
12  69  43  56   3   9   0    T  0.0    0  6.6 17 300   M    M   5 1      25 300
13  72  39  56   3   9   0 0.00  0.0    0  6.8 16  40   M    M   3 3      23  40
14  74  39  57   4   8   0    T  0.0    0  4.4 21 340   M    M   3 3      29 330
15  77  40  59   6   6   0 0.01  0.0    0  6.7 20 190   M    M   2 3      23 190
16  72  45  59   6   6   0 0.02  0.0    0  5.9 15  20   M    M   3 3      21  40
17  72  40  56   3   9   0 0.11  0.0    0  6.2 31 270   M    M   4 3      43 290
18  66  32  49  -3  16   0 0.00  0.0    0  7.6 23 280   M    M   1        31 300
19  63  38  51  -1  14   0 0.00  0.0    0  8.6 22 290   M    M   1        31 250
20  67  37  52   0  13   0 0.00  0.0    0  8.2 23 310   M    M   0        32 300
21  71  33  52   0  13   0    T  0.0    0  8.1 35 300   M    M   2        45 290
22  72  37  55   3  10   0    T  0.0    0  8.2 25 300   M    M   1        32 280
23  73  38  56   4   9   0 0.00  0.0    0  6.7 21 290   M    M   3 18     28 280
24  74  35  55   4  10   0 0.00  0.0    0  5.8 20 360   M    M   2        27 300
25  74  36  55   4  10   0 0.00  0.0    0  4.4 28 170   M    M   2        35 170
26  70  40  55   4  10   0    T  0.0    0  6.5 30 170   M    M   3 3      41 180
27  64  42  53   2  12   0 0.03  0.0    0  8.5 22 360   M    M   8 13     32 350
28  67  36  52   1  13   0 0.00  0.0    0  7.0 23 360   M    M   1        30 360
29  71  34  53   3  12   0 0.00  0.0    0  4.3 14 270   M    M   2        22 330
30  72  35  54   4  11   0 0.00  0.0    0  4.7 17 300   M    M   3 3      23 300
================================================================================
SM 2110 1159       306   0  0.54     0.0 191.8          M       94
================================================================================
AV 70.3 38.6                               6.4 FASTST   M    M   3    MAX(MPH)
                                 MISC ---->  # 35 300               # 45  290
================================================================================
NOTES:
# LAST OF SEVERAL OCCURRENCES

COLUMN 17 PEAK WIND IN M.P.H.

PRELIMINARY LOCAL CLIMATOLOGICAL DATA (WS FORM: F-6) , PAGE 2

                                          STATION:  LEADVILLE CO
                                          MONTH:    AUGUST
                                          YEAR:     2015
                                          LATITUDE:   39 15 N
                                          LONGITUDE: 106 18 W

[TEMPERATURE DATA]      [PRECIPITATION DATA]       SYMBOLS USED IN COLUMN 16

AVERAGE MONTHLY: 54.5   TOTAL FOR MONTH:   0.54    1 = FOG OR MIST
DPTR FM NORMAL:   1.9   DPTR FM NORMAL:   -1.43    2 = FOG REDUCING VISIBILITY
HIGHEST:    77 ON 15    GRTST 24HR  0.21 ON 11-11      TO 1/4 MILE OR LESS
LOWEST:     32 ON 18                               3 = THUNDER
                        SNOW, ICE PELLETS, HAIL    4 = ICE PELLETS
                        TOTAL MONTH:   0.0 INCH    5 = HAIL
                        GRTST 24HR     0.0         6 = FREEZING RAIN OR DRIZZLE
                        GRTST DEPTH:   0           7 = DUSTSTORM OR SANDSTORM:
                                                       VSBY 1/2 MILE OR LESS
                                                   8 = SMOKE OR HAZE
[NO. OF DAYS WITH]      [WEATHER - DAYS WITH]      9 = BLOWING SNOW
                                                   X = TORNADO
MAX 32 OR BELOW:   0    0.01 INCH OR MORE:   6
MAX 90 OR ABOVE:   0    0.10 INCH OR MORE:   3
MIN 32 OR BELOW:   1    0.50 INCH OR MORE:   0
MIN  0 OR BELOW:   0    1.00 INCH OR MORE:   0

[HDD (BASE 65) ]
TOTAL THIS MO.   306    CLEAR  (SCALE 0-3)  17
DPTR FM NORMAL   -66    PTCLDY (SCALE 4-7)  13
TOTAL FM JUL 1   653    CLOUDY (SCALE 8-10)  0
DPTR FM NORMAL   -55

[CDD (BASE 65) ]
TOTAL THIS MO.     0
DPTR FM NORMAL     0    [PRESSURE DATA]
TOTAL FM JAN 1     0    HIGHEST SLP M ON M
DPTR FM NORMAL     0    LOWEST  SLP 29.68 ON 18

[REMARKS]
