000
CXUS51 KRNK 280721
CF6LYH
PRELIMINARY LOCAL CLIMATOLOGICAL DATA (WS FORM: F-6)

                                          STATION:   LYNCHBURG VA
                                          MONTH:     APRIL
                                          YEAR:      2017
                                          LATITUDE:   37 19 N
                                          LONGITUDE:  79 12 W

  TEMPERATURE IN F:       :PCPN:    SNOW:  WIND      :SUNSHINE: SKY     :PK WND
================================================================================
1   2   3   4   5  6A  6B    7    8   9   10  11  12  13   14  15   16   17  18
                                     12Z  AVG MX 2MIN
DY MAX MIN AVG DEP HDD CDD  WTR  SNW DPTH SPD SPD DIR MIN PSBL S-S WX    SPD DR
================================================================================

 1  68  46  57   6   8   0 0.00  0.0    0  7.0 15 280   M    M   1        23 310
 2  65  38  52   1  13   0 0.00  0.0    0  3.3 12 160   M    M   0        15  50
 3  61  42  52   0  13   0 0.75  0.0    0  5.0 12  50   M    M   8 1      16 180
 4  79  55  67  15   0   2    T  0.0    0  8.4 20 250   M    M   5 1      29 270
 5  74  46  60   8   5   0 0.00  0.0    0  6.8 18 140   M    M   1        25 140
 6  64  46  55   2  10   0 0.20  0.0    0 11.6 22 250   M    M   8 13     36 240
 7  50  38  44  -9  21   0 0.00  0.0    0  8.2 20 260   M    M   6        29 280
 8  67  32  50  -3  15   0 0.00  0.0    0  3.0 13 260   M    M   0        17 230
 9  72  35  54   0  11   0 0.00  0.0    0  3.5 14 170   M    M   0        21 170
10  79  48  64  10   1   0 0.00  0.0    0  9.0 18 190   M    M   0        25 180
11  83  50  67  13   0   2 0.00  0.0    0  8.1 17 190   M    M   0        22 170
12  79  52  66  12   0   1    T  0.0    0  2.6 10 250   M    M   1        18 270
13  76  58  67  12   0   2 0.00  0.0    0  7.5 14  50   M    M   4        19  40
14  75  50  63   8   2   0 0.07  0.0    0  4.6 12 170   M    M   5        17 180
15  81  52  67  12   0   2    T  0.0    0  6.5 21 180   M    M   3        26 180
16  84  53  69  13   0   4 0.00  0.0    0  7.2 20 200   M    M   2        28 200
17  78  57  68  12   0   3    T  0.0    0  5.1 13 280   M    M   4        19 300
18  72  55  64   8   1   0    T  0.0    0  8.3 18  50   M    M   6        24  50
19  56  50  53  -3  12   0 0.11  0.0    0  2.3  8 170   M    M  10 1      11 180
20  83  54  69  12   0   4 0.04  0.0    0  5.0 23 220   M    M   5 13     31 210
21  84  57  71  14   0   6 0.02  0.0    0  5.1 17 190   M    M   2 13     23 210
22  67  49  58   1   7   0 0.86  0.0    0  7.3 20  20   M    M   8 13     24  20
23  51  48  50  -8  15   0 0.58  0.0    0  9.6 16  40   M    M  10 1      23  30
24  52  48  50  -8  15   0 1.39  0.0    0 16.9 29  40   M    M  10 1      38  30
25  60  49  55  -3  10   0 0.16  0.0    0 10.8 24  30   M    M   7 1      31  30
26  80  47  64   6   1   0 0.00  0.0    0  3.8 12 170   M    M   3 1      15 180
27  80  54  67   9   0   2    T  0.0    0  6.9 24 200   M    M   4 12     32 200
================================================================================
SM 1920 1309       160  28  4.18     0.0 183.4          M      113
================================================================================
AV 71.1 48.5                               6.8 FASTST   M    M   4    MAX(MPH)
                                 MISC ---->  # 29  40               # 38   30
================================================================================
NOTES:
# LAST OF SEVERAL OCCURRENCES

COLUMN 17 PEAK WIND IN M.P.H.

PRELIMINARY LOCAL CLIMATOLOGICAL DATA (WS FORM: F-6) , PAGE 2

                                          STATION:  LYNCHBURG VA
                                          MONTH:    APRIL
                                          YEAR:     2017
                                          LATITUDE:   37 19 N
                                          LONGITUDE:  79 12 W

[TEMPERATURE DATA]      [PRECIPITATION DATA]       SYMBOLS USED IN COLUMN 16

AVERAGE MONTHLY: 59.8   TOTAL FOR MONTH:   4.18    1 = FOG OR MIST
DPTR FM NORMAL:   4.9   DPTR FM NORMAL:    1.19    2 = FOG REDUCING VISIBILITY
HIGHEST:    84 ON 21,16 GRTST 24HR  1.39 ON 24-24      TO 1/4 MILE OR LESS
LOWEST:     32 ON  8                               3 = THUNDER
                        SNOW, ICE PELLETS, HAIL    4 = ICE PELLETS
                        TOTAL MONTH:   0.0 INCH    5 = HAIL
                        GRTST 24HR     0.0         6 = FREEZING RAIN OR DRIZZLE
                        GRTST DEPTH:   0           7 = DUSTSTORM OR SANDSTORM:
                                                       VSBY 1/2 MILE OR LESS
                                                   8 = SMOKE OR HAZE
[NO. OF DAYS WITH]      [WEATHER - DAYS WITH]      9 = BLOWING SNOW
                                                   X = TORNADO
MAX 32 OR BELOW:   0    0.01 INCH OR MORE:  10
MAX 90 OR ABOVE:   0    0.10 INCH OR MORE:   7
MIN 32 OR BELOW:   1    0.50 INCH OR MORE:   4
MIN  0 OR BELOW:   0    1.00 INCH OR MORE:   1

[HDD (BASE 65) ]
TOTAL THIS MO.   160    CLEAR  (SCALE 0-3)  12
DPTR FM NORMAL  -123    PTCLDY (SCALE 4-7)  11
TOTAL FM JUL 1  3408    CLOUDY (SCALE 8-10)  4
DPTR FM NORMAL  -894

[CDD (BASE 65) ]
TOTAL THIS MO.    28
DPTR FM NORMAL    13    [PRESSURE DATA]
TOTAL FM JAN 1    29    HIGHEST SLP M ON M
DPTR FM NORMAL    12    LOWEST  SLP 29.38 ON  6

[REMARKS]
