000
CXUS54 KMAF 261100
CF6MAF
PRELIMINARY LOCAL CLIMATOLOGICAL DATA (WS FORM: F-6)

                                          STATION:   Midland International Airport
                                          MONTH:     NOVEMBER
                                          YEAR:      2014
                                          LATITUDE:   31 57 N
                                          LONGITUDE: 102 11 W

  TEMPERATURE IN F:       :PCPN:    SNOW:  WIND      :SUNSHINE: SKY     :PK WND
================================================================================
1   2   3   4   5  6A  6B    7    8   9   10  11  12  13   14  15   16   17  18
                                     12Z  AVG MX 2MIN
DY MAX MIN AVG DEP HDD CDD  WTR  SNW DPTH SPD SPD DIR MIN PSBL S-S WX    SPD DR
================================================================================

 1  71  45  58  -1   7   0 0.00  0.0    0 16.2 24 170   M    M   0        30 170
 2  70  56  63   4   2   0 0.00  0.0    0 20.3 28 170   M    M   0        34 170
 3  74  61  68  10   0   3 0.00  0.0    0 17.3 26 170   M    M   6        30 170
 4  65  47  56  -2   9   0 0.88    M    0 14.2 31  20   M    M  10 1      36  20
 5  56  45  51  -6  14   0 0.13    M    0  7.3 15  70   M    M   9 1      18  70
 6  64  49  57   0   8   0 0.00  0.0    0  5.8 15  60   M    M   5        19  70
 7  66  44  55  -1  10   0 0.00  0.0    0  9.8 22 200   M    M   1        29 190
 8  67  45  56   0   9   0 0.00  0.0    0 11.1 28  30   M    M   0 1      33  30
 9  73  46  60   4   5   0 0.00  0.0    0 12.3 23 240   M    M   0        26 220
10  82  51  67  12   0   2 0.00  0.0    0 16.0 31 250   M    M   0        37 240
11  61  34  48  -7  17   0 0.00  0.0    0 15.1 32  20   M    M   0 8      39  20
12  36  26  31 -23  34   0 0.00  0.0    0 17.3 22  60   M    M   7        27  80
13  32  24  28 -26  37   0 0.00  0.0    0  9.7 21  30   M    M   9        24  40
14  48  26  37 -16  28   0 0.00  0.0    0 12.4 20 140   M    M   2        23 140
15  70  35  53   0  12   0 0.00  0.0    0 10.6 20 170   M    M   0        23 170
16  50  24  37 -15  28   0    T    T    0 15.5 24  20   M    M   6 18     29  10
17  44  22  33 -19  32   0 0.00  0.0    T  8.3 17 350   M    M   0        22 350
18  54  23  39 -13  26   0 0.00  0.0    0  9.6 20 170   M    M   0        23 180
19  67  30  49  -2  16   0 0.00  0.0    0  8.1 16 260   M    M   0        19 270
20  71  41  56   5   9   0 0.00  0.0    0  7.6 16 230   M    M   0        20 240
21   M   M   M   M   M   M 0.00  0.0    0  8.9 14 170   M    M   1 12      M  M
22  70  51  61  11   4   0 0.01  0.0    0  6.0 15 240   M    M   6 138    19 220
23  73  42  58   8   7   0 0.00  0.0    0 18.8 36  10   M    M   2 8      45 360
24  57  34  46  -3  19   0 0.00  0.0    0  5.9 16 320   M    M   0        19 320
25  56  33  45  -4  20   0 0.00  0.0    0 10.9 24 240   M    M   0        29 240
================================================================================
SM 1477  934       353   5  1.02    T    295.0          M       64
================================================================================
AV 61.5 38.9                              11.8 FASTST   M    M   3    MAX(MPH)
                                 MISC ---->  # 36  10               # 45  360
================================================================================
NOTES:
# LAST OF SEVERAL OCCURRENCES

COLUMN 17 PEAK WIND IN M.P.H.

PRELIMINARY LOCAL CLIMATOLOGICAL DATA (WS FORM: F-6) , PAGE 2

                                          STATION:  Midland International Airport
                                          MONTH:    NOVEMBER
                                          YEAR:     2014
                                          LATITUDE:   31 57 N
                                          LONGITUDE: 102 11 W

[TEMPERATURE DATA]      [PRECIPITATION DATA]       SYMBOLS USED IN COLUMN 16

AVERAGE MONTHLY: 50.2   TOTAL FOR MONTH:   1.02    1 = FOG OR MIST
DPTR FM NORMAL:  -3.6   DPTR FM NORMAL:    0.44    2 = FOG REDUCING VISIBILITY
HIGHEST:    82 ON 10    GRTST 24HR  0.96 ON  4- 5      TO 1/4 MILE OR LESS
LOWEST:     22 ON 17                               3 = THUNDER
                        SNOW, ICE PELLETS, HAIL    4 = ICE PELLETS
                        TOTAL MONTH:    T          5 = HAIL
                        GRTST 24HR    T  ON 16-16  6 = FREEZING RAIN OR DRIZZLE
                        GRTST DEPTH:   T           7 = DUSTSTORM OR SANDSTORM:
                                                       VSBY 1/2 MILE OR LESS
                                                   8 = SMOKE OR HAZE
[NO. OF DAYS WITH]      [WEATHER - DAYS WITH]      9 = BLOWING SNOW
                                                   X = TORNADO
MAX 32 OR BELOW:   1    0.01 INCH OR MORE:   3
MAX 90 OR ABOVE:   0    0.10 INCH OR MORE:   2
MIN 32 OR BELOW:   7    0.50 INCH OR MORE:   1
MIN  0 OR BELOW:   0    1.00 INCH OR MORE:   0

[HDD (BASE 65) ]
TOTAL THIS MO.   353    CLEAR  (SCALE 0-3)  17
DPTR FM NORMAL    68    PTCLDY (SCALE 4-7)   5
TOTAL FM JUL 1   391    CLOUDY (SCALE 8-10)  3
DPTR FM NORMAL    -3

[CDD (BASE 65) ]
TOTAL THIS MO.     5
DPTR FM NORMAL    -1    [PRESSURE DATA]
TOTAL FM JAN 1  2692    HIGHEST SLP M ON M
DPTR FM NORMAL   414    LOWEST  SLP 29.54 ON 23

[REMARKS]
