000
CXUS55 KABR 211400
CF6MBG
PRELIMINARY LOCAL CLIMATOLOGICAL DATA (WS FORM: F-6)

                                          STATION:   MOBRIDGE SD
                                          MONTH:     JULY
                                          YEAR:      2017
                                          LATITUDE:   45 32 N
                                          LONGITUDE: 100 25 W

  TEMPERATURE IN F:       :PCPN:    SNOW:  WIND      :SUNSHINE: SKY     :PK WND
================================================================================
1   2   3   4   5  6A  6B    7    8   9   10  11  12  13   14  15   16   17  18
                                     12Z  AVG MX 2MIN
DY MAX MIN AVG DEP HDD CDD  WTR  SNW DPTH SPD SPD DIR MIN PSBL S-S WX    SPD DR
================================================================================

 1  95  51  73   3   0   8 0.00  0.0    0 10.4 22  60   M    M   1        28  60
 2  86  58  72   1   0   7 0.00  0.0    0 11.7 20 110   M    M   0        24 120
 3  94  63  79   8   0  14 0.00  0.0    0 14.3 22 150   M    M   1        27 140
 4 101  66  84  13   0  19 0.02  0.0    0  9.3 36 270   M    M   0 3      47 130
 5 105  60  83  12   0  18 0.04  0.0    0  8.2 25  50   M    M   0 3      31  60
 6  94  66  80   8   0  15 0.00  0.0    0 12.0 26 360   M    M   0        34 360
 7  93  56  75   3   0  10 0.00  0.0    0  5.6 14  80   M    M   1        19  90
 8  96  62  79   7   0  14 0.00  0.0    0  8.1 16  80   M    M   1        22  80
 9 106  72  89  17   0  24 0.00  0.0    0 12.1 24 360   M    M   0        31 360
10  89  59  74   2   0   9 0.03  0.0    0  7.5 16 160   M    M   0        21 160
11 101  72  87  15   0  22    T  0.0    0 11.4 22 320   M    M   2        27 320
12  83  61  72  -1   0   7 0.00  0.0    0 13.5 24 360   M    M   0        31 340
13  85  55  70  -3   0   5 0.00  0.0    0  6.7 14 100   M    M   2        18 100
14  99  56  78   5   0  13 0.03  0.0    0 12.7 35 170   M    M   0 3      40 170
15  93  67  80   7   0  15 0.00  0.0    0 10.9 18  10   M    M   0        23  50
16  99  61  80   7   0  15 0.00  0.0    0 15.2 23 160   M    M   0        29 140
17 101  71  86  13   0  21 0.00  0.0    0  9.6 25  50   M    M   0        33  50
18  84  60  72  -1   0   7 0.68  0.0    0 10.2 43 320   M    M   1 13     65 310
19  87  63  75   2   0  10 1.18  0.0    0 12.9 35  50   M    M   2 13     43  50
20  93  61  77   4   0  12 0.78  0.0    0 12.9 35 310   M    M   2 1238   49 310
================================================================================
SM 1884 1240         0 265  2.76     0.0 215.2          M       13
================================================================================
AV 94.2 62.0                              10.8 FASTST   M    M   1    MAX(MPH)
                                 MISC ---->  # 43 320               # 65  310
================================================================================
NOTES:
# LAST OF SEVERAL OCCURRENCES

COLUMN 17 PEAK WIND IN M.P.H.

PRELIMINARY LOCAL CLIMATOLOGICAL DATA (WS FORM: F-6) , PAGE 2

                                          STATION:  MOBRIDGE SD
                                          MONTH:    JULY
                                          YEAR:     2017
                                          LATITUDE:   45 32 N
                                          LONGITUDE: 100 25 W

[TEMPERATURE DATA]      [PRECIPITATION DATA]       SYMBOLS USED IN COLUMN 16

AVERAGE MONTHLY: 78.1   TOTAL FOR MONTH:   2.76    1 = FOG OR MIST
DPTR FM NORMAL:   5.9   DPTR FM NORMAL:    0.98    2 = FOG REDUCING VISIBILITY
HIGHEST:   106 ON  9    GRTST 24HR  1.18 ON 19-19      TO 1/4 MILE OR LESS
LOWEST:     51 ON  1                               3 = THUNDER
                        SNOW, ICE PELLETS, HAIL    4 = ICE PELLETS
                        TOTAL MONTH:   0.0 INCH    5 = HAIL
                        GRTST 24HR     0.0         6 = FREEZING RAIN OR DRIZZLE
                        GRTST DEPTH:   0           7 = DUSTSTORM OR SANDSTORM:
                                                       VSBY 1/2 MILE OR LESS
                                                   8 = SMOKE OR HAZE
[NO. OF DAYS WITH]      [WEATHER - DAYS WITH]      9 = BLOWING SNOW
                                                   X = TORNADO
MAX 32 OR BELOW:   0    0.01 INCH OR MORE:   7
MAX 90 OR ABOVE:  14    0.10 INCH OR MORE:   3
MIN 32 OR BELOW:   0    0.50 INCH OR MORE:   3
MIN  0 OR BELOW:   0    1.00 INCH OR MORE:   1

[HDD (BASE 65) ]
TOTAL THIS MO.     0    CLEAR  (SCALE 0-3)  20
DPTR FM NORMAL    -5    PTCLDY (SCALE 4-7)   0
TOTAL FM JUL 1     0    CLOUDY (SCALE 8-10)  0
DPTR FM NORMAL    -5

[CDD (BASE 65) ]
TOTAL THIS MO.   265
DPTR FM NORMAL   112    [PRESSURE DATA]
TOTAL FM JAN 1   464    HIGHEST SLP M ON M
DPTR FM NORMAL   196    LOWEST  SLP 29.60 ON 11

[REMARKS]
