000
CXUS53 KDTX 300800
CF6MBS
PRELIMINARY LOCAL CLIMATOLOGICAL DATA (WS FORM: F-6)

                                          STATION:   TRI CITIES MI
                                          MONTH:     SEPTEMBER
                                          YEAR:      2016
                                          LATITUDE:   43 31 N
                                          LONGITUDE:  84  5 W

  TEMPERATURE IN F:       :PCPN:    SNOW:  WIND      :SUNSHINE: SKY     :PK WND
================================================================================
1   2   3   4   5  6A  6B    7    8   9   10  11  12  13   14  15   16   17  18
                                     12Z  AVG MX 2MIN
DY MAX MIN AVG DEP HDD CDD  WTR  SNW DPTH SPD SPD DIR MIN PSBL S-S WX    SPD DR
================================================================================

 1  73  55  64  -2   1   0 0.05  0.0    0  9.7 23  20   M    M   5        27  20
 2  72  53  63  -3   2   0 0.00  0.0    0  8.4 18  40   M    M   1        22  30
 3  76  50  63  -3   2   0 0.00  0.0    0  4.5  9  50   M    M   0        12  50
 4  78  52  65  -1   0   0 0.00  0.0    0  4.5 10 180   M    M   1 12     16 150
 5  84  60  72   7   0   7 0.00  0.0    0  8.4 18 190   M    M   1        23 190
 6  90  70  80  15   0  15    T  0.0    0 10.4 20 230   M    M   1        25 240
 7  85  71  78  14   0  13 1.24  0.0    0  6.6 35 280   M    M   4 13     45 260
 8  83  66  75  11   0  10 0.08  0.0    0 10.3 21 270   M    M   4 1      24 260
 9  78  64  71   7   0   6 0.00  0.0    0  4.3 10 110   M    M   3 12     12 170
10  75  59  67   3   0   2 0.28  0.0    0  9.5 25 310   M    M   7 1      37 290
11  72  52  62  -1   3   0 0.00  0.0    0  7.3 13 260   M    M   1        16 220
12  77  53  65   2   0   0 0.00  0.0    0  8.2 16 220   M    M   0        23 220
13  80  58  69   7   0   4 0.00  0.0    0 10.4 18 230   M    M   3        23 230
14  71  54  63   1   2   0    T  0.0    0  6.4 12  60   M    M   2        14  10
15  73  49  61  -1   4   0 0.00  0.0    0  3.5 10 140   M    M   2        14 140
16  78  52  65   4   0   0    T  0.0    0  8.2 16 170   M    M   1        21 170
17  78  64  71  10   0   6 0.45  0.0    0  8.8 17 260   M    M   5 1      24 220
18  76  58  67   7   0   2 0.00  0.0    0  6.3 15 260   M    M   2 1      19 260
19  83  54  69   9   0   4 0.00  0.0    0  8.8 22 220   M    M   0 1      27 230
20  80  59  70  10   0   5    T  0.0    0  4.2 13 300   M    M   1        18 300
21  78  56  67   8   0   2 0.23  0.0    0  5.0 23 270   M    M   1 13     26 270
22  81  60  71  12   0   6    T  0.0    0  4.0  9 220   M    M   2 1      12 210
23  70  55  63   5   2   0    T  0.0    0 11.2 22  50   M    M   9 1      27  40
24  68  48  58   0   7   0 0.00  0.0    0  7.4 16  90   M    M   0        19  90
25  74  47  61   3   4   0 0.03  0.0    0  8.0 16 150   M    M   1        22 140
26  68  51  60   3   5   0 0.09  0.0    0 12.8 32 250   M    M   4 18     39 260
27  63  50  57   0   8   0    T  0.0    0 11.2 26 250   M    M   5 8      33 250
28  64  47  56   0   9   0 0.03  0.0    0 10.2 23  50   M    M   5 13     29  40
29  64  58  61   5   4   0    T  0.0    0 15.9 24  30   M    M   8 1      31  60
================================================================================
SM 2192 1625        53  82  2.48     0.0 234.4          M       79
================================================================================
AV 75.6 56.0                               8.1 FASTST   M    M   3    MAX(MPH)
                                 MISC ---->  # 35 280               # 45  260
================================================================================
NOTES:
# LAST OF SEVERAL OCCURRENCES

COLUMN 17 PEAK WIND IN M.P.H.

PRELIMINARY LOCAL CLIMATOLOGICAL DATA (WS FORM: F-6) , PAGE 2

                                          STATION:  TRI CITIES MI
                                          MONTH:    SEPTEMBER
                                          YEAR:     2016
                                          LATITUDE:   43 31 N
                                          LONGITUDE:  84  5 W

[TEMPERATURE DATA]      [PRECIPITATION DATA]       SYMBOLS USED IN COLUMN 16

AVERAGE MONTHLY: 65.8   TOTAL FOR MONTH:   2.48    1 = FOG OR MIST
DPTR FM NORMAL:   4.4   DPTR FM NORMAL:   -1.24    2 = FOG REDUCING VISIBILITY
HIGHEST:    90 ON  6    GRTST 24HR  1.32 ON  7- 8      TO 1/4 MILE OR LESS
LOWEST:     47 ON 28,25                            3 = THUNDER
                        SNOW, ICE PELLETS, HAIL    4 = ICE PELLETS
                        TOTAL MONTH:   0.0 INCH    5 = HAIL
                        GRTST 24HR     0.0         6 = FREEZING RAIN OR DRIZZLE
                        GRTST DEPTH:   0           7 = DUSTSTORM OR SANDSTORM:
                                                       VSBY 1/2 MILE OR LESS
                                                   8 = SMOKE OR HAZE
[NO. OF DAYS WITH]      [WEATHER - DAYS WITH]      9 = BLOWING SNOW
                                                   X = TORNADO
MAX 32 OR BELOW:   0    0.01 INCH OR MORE:   9
MAX 90 OR ABOVE:   1    0.10 INCH OR MORE:   4
MIN 32 OR BELOW:   0    0.50 INCH OR MORE:   1
MIN  0 OR BELOW:   0    1.00 INCH OR MORE:   1

[HDD (BASE 65) ]
TOTAL THIS MO.    53    CLEAR  (SCALE 0-3)  19
DPTR FM NORMAL   -96    PTCLDY (SCALE 4-7)   9
TOTAL FM JUL 1    55    CLOUDY (SCALE 8-10)  1
DPTR FM NORMAL  -134

[CDD (BASE 65) ]
TOTAL THIS MO.    82
DPTR FM NORMAL    33    [PRESSURE DATA]
TOTAL FM JAN 1   830    HIGHEST SLP M ON M
DPTR FM NORMAL   277    LOWEST  SLP 29.69 ON 27

[REMARKS]
