000
CXUS55 KEAX 300736
CF6MCI
PRELIMINARY LOCAL CLIMATOLOGICAL DATA (WS FORM: F-6)

                                          STATION:   Kansas City International MO
                                          MONTH:     SEPTEMBER
                                          YEAR:      2016
                                          LATITUDE:   39 19 N
                                          LONGITUDE:  94 43 W

  TEMPERATURE IN F:       :PCPN:    SNOW:  WIND      :SUNSHINE: SKY     :PK WND
================================================================================
1   2   3   4   5  6A  6B    7    8   9   10  11  12  13   14  15   16   17  18
                                     12Z  AVG MX 2MIN
DY MAX MIN AVG DEP HDD CDD  WTR  SNW DPTH SPD SPD DIR MIN PSBL S-S WX    SPD DR
================================================================================

 1  79  58  69  -5   0   4 0.00  0.0    0  8.6 16  50   M    M   3        21  50
 2  77  60  69  -5   0   4 0.00  0.0    0  7.9 17  90   M    M   3        22 110
 3  79  60  70  -3   0   5 0.00  0.0    0  9.0 15 150   M    M   5        20 140
 4  82  63  73   0   0   8 0.00  0.0    0 12.0 20 160   M    M   4        26 170
 5  89  68  79   6   0  14 0.00  0.0    0 14.1 23 180   M    M   3        29 200
 6  90  74  82  10   0  17 0.00  0.0    0 14.1 23 190   M    M   2 8      31 210
 7  88  76  82  10   0  17 0.05  0.0    0 14.2 24 190   M    M   6 38     30 190
 8  81  73  77   6   0  12 0.75  0.0    0  8.1 18 210   M    M   8 13     24 290
 9  83  66  75   4   0  10 0.76  0.0    0  7.4 23 170   M    M   7 13     27 170
10  75  56  66  -5   0   1 0.00  0.0    0  9.3 20 340   M    M   3        26 340
11  77  51  64  -6   1   0 0.00  0.0    0  9.4 16 180   M    M   0        22 180
12  84  62  73   3   0   8 0.00  0.0    0 12.2 20 190   M    M   5        25 200
13  80  65  73   4   0   8 1.47  0.0    0  8.7 22  40   M    M  10 13     29 210
14  77  64  71   2   0   6 0.93  0.0    0  8.7 15 330   M    M   8 13     19 320
15  84  67  76   8   0  11 0.00  0.0    0  7.9 14 170   M    M   5 1       M  M
16  72  64  68   0   0   3 0.35  0.0    0  6.9 20 190   M    M   8 13     26 300
17  82  60  71   3   0   6 0.00  0.0    0  5.3 14 240   M    M   6 12     20 260
18  83  61  72   5   0   7 0.00  0.0    0  7.6 15 170   M    M   3        19 170
19  89  63  76   9   0  11 0.00  0.0    0  9.9 18 220   M    M   1        24 140
20  91  69  80  14   0  15 0.00  0.0    0  8.1 13 190   M    M   4 8      17 190
21  90  70  80  14   0  15 0.00  0.0    0 11.0 16 200   M    M   5 8      21 220
22  88  69  79  14   0  14 0.00  0.0    0 11.3 18 210   M    M   5 8      24 220
23  87  65  76  11   0  11 0.00  0.0    0  8.3 15 150   M    M   1 18     18 150
24  88  68  78  14   0  13 0.42  0.0    0 10.5 21 310   M    M   5 13     28 300
25  69  57  63  -1   2   0 0.21  0.0    0  6.7 18 340   M    M   8 18     23 350
26  73  49  61  -3   4   0 0.00  0.0    0  7.4 14 290   M    M   0 8      19 300
27  79  50  65   2   0   0 0.00  0.0    0  5.7 12 260   M    M   0        16 240
28  67  50  59  -4   6   0 0.00  0.0    0 10.4 21  20   M    M   1        29 360
29  72  47  60  -2   5   0 0.00  0.0    0  7.9 15  20   M    M   1        18  30
================================================================================
SM 2355 1805        18 220  4.94     0.0 268.6          M      120
================================================================================
AV 81.2 62.2                               9.3 FASTST   M    M   4    MAX(MPH)
                                 MISC ---->  # 24 190               # 31  210
================================================================================
NOTES:
# LAST OF SEVERAL OCCURRENCES

COLUMN 17 PEAK WIND IN M.P.H.

PRELIMINARY LOCAL CLIMATOLOGICAL DATA (WS FORM: F-6) , PAGE 2

                                          STATION:  Kansas City International MO
                                          MONTH:    SEPTEMBER
                                          YEAR:     2016
                                          LATITUDE:   39 19 N
                                          LONGITUDE:  94 43 W

[TEMPERATURE DATA]      [PRECIPITATION DATA]       SYMBOLS USED IN COLUMN 16

AVERAGE MONTHLY: 71.7   TOTAL FOR MONTH:   4.94    1 = FOG OR MIST
DPTR FM NORMAL:   3.4   DPTR FM NORMAL:    0.45    2 = FOG REDUCING VISIBILITY
HIGHEST:    91 ON 20    GRTST 24HR  2.39 ON 13-14      TO 1/4 MILE OR LESS
LOWEST:     47 ON 29                               3 = THUNDER
                        SNOW, ICE PELLETS, HAIL    4 = ICE PELLETS
                        TOTAL MONTH:   0.0 INCH    5 = HAIL
                        GRTST 24HR     0.0         6 = FREEZING RAIN OR DRIZZLE
                        GRTST DEPTH:   0           7 = DUSTSTORM OR SANDSTORM:
                                                       VSBY 1/2 MILE OR LESS
                                                   8 = SMOKE OR HAZE
[NO. OF DAYS WITH]      [WEATHER - DAYS WITH]      9 = BLOWING SNOW
                                                   X = TORNADO
MAX 32 OR BELOW:   0    0.01 INCH OR MORE:   8
MAX 90 OR ABOVE:   3    0.10 INCH OR MORE:   7
MIN 32 OR BELOW:   0    0.50 INCH OR MORE:   4
MIN  0 OR BELOW:   0    1.00 INCH OR MORE:   1

[HDD (BASE 65) ]
TOTAL THIS MO.    18    CLEAR  (SCALE 0-3)  12
DPTR FM NORMAL   -41    PTCLDY (SCALE 4-7)  14
TOTAL FM JUL 1    18    CLOUDY (SCALE 8-10)  3
DPTR FM NORMAL   -43

[CDD (BASE 65) ]
TOTAL THIS MO.   220
DPTR FM NORMAL    63    [PRESSURE DATA]
TOTAL FM JAN 1  1517    HIGHEST SLP  0.00 ON M
DPTR FM NORMAL   187    LOWEST  SLP  0.00 ON M

[REMARKS]
