000
CXUS52 KMLB 271223
CF6MCO
PRELIMINARY LOCAL CLIMATOLOGICAL DATA (WS FORM: F-6)

                                          STATION:   ORLANDO INTL
                                          MONTH:     DECEMBER
                                          YEAR:      2014
                                          LATITUDE:   28 25 N
                                          LONGITUDE:  81 19 W

  TEMPERATURE IN F:       :PCPN:    SNOW:  WIND      :SUNSHINE: SKY     :PK WND
================================================================================
1   2   3   4   5  6A  6B    7    8   9   10  11  12  13   14  15   16   17  18
                                     12Z  AVG MX 2MIN
DY MAX MIN AVG DEP HDD CDD  WTR  SNW DPTH SPD SPD DIR MIN PSBL S-S WX    SPD DR
================================================================================

 1  81  58  70   5   0   5    T  0.0    0  9.4 20  60   M    M   4        24  80
 2  79  63  71   6   0   6 0.39  0.0    0  7.8 22 110   M    M   5 1      26  60
 3  80  62  71   6   0   6 0.00  0.0    0  8.1 17  70   M    M   4 1      21  60
 4  82  63  73   8   0   8 0.00  0.0    0  9.2 17  60   M    M   7 1      22  60
 5  78  65  72   7   0   7 0.15  0.0    0  6.5 18  50   M    M   8 18     22  60
 6  83  68  76  12   0  11    T  0.0    0  2.8 10  30   M    M   6        13  30
 7  73  60  67   3   0   2    T  0.0    0 10.0 20  20   M    M   7 1      23  20
 8  72  55  64   0   1   0 0.16  0.0    0 10.6 20 350   M    M  10 18     24 350
 9  65  51  58  -6   7   0 0.01  0.0    0 11.0 17 310   M    M   4 1      22 320
10  64  42  53 -11  12   0 0.00  0.0    0  5.8 14 320   M    M   0        23 300
11  63  41  52 -11  13   0 0.00  0.0    0  6.1 17 290   M    M   5 1      23 290
12  62  45  54  -9  11   0 0.00  0.0    0  5.1 10 340   M    M   6        14 330
13  70  43  57  -6   8   0 0.00  0.0    0  4.0 13 350   M    M   1        16  10
14  71  41  56  -7   9   0 0.00  0.0    0  3.3 12 280   M    M   0        14 270
15  73  42  58  -5   7   0 0.00  0.0    0  1.3 10 270   M    M   1 1      14 270
16  74  41  58  -4   7   0 0.00  0.0    0  4.7 13 240   M    M   0 1      15 240
17  75  54  65   3   0   0 0.00  0.0    0  5.1 12 310   M    M   4 1      21 270
18  71  46  59  -3   6   0 0.00  0.0    0  3.6 12 260   M    M   5        18  70
19  74  50  62   0   3   0 0.00  0.0    0  4.2  9  60   M    M   7        15  40
20  78  55  67   5   0   2 0.00  0.0    0  4.6 15 160   M    M   6        20 160
21  80  61  71   9   0   6 0.41  0.0    0  4.6 15 320   M    M   8 1      18 190
22  79  54  67   5   0   2 0.27  0.0    0  5.9 14 190   M    M   8 18     18 170
23  83  63  73  12   0   8 0.00  0.0    0  8.1 17 160   M    M   8 12     22 170
24  85  65  75  14   0  10 0.11  0.0    0 14.1 26 290   M    M   8 13     34 290
25  65  53  59  -2   6   0 0.00  0.0    0  7.7 15 300   M    M   6        19 290
26  72  53  63   2   2   0 0.00  0.0    0  5.8 10  30   M    M   6        12  20
================================================================================
SM 1932 1394        92  73  1.50     0.0 169.4          M      134
================================================================================
AV 74.3 53.6                               6.5 FASTST   M    M   5    MAX(MPH)
                                 MISC ---->  # 26 290               # 34  290
================================================================================
NOTES:
# LAST OF SEVERAL OCCURRENCES

COLUMN 17 PEAK WIND IN M.P.H.

PRELIMINARY LOCAL CLIMATOLOGICAL DATA (WS FORM: F-6) , PAGE 2

                                          STATION:  ORLANDO INTL
                                          MONTH:    DECEMBER
                                          YEAR:     2014
                                          LATITUDE:   28 25 N
                                          LONGITUDE:  81 19 W

[TEMPERATURE DATA]      [PRECIPITATION DATA]       SYMBOLS USED IN COLUMN 16

AVERAGE MONTHLY: 64.0   TOTAL FOR MONTH:   1.50    1 = FOG OR MIST
DPTR FM NORMAL:   1.0   DPTR FM NORMAL:   -0.70    2 = FOG REDUCING VISIBILITY
HIGHEST:    85 ON 24    GRTST 24HR  0.68 ON 21-22      TO 1/4 MILE OR LESS
LOWEST:     41 ON 16,14                            3 = THUNDER
                        SNOW, ICE PELLETS, HAIL    4 = ICE PELLETS
                        TOTAL MONTH:   0.0 INCH    5 = HAIL
                        GRTST 24HR     0.0         6 = FREEZING RAIN OR DRIZZLE
                        GRTST DEPTH:   0           7 = DUSTSTORM OR SANDSTORM:
                                                       VSBY 1/2 MILE OR LESS
                                                   8 = SMOKE OR HAZE
[NO. OF DAYS WITH]      [WEATHER - DAYS WITH]      9 = BLOWING SNOW
                                                   X = TORNADO
MAX 32 OR BELOW:   0    0.01 INCH OR MORE:   7
MAX 90 OR ABOVE:   0    0.10 INCH OR MORE:   6
MIN 32 OR BELOW:   0    0.50 INCH OR MORE:   0
MIN  0 OR BELOW:   0    1.00 INCH OR MORE:   0

[HDD (BASE 65) ]
TOTAL THIS MO.    92    CLEAR  (SCALE 0-3)   5
DPTR FM NORMAL   -23    PTCLDY (SCALE 4-7)  19
TOTAL FM JUL 1   174    CLOUDY (SCALE 8-10)  2
DPTR FM NORMAL    12

[CDD (BASE 65) ]
TOTAL THIS MO.    73
DPTR FM NORMAL    12    [PRESSURE DATA]
TOTAL FM JAN 1  3564    HIGHEST SLP M ON M
DPTR FM NORMAL   149    LOWEST  SLP 29.80 ON 24

[REMARKS]
