000
CXUS53 KDMX 270920
CF6MCW
PRELIMINARY LOCAL CLIMATOLOGICAL DATA (WS FORM: F-6)

                                          STATION:   MASON CITY IA
                                          MONTH:     JULY
                                          YEAR:      2017
                                          LATITUDE:   43  9 N
                                          LONGITUDE:  93 20 W

  TEMPERATURE IN F:       :PCPN:    SNOW:  WIND      :SUNSHINE: SKY     :PK WND
================================================================================
1   2   3   4   5  6A  6B    7    8   9   10  11  12  13   14  15   16   17  18
                                     12Z  AVG MX 2MIN
DY MAX MIN AVG DEP HDD CDD  WTR  SNW DPTH SPD SPD DIR MIN PSBL S-S WX    SPD DR
================================================================================

 1  76  57  67  -5   0   2 0.00  0.0    0 10.3 20 300   M    M   1        25 290
 2  85  58  72   0   0   7 0.00  0.0    0  9.8 16  20   M    M   3        21 260
 3  85  59  72   0   0   7 0.00  0.0    0  8.1 14  70   M    M   2        20 150
 4  87  66  77   5   0  12    T  0.0    0  9.0 16 230   M    M   2 1      22 210
 5  88  63  76   4   0  11 0.00  0.0    0  6.9 15 220   M    M   0 1      19 240
 6  92  68  80   8   0  15 0.00  0.0    0 10.3 16 260   M    M   0        23 260
 7  85  63  74   2   0   9 0.00  0.0    0 13.8 23 320   M    M   1        30 330
 8  83  53  68  -4   0   3 0.00  0.0    0  4.7 13 260   M    M   1        17 270
 9  89  55  72   0   0   7 0.32  0.0    0  7.8 37  10   M    M   0 13     46  30
10  81  63  72   0   0   7 0.15  0.0    0  7.2 18 360   M    M   3 13     26 360
11  83  62  73   1   0   8 0.01  0.0    0  6.3 17 200   M    M   2 1      22 200
12  91  67  79   7   0  14 0.00  0.0    0  8.6 16 310   M    M   1 1      19 320
13  77  57  67  -5   0   2 0.00  0.0    0  9.7 18 330   M    M   3        25 350
14  77  51  64  -8   1   0 0.00  0.0    0  5.2 13 360   M    M   3        17 100
15  92  58  75   3   0  10 0.00  0.0    M  9.0 17 220   M    M   0        21 230
16  86  64  75   3   0  10 0.00  0.0    0  6.6 12  40   M    M   1        16  50
17  88  63  76   4   0  11 0.00  0.0    0 11.2 18 150   M    M   2 1      24 150
18  88  66  77   5   0  12 0.56  0.0    0  7.7 22 220   M    M   3 13     29 220
19  87  65  76   4   0  11 0.81  0.0    0 10.0 43 320   M    M   3 13     63 320
20  86  72  79   7   0  14 0.00  0.0    0  6.9 16 220   M    M   4 1      19 230
21  74  69  72   0   0   7 0.60  0.0    0  9.5 23 100   M    M   6 13     30 100
22  85  68  77   5   0  12    T  0.0    0  6.6 15 320   M    M   6 12     18 340
23  79  58  69  -3   0   4 0.00  0.0    0 11.1 22 320   M    M   2 1      27 320
24  77  53  65  -7   0   0 0.00  0.0    0  6.5 13 140   M    M   3 1      16 120
25  85  63  74   2   0   9 0.00  0.0    0 13.2 23 170   M    M   0        32 150
26  78  65  72   1   0   7 0.39  0.0    0  5.5 18 360   M    M   6 1      23 360
================================================================================
SM 2184 1606         1 211  2.84     0.0 221.5          M       58
================================================================================
AV 84.0 61.8                               8.5 FASTST   M    M   2    MAX(MPH)
                                 MISC ---->  # 43 320               # 63  320
================================================================================
NOTES:
# LAST OF SEVERAL OCCURRENCES

COLUMN 17 PEAK WIND IN M.P.H.

PRELIMINARY LOCAL CLIMATOLOGICAL DATA (WS FORM: F-6) , PAGE 2

                                          STATION:  MASON CITY IA
                                          MONTH:    JULY
                                          YEAR:     2017
                                          LATITUDE:   43  9 N
                                          LONGITUDE:  93 20 W

[TEMPERATURE DATA]      [PRECIPITATION DATA]       SYMBOLS USED IN COLUMN 16

AVERAGE MONTHLY: 72.9   TOTAL FOR MONTH:   2.84    1 = FOG OR MIST
DPTR FM NORMAL:   0.9   DPTR FM NORMAL:   -1.14    2 = FOG REDUCING VISIBILITY
HIGHEST:    92 ON 15, 6 GRTST 24HR  0.88 ON 18-19      TO 1/4 MILE OR LESS
LOWEST:     51 ON 14                               3 = THUNDER
                        SNOW, ICE PELLETS, HAIL    4 = ICE PELLETS
                        TOTAL MONTH:   0.0 INCH    5 = HAIL
                        GRTST 24HR     0.0         6 = FREEZING RAIN OR DRIZZLE
                        GRTST DEPTH:   0           7 = DUSTSTORM OR SANDSTORM:
                                                       VSBY 1/2 MILE OR LESS
                                                   8 = SMOKE OR HAZE
[NO. OF DAYS WITH]      [WEATHER - DAYS WITH]      9 = BLOWING SNOW
                                                   X = TORNADO
MAX 32 OR BELOW:   0    0.01 INCH OR MORE:   7
MAX 90 OR ABOVE:   3    0.10 INCH OR MORE:   6
MIN 32 OR BELOW:   0    0.50 INCH OR MORE:   3
MIN  0 OR BELOW:   0    1.00 INCH OR MORE:   0

[HDD (BASE 65) ]
TOTAL THIS MO.     1    CLEAR  (SCALE 0-3)  21
DPTR FM NORMAL     1    PTCLDY (SCALE 4-7)   5
TOTAL FM JUL 1     1    CLOUDY (SCALE 8-10)  0
DPTR FM NORMAL     1

[CDD (BASE 65) ]
TOTAL THIS MO.   211
DPTR FM NORMAL    27    [PRESSURE DATA]
TOTAL FM JAN 1   417    HIGHEST SLP M ON M
DPTR FM NORMAL    60    LOWEST  SLP 29.64 ON 22

[REMARKS]
