000
CXUS53 KPAH 310630
CF6MDH
PRELIMINARY LOCAL CLIMATOLOGICAL DATA (WS FORM: F-6)

                                          STATION:   CARBONDALE IL
                                          MONTH:     JULY
                                          YEAR:      2014
                                          LATITUDE:   37 46 N
                                          LONGITUDE:  89 15 W

  TEMPERATURE IN F:       :PCPN:    SNOW:  WIND      :SUNSHINE: SKY     :PK WND
================================================================================
1   2   3   4   5  6A  6B    7    8   9   10  11  12  13   14  15   16   17  18
                                     12Z  AVG MX 2MIN
DY MAX MIN AVG DEP HDD CDD  WTR  SNW DPTH SPD SPD DIR MIN PSBL S-S WX    SPD DR
================================================================================

 1  91  68  80   2   0  15 0.81  0.0    0  8.9 21 320   M    M   3 13     27 320
 2  81  64  73  -5   0   8 0.00  0.0    0  6.6 14 310   M    M   3 1      19 290
 3  76  58  67 -11   0   2 0.00  0.0    0  4.6 16 320   M    M   4        21 360
 4  82  57  70  -8   0   5 0.00  0.0    0  2.6 13  20   M    M   2 12     19 330
 5  81  55  68 -10   0   3 0.00  0.0    0  3.9 13 180   M    M   0 18     17 190
 6  86  63  75  -3   0  10 0.00  0.0    0  9.5 20 200   M    M   1        23 200
 7  90  72  81   3   0  16    T  0.0    0 12.2 24 210   M    M   3        32 200
 8  88  67  78   0   0  13 0.15  0.0    0  7.5 28 300   M    M   4 13     39 290
 9  86  63  75  -3   0  10 0.00  0.0    0  4.0 10 300   M    M   2        14 290
10  83  63  73  -5   0   8 0.00  0.0    0  2.1  8  90   M    M   2 1      11  60
11  89  61  75  -3   0  10 0.00  0.0    0  3.8 13 200   M    M   1 12     15 210
12  93  72  83   5   0  18 0.00  0.0    0  6.9 15 190   M    M   2        19 200
13  93  73  83   5   0  18 0.14  0.0    0  7.1 28 320   M    M   4 13     41 320
14  88  68  78   0   0  13 0.57  0.0    0  4.5 20 340   M    M   6 13     27 330
15  75  59  67 -11   0   2 0.00  0.0    0  7.7 16 320   M    M   2        21 320
16  77  54  66 -12   0   1 0.00  0.0    0  2.6 10 330   M    M   3        13 300
17  80  56  68 -10   0   3 0.00  0.0    0  2.6  8 120   M    M   2 12     15  60
18  82  59  71  -7   0   6 0.00  0.0    0  4.4 13 110   M    M   3 1      16  50
19  81  58  70  -8   0   5 0.00  0.0    0  3.7 10  20   M    M   2 128    15  30
20  83  58  71  -7   0   6 0.00  0.0    0  1.1  7  40   M    M   3 128    11  70
21  86  59  73  -5   0   8 0.00  0.0    0  1.3  7  80   M    M   0 128     9 320
22  88  63  76  -2   0  11 0.00  0.0    0  3.8 14 200   M    M   0 18     16 200
23  83  64  74  -4   0   9 0.16  0.0    0  7.3 24 150   M    M   5 138    30 130
24  81  55  68 -10   0   3 0.00  0.0    0  4.8 12  70   M    M   1        15  20
25  80  56  68 -10   0   3 0.00  0.0    0  4.9 20 160   M    M   1 12     25 150
26  92  65  79   1   0  14 0.00  0.0    0  9.0 18 210   M    M   1 1      23 210
27  92  68  80   2   0  15 0.00  0.0    0  9.6 20 330   M    M   2        29 330
28  81  58  70  -8   0   5 0.00  0.0    0  7.3 17 340   M    M   3        30 320
29  80  54  67 -11   0   2 0.00  0.0    0  3.5 10 280   M    M   1        14 290
30  79  55  67 -11   0   2 0.00  0.0    0  3.7 14 220   M    M   2 1      17 200
================================================================================
SM 2527 1845         0 244  1.83     0.0 161.5          M       68
================================================================================
AV 84.2 61.5                               5.4 FASTST   M    M   2    MAX(MPH)
                                 MISC ---->  # 28 300               # 41  320
================================================================================
NOTES:
# LAST OF SEVERAL OCCURRENCES

COLUMN 17 PEAK WIND IN M.P.H.

PRELIMINARY LOCAL CLIMATOLOGICAL DATA (WS FORM: F-6) , PAGE 2

                                          STATION:  CARBONDALE IL
                                          MONTH:    JULY
                                          YEAR:     2014
                                          LATITUDE:   37 46 N
                                          LONGITUDE:  89 15 W

[TEMPERATURE DATA]      [PRECIPITATION DATA]       SYMBOLS USED IN COLUMN 16

AVERAGE MONTHLY: 72.9   TOTAL FOR MONTH:   1.83    1 = FOG OR MIST
DPTR FM NORMAL:  -5.1   DPTR FM NORMAL:   -1.63    2 = FOG REDUCING VISIBILITY
HIGHEST:    93 ON 13,12 GRTST 24HR  0.81 ON  1- 1      TO 1/4 MILE OR LESS
LOWEST:     54 ON 29,16                            3 = THUNDER
                        SNOW, ICE PELLETS, HAIL    4 = ICE PELLETS
                        TOTAL MONTH:   0.0 INCH    5 = HAIL
                        GRTST 24HR     0.0         6 = FREEZING RAIN OR DRIZZLE
                        GRTST DEPTH:   0           7 = DUSTSTORM OR SANDSTORM:
                                                       VSBY 1/2 MILE OR LESS
                                                   8 = SMOKE OR HAZE
[NO. OF DAYS WITH]      [WEATHER - DAYS WITH]      9 = BLOWING SNOW
                                                   X = TORNADO
MAX 32 OR BELOW:   0    0.01 INCH OR MORE:   5
MAX 90 OR ABOVE:   6    0.10 INCH OR MORE:   5
MIN 32 OR BELOW:   0    0.50 INCH OR MORE:   2
MIN  0 OR BELOW:   0    1.00 INCH OR MORE:   0

[HDD (BASE 65) ]
TOTAL THIS MO.     0    CLEAR  (SCALE 0-3)  23
DPTR FM NORMAL     0    PTCLDY (SCALE 4-7)   7
TOTAL FM JUL 1     0    CLOUDY (SCALE 8-10)  0
DPTR FM NORMAL     0

[CDD (BASE 65) ]
TOTAL THIS MO.   244
DPTR FM NORMAL  -146    [PRESSURE DATA]
TOTAL FM JAN 1   769    HIGHEST SLP M ON M
DPTR FM NORMAL   -53    LOWEST  SLP 29.74 ON  1

[REMARKS]
