000
CXUS53 KPAH 290630
CF6MDH
PRELIMINARY LOCAL CLIMATOLOGICAL DATA (WS FORM: F-6)

                                          STATION:   CARBONDALE IL
                                          MONTH:     APRIL
                                          YEAR:      2016
                                          LATITUDE:   37 46 N
                                          LONGITUDE:  89 15 W

  TEMPERATURE IN F:       :PCPN:    SNOW:  WIND      :SUNSHINE: SKY     :PK WND
================================================================================
1   2   3   4   5  6A  6B    7    8   9   10  11  12  13   14  15   16   17  18
                                     12Z  AVG MX 2MIN
DY MAX MIN AVG DEP HDD CDD  WTR  SNW DPTH SPD SPD DIR MIN PSBL S-S WX    SPD DR
================================================================================

 1  60  43  52   1  13   0 0.01    M    0  9.4 23 240   M    M   1        30 250
 2  63  40  52   0  13   0 0.01  0.0    0 12.5 31 310   M    M   1        41 300
 3  66  31  49  -3  16   0 0.00  0.0    0 12.3 24 190   M    M   0        30 220
 4  66  40  53   1  12   0 0.00  0.0    0 10.2 20 210   M    M   0        25 210
 5  58  34  46  -7  19   0 0.00  0.0    0  8.6 16 160   M    M   0        23 160
 6  67  47  57   4   8   0 0.20    M    0 14.5 33 210   M    M   4 13     44 200
 7  61  42  52  -1  13   0 0.07    M    0 11.6 31 310   M    M   3 3      39 320
 8  54  37  46  -8  19   0 0.00  0.0    0 11.2 25 310   M    M   6        35 320
 9  50  29  40 -14  25   0 0.00  0.0    0  7.2 17 340   M    M   1        23 350
10  73  41  57   3   8   0 0.05    M    0 14.4 26 210   M    M   7        34 200
11  69  38  54  -1  11   0 0.94  0.0    0  9.2 21 350   M    M   7 13     28 340
12  57  34  46  -9  19   0 0.00  0.0    0  6.2 15  50   M    M   0        19  60
13  65  33  49  -6  16   0 0.00  0.0    0  3.5 15 110   M    M   0        19 100
14  72  40  56   0   9   0    T  0.0    0  4.2 14  90   M    M   4        20 110
15  76  53  65   9   0   0 0.00  0.0    0  6.9 18 130   M    M   4        24 170
16  77  48  63   7   2   0 0.00  0.0    0  5.9 17 120   M    M   2        22 130
17  80  49  65   8   0   0 0.00  0.0    0  3.6 13 180   M    M   1        16 140
18  80  47  64   7   1   0 0.00  0.0    0  4.8 20 160   M    M   0 1      23 160
19  77  53  65   7   0   0 0.00  0.0    0  3.8 13 190   M    M   0        17 130
20  73  53  63   5   2   0 1.44  0.0    0  5.8 16 170   M    M  10 1      22 160
21  74  55  65   7   0   0 0.32  0.0    0  6.9 26 280   M    M   7 13     36 270
22  72  51  62   4   3   0 0.00  0.0    0  6.9 15  10   M    M   4 18     19 360
23  68  48  58  -1   7   0 0.00  0.0    0  5.3  9  90   M    M   2 18     14  40
24  78  46  62   3   3   0 0.00  0.0    0  6.9 16 160   M    M   1 128    22 170
25  81  55  68   8   0   3 0.00  0.0    0 12.1 25 200   M    M   0        32 200
26  81  58  70  10   0   5 0.78  0.0    0  8.8 31 310   M    M   5 13     44 310
27  76  56  66   6   0   1 0.11  0.0    0  7.5 17 240   M    M   4 13     24 240
28  76  55  66   5   0   1 0.04  0.0    0  6.9 18 240   M    M   1 3      23 230
================================================================================
SM 1950 1256       219  10  3.97     0.0 227.1          M       75
================================================================================
AV 69.6 44.9                               8.1 FASTST   M    M   3    MAX(MPH)
                                 MISC ---->  # 33 210               # 44  200
================================================================================
NOTES:
# LAST OF SEVERAL OCCURRENCES

COLUMN 17 PEAK WIND IN M.P.H.

PRELIMINARY LOCAL CLIMATOLOGICAL DATA (WS FORM: F-6) , PAGE 2

                                          STATION:  CARBONDALE IL
                                          MONTH:    APRIL
                                          YEAR:     2016
                                          LATITUDE:   37 46 N
                                          LONGITUDE:  89 15 W

[TEMPERATURE DATA]      [PRECIPITATION DATA]       SYMBOLS USED IN COLUMN 16

AVERAGE MONTHLY: 57.2   TOTAL FOR MONTH:   3.97    1 = FOG OR MIST
DPTR FM NORMAL:   1.3   DPTR FM NORMAL:    0.18    2 = FOG REDUCING VISIBILITY
HIGHEST:    81 ON 26,25 GRTST 24HR  1.44 ON 20-20      TO 1/4 MILE OR LESS
LOWEST:     29 ON  9                               3 = THUNDER
                        SNOW, ICE PELLETS, HAIL    4 = ICE PELLETS
                        TOTAL MONTH:   0.0 INCH    5 = HAIL
                        GRTST 24HR     0.0         6 = FREEZING RAIN OR DRIZZLE
                        GRTST DEPTH:   0           7 = DUSTSTORM OR SANDSTORM:
                                                       VSBY 1/2 MILE OR LESS
                                                   8 = SMOKE OR HAZE
[NO. OF DAYS WITH]      [WEATHER - DAYS WITH]      9 = BLOWING SNOW
                                                   X = TORNADO
MAX 32 OR BELOW:   0    0.01 INCH OR MORE:  11
MAX 90 OR ABOVE:   0    0.10 INCH OR MORE:   6
MIN 32 OR BELOW:   2    0.50 INCH OR MORE:   3
MIN  0 OR BELOW:   0    1.00 INCH OR MORE:   1

[HDD (BASE 65) ]
TOTAL THIS MO.   219    CLEAR  (SCALE 0-3)  17
DPTR FM NORMAL   -54    PTCLDY (SCALE 4-7)  10
TOTAL FM JUL 1  3635    CLOUDY (SCALE 8-10)  1
DPTR FM NORMAL  -754

[CDD (BASE 65) ]
TOTAL THIS MO.    10
DPTR FM NORMAL   -12    [PRESSURE DATA]
TOTAL FM JAN 1    10    HIGHEST SLP M ON M
DPTR FM NORMAL   -15    LOWEST  SLP 29.60 ON  6

[REMARKS]
