000
CXUS55 KCTP 220700
CF6MDT
PRELIMINARY LOCAL CLIMATOLOGICAL DATA (WS FORM: F-6)

                                          STATION:   HARRISBURG PA
                                          MONTH:     FEBRUARY
                                          YEAR:      2018
                                          LATITUDE:   40 11 N
                                          LONGITUDE:  76 46 W

  TEMPERATURE IN F:       :PCPN:    SNOW:  WIND      :SUNSHINE: SKY     :PK WND
================================================================================
1   2   3   4   5  6A  6B    7    8   9   10  11  12  13   14  15   16   17  18
                                     12Z  AVG MX 2MIN
DY MAX MIN AVG DEP HDD CDD  WTR  SNW DPTH SPD SPD DIR MIN PSBL S-S WX    SPD DR
================================================================================

 1  43  35  39   9  26   0 0.16  0.0    0   M   M   M   M    M   9 1       M  M
 2  39  19  29  -1  36   0 0.06    T    0 19.9 32 310   M    M   7 1      39 300
 3  34  17  26  -4  39   0 0.00  0.0    0  9.4 22 300   M    M   6        27 300
 4  34  31  33   2  32   0 0.88  3.0    T  6.4 18 200   M    M  10 1246   24 200
 5  36  22  29  -2  36   0 0.00  0.0    1 11.5 29 310   M    M   4 1      39 310
 6  35  23  29  -2  36   0 0.00  0.0    T  4.0 12 300   M    M   9        14 300
 7  36  24  30  -1  35   0 0.87  0.3    T  8.0 22 310   M    M   9 146    26 310
 8  30  20  25  -6  40   0 0.00  0.0    T  9.9 20 310   M    M   4        26 300
 9  37  19  28  -3  37   0 0.00  0.0    T  5.5 14 180   M    M   8 18     19 160
10  39  30  35   3  30   0 0.15  0.0    0  0.8  6 280   M    M   9 128     7  40
11  43  35  39   7  26   0 0.51  0.0    0  2.3 13 320   M    M  10 12     14 330
12  46  29  38   6  27   0 0.00  0.0    0 12.0 23 330   M    M   7 1      29 320
13  39  22  31  -1  34   0 0.00  0.0    0  5.2 13 160   M    M   5        18 180
14  45  34  40   8  25   0 0.11  0.0    0  3.0 10 210   M    M   9 1      13 230
15  66  39  53  20  12   0 0.75  0.0    0  2.7 13 210   M    M   8 128    16 200
16  58  35  47  14  18   0 0.24  0.0    0 11.1 26 310   M    M   8 12     35 300
17  39  24  32  -1  33   0 0.34  3.4    0  6.8 18 150   M    M   6 1      25 150
18  44  28  36   2  29   0 0.00  0.0    3  5.8 17 340   M    M   6        24 330
19  45  29  37   3  28   0 0.09  0.0    0  5.3 10 130   M    M   9 1      15 170
20  77  41  59  25   6   0 0.00  0.0    0  1.8 12 190   M    M   8 128    20 220
21  79  43  61  27   4   0 0.02  0.0    0  5.8 18 220   M    M   5 128    27 210
================================================================================
SM  944  599       589   0  4.18     6.7 137.2          M      156
================================================================================
AV 45.0 28.5                               6.9 FASTST   M    M   7    MAX(MPH)
                                 MISC ---->  # 32 310               # 39  300
================================================================================
NOTES:
# LAST OF SEVERAL OCCURRENCES

COLUMN 17 PEAK WIND IN M.P.H.

PRELIMINARY LOCAL CLIMATOLOGICAL DATA (WS FORM: F-6) , PAGE 2

                                          STATION:  HARRISBURG PA
                                          MONTH:    FEBRUARY
                                          YEAR:     2018
                                          LATITUDE:   40 11 N
                                          LONGITUDE:  76 46 W

[TEMPERATURE DATA]      [PRECIPITATION DATA]       SYMBOLS USED IN COLUMN 16

AVERAGE MONTHLY: 36.7   TOTAL FOR MONTH:   4.18    1 = FOG OR MIST
DPTR FM NORMAL:   4.8   DPTR FM NORMAL:    2.43    2 = FOG REDUCING VISIBILITY
HIGHEST:    79 ON 21    GRTST 24HR  0.88 ON  4- 4      TO 1/4 MILE OR LESS
LOWEST:     17 ON  3                               3 = THUNDER
                        SNOW, ICE PELLETS, HAIL    4 = ICE PELLETS
                        TOTAL MONTH:   6.7 INCHES  5 = HAIL
                        GRTST 24HR   3.4 ON 17-17  6 = FREEZING RAIN OR DRIZZLE
                        GRTST DEPTH:   3 ON 18     7 = DUSTSTORM OR SANDSTORM:
                                                       VSBY 1/2 MILE OR LESS
                                                   8 = SMOKE OR HAZE
[NO. OF DAYS WITH]      [WEATHER - DAYS WITH]      9 = BLOWING SNOW
                                                   X = TORNADO
MAX 32 OR BELOW:   1    0.01 INCH OR MORE:  12
MAX 90 OR ABOVE:   0    0.10 INCH OR MORE:   9
MIN 32 OR BELOW:  14    0.50 INCH OR MORE:   4
MIN  0 OR BELOW:   0    1.00 INCH OR MORE:   0

[HDD (BASE 65) ]
TOTAL THIS MO.   589    CLEAR  (SCALE 0-3)   0
DPTR FM NORMAL  -104    PTCLDY (SCALE 4-7)  12
TOTAL FM JUL 1  3565    CLOUDY (SCALE 8-10)  9
DPTR FM NORMAL  -217

[CDD (BASE 65) ]
TOTAL THIS MO.     0
DPTR FM NORMAL     0    [PRESSURE DATA]
TOTAL FM JAN 1     0    HIGHEST SLP M ON M
DPTR FM NORMAL     0    LOWEST  SLP 29.61 ON 16

[REMARKS]
