000
CXUS55 KCTP 301131
CF6MDT
PRELIMINARY LOCAL CLIMATOLOGICAL DATA (WS FORM: F-6)

                                          STATION:   HARRISBURG PA
                                          MONTH:     JUNE
                                          YEAR:      2015
                                          LATITUDE:   40 11 N
                                          LONGITUDE:  76 46 W

  TEMPERATURE IN F:       :PCPN:    SNOW:  WIND      :SUNSHINE: SKY     :PK WND
================================================================================
1   2   3   4   5  6A  6B    7    8   9   10  11  12  13   14  15   16   17  18
                                     12Z  AVG MX 2MIN
DY MAX MIN AVG DEP HDD CDD  WTR  SNW DPTH SPD SPD DIR MIN PSBL S-S WX    SPD DR
================================================================================

 1  80  60  70   3   0   5 0.42  0.0    0  6.0 13  60   M    M   9 138    19  60
 2  61  54  58  -9   7   0 0.55  0.0    0  4.8 12  40   M    M  10 1      15  40
 3  67  57  62  -6   3   0 0.03  0.0    0  6.8 16 110   M    M  10 1      24  70
 4  65  58  62  -6   3   0    T  0.0    0  7.1 14 110   M    M  10        19  60
 5  78  57  68   0   0   3 0.00  0.0    0  3.0  9 110   M    M   8        14  20
 6  79  58  69   0   0   4 0.01  0.0    0  8.1 17 320   M    M   6 1      23 310
 7  76  58  67  -2   0   2 0.00  0.0    0  8.1 17 170   M    M   8        22 150
 8  86  65  76   7   0  11 0.58  0.0    0  8.3 26 290   M    M   8 13     37 270
 9  82  65  74   4   0   9    T  0.0    0  8.1 24 250   M    M   6 1      31 250
10  83  60  72   2   0   7 0.00  0.0    0  4.9 15 200   M    M   2 18     21 210
11  92  69  81  11   0  16 0.00  0.0    0  4.3 16 360   M    M   7 8      22 350
12  91  70  81  10   0  16 0.40  0.0    0  4.6 28 290   M    M   7 138    36 300
13  82  72  77   6   0  12    T  0.0    0  6.3 14 360   M    M   8        19  10
14  88  73  81  10   0  16 0.65  0.0    0  2.7 18 290   M    M   8 138    23 280
15  87  73  80   8   0  15 0.05  0.0    0  7.4 17 220   M    M   8 18     21 220
16  88  72  80   8   0  15 0.00  0.0    0  6.4 25 270   M    M   6        35 260
17  84  67  76   4   0  11 0.04  0.0    M  5.0 14 180   M    M   7 1      17 210
18  81  66  74   2   0   9 0.64  0.0    0  5.9 21 290   M    M   9 138    26 290
19  86  69  78   5   0  13 0.08  0.0    0  5.7 21 360   M    M   6 3      28 350
20  84  69  77   4   0  12 1.63  0.0    0  6.5 18 110   M    M   9 138    21 100
21  87  72  80   7   0  15 0.01  0.0    0 10.0 22 280   M    M   7 18     27 270
22  88  69  79   5   0  14 0.00  0.0    0  6.0 15 290   M    M   5        19 280
23  89  70  80   6   0  15 0.56  0.0    0  7.0 23 350   M    M   8 13     38 360
24  82  63  73  -1   0   8 0.00  0.0    0  6.5 16 310   M    M   3        21 320
25  77  64  71  -3   0   6 0.02  0.0    0  2.4  9 310   M    M   9 18     11  70
26  82  65  74   0   0   9 0.00  0.0    0  3.0  8 190   M    M   9 18     12 350
27  72  60  66  -9   0   1 0.95  0.0    0 11.9 26 120   M    M  10 1      32 120
28  74  60  67  -8   0   2 0.14  0.0    0  7.8 22 290   M    M   9 1      30 260
29  81  56  69  -6   0   4 0.00  0.0    0  4.8 13 220   M    M   4        17 230
================================================================================
SM 2352 1871        13 250  6.76     0.0 179.4          M      216
================================================================================
AV 81.1 64.5                               6.2 FASTST   M    M   7    MAX(MPH)
                                 MISC ---->  # 28 290               # 38  360
================================================================================
NOTES:
# LAST OF SEVERAL OCCURRENCES

COLUMN 17 PEAK WIND IN M.P.H.

PRELIMINARY LOCAL CLIMATOLOGICAL DATA (WS FORM: F-6) , PAGE 2

                                          STATION:  HARRISBURG PA
                                          MONTH:    JUNE
                                          YEAR:     2015
                                          LATITUDE:   40 11 N
                                          LONGITUDE:  76 46 W

[TEMPERATURE DATA]      [PRECIPITATION DATA]       SYMBOLS USED IN COLUMN 16

AVERAGE MONTHLY: 72.8   TOTAL FOR MONTH:   6.76    1 = FOG OR MIST
DPTR FM NORMAL:   1.4   DPTR FM NORMAL:    3.29    2 = FOG REDUCING VISIBILITY
HIGHEST:    92 ON 11    GRTST 24HR  1.64 ON 20-21      TO 1/4 MILE OR LESS
LOWEST:     54 ON  2                               3 = THUNDER
                        SNOW, ICE PELLETS, HAIL    4 = ICE PELLETS
                        TOTAL MONTH:   0.0 INCH    5 = HAIL
                        GRTST 24HR     0.0         6 = FREEZING RAIN OR DRIZZLE
                        GRTST DEPTH:   0           7 = DUSTSTORM OR SANDSTORM:
                                                       VSBY 1/2 MILE OR LESS
                                                   8 = SMOKE OR HAZE
[NO. OF DAYS WITH]      [WEATHER - DAYS WITH]      9 = BLOWING SNOW
                                                   X = TORNADO
MAX 32 OR BELOW:   0    0.01 INCH OR MORE:  17
MAX 90 OR ABOVE:   2    0.10 INCH OR MORE:  10
MIN 32 OR BELOW:   0    0.50 INCH OR MORE:   7
MIN  0 OR BELOW:   0    1.00 INCH OR MORE:   1

[HDD (BASE 65) ]
TOTAL THIS MO.    13    CLEAR  (SCALE 0-3)   1
DPTR FM NORMAL    -4    PTCLDY (SCALE 4-7)  15
TOTAL FM JUL 1  5600    CLOUDY (SCALE 8-10) 13
DPTR FM NORMAL   332

[CDD (BASE 65) ]
TOTAL THIS MO.   250
DPTR FM NORMAL    47    [PRESSURE DATA]
TOTAL FM JAN 1   424    HIGHEST SLP M ON M
DPTR FM NORMAL   156    LOWEST  SLP 29.63 ON  9

[REMARKS]
