000
CXUS55 KFSD 240905
CF6MHE
PRELIMINARY LOCAL CLIMATOLOGICAL DATA (WS FORM: F-6)

                                          STATION:   MITCHELL SD
                                          MONTH:     MARCH
                                          YEAR:      2017
                                          LATITUDE:   43 46 N
                                          LONGITUDE:  98  2 W

  TEMPERATURE IN F:       :PCPN:    SNOW:  WIND      :SUNSHINE: SKY     :PK WND
================================================================================
1   2   3   4   5  6A  6B    7    8   9   10  11  12  13   14  15   16   17  18
                                     12Z  AVG MX 2MIN
DY MAX MIN AVG DEP HDD CDD  WTR  SNW DPTH SPD SPD DIR MIN PSBL S-S WX    SPD DR
================================================================================

 1  34  20  27  -1  38   0 0.02  0.2    0 12.2 24 320   M    M   7 1      30 330
 2  30  18  24  -5  41   0 0.00  0.0    0  7.2 15 350   M    M   5        22 340
 3  45  18  32   3  33   0 0.00  0.0    0 15.5 32 160   M    M   2        39 160
 4  54  27  41  11  24   0 0.00  0.0    0 15.9 30 150   M    M   0        39 160
 5  68  32  50  20  15   0 0.00  0.0    0 10.9 20 150   M    M   0 1      26 180
 6  69  31  50  20  15   0 0.02  0.2    0 21.8 36 290   M    M   4 1      42 290
 7  51  31  41  10  24   0 0.00  0.0    T 21.8 41 310   M    M   1        54 300
 8  44  28  36   5  29   0 0.00  0.0    0 14.3 30 300   M    M   1        36 300
 9  32  10  21 -10  44   0 0.03  0.3    0 11.5 20 360   M    M   9 18     23  40
10  18   7  13 -19  52   0 0.02  0.2    T  9.9 16  40   M    M   8 8      21 350
11  21  16  19 -13  46   0    T  0.1    T  9.2 16 110   M    M  10 18     19 110
12  25  18  22 -10  43   0 0.22  2.2    T 18.4 33 130   M    M  10 12     40 130
13  20   4  12 -21  53   0 0.03  0.4    2 10.5 24 360   M    M   5 18     28  10
14  25  15  20 -13  45   0    T  0.0    2 11.1 17 150   M    M   8 1       M  M
15  42  18  30  -4  35   0 0.00  0.0    M 17.1 25 150   M    M   3        31 140
16  58  33  46  12  19   0 0.00  0.0    0 14.7 26 150   M    M   0        35 140
17  52  28  40   6  25   0 0.00  0.0    0 16.5 33 330   M    M   1        40 320
18  53  22  38   3  27   0 0.00  0.0    0 11.1 21 140   M    M   1        25 140
19  78  41  60  25   5   0 0.00  0.0    0 15.5 28 150   M    M   0        34 170
20  59  33  46  10  19   0 0.00  0.0    0  9.8 18  40   M    M   0        23  40
21  41  29  35  -1  30   0 0.00  0.0    0 11.8 18  20   M    M  10        23  10
22  43  28  36   0  29   0    T    T    0 20.1 32 140   M    M   8 1      39 150
23  52  41  47  10  18   0    T  0.0    0 14.2 25 150   M    M   8 18     31 150
================================================================================
SM 1014  548       709   0  0.34     3.6 321.0          M      101
================================================================================
AV 44.1 23.8                              14.0 FASTST   M    M   4    MAX(MPH)
                                 MISC ---->  # 41 310               # 54  300
================================================================================
NOTES:
# LAST OF SEVERAL OCCURRENCES

COLUMN 17 PEAK WIND IN M.P.H.

PRELIMINARY LOCAL CLIMATOLOGICAL DATA (WS FORM: F-6) , PAGE 2

                                          STATION:  MITCHELL SD
                                          MONTH:    MARCH
                                          YEAR:     2017
                                          LATITUDE:   43 46 N
                                          LONGITUDE:  98  2 W

[TEMPERATURE DATA]      [PRECIPITATION DATA]       SYMBOLS USED IN COLUMN 16

AVERAGE MONTHLY: 34.0   TOTAL FOR MONTH:   0.34    1 = FOG OR MIST
DPTR FM NORMAL:   1.4   DPTR FM NORMAL:   -0.34    2 = FOG REDUCING VISIBILITY
HIGHEST:    78 ON 19    GRTST 24HR  0.22 ON 12-12      TO 1/4 MILE OR LESS
LOWEST:      4 ON 13                               3 = THUNDER
                        SNOW, ICE PELLETS, HAIL    4 = ICE PELLETS
                        TOTAL MONTH:   3.6 INCHES  5 = HAIL
                        GRTST 24HR   2.2 ON   M    6 = FREEZING RAIN OR DRIZZLE
                        GRTST DEPTH:   2 ON 14,13  7 = DUSTSTORM OR SANDSTORM:
                                                       VSBY 1/2 MILE OR LESS
                                                   8 = SMOKE OR HAZE
[NO. OF DAYS WITH]      [WEATHER - DAYS WITH]      9 = BLOWING SNOW
                                                   X = TORNADO
MAX 32 OR BELOW:   7    0.01 INCH OR MORE:   6
MAX 90 OR ABOVE:   0    0.10 INCH OR MORE:   1
MIN 32 OR BELOW:  19    0.50 INCH OR MORE:   0
MIN  0 OR BELOW:   0    1.00 INCH OR MORE:   0

[HDD (BASE 65) ]
TOTAL THIS MO.   709    CLEAR  (SCALE 0-3)  10
DPTR FM NORMAL   -38    PTCLDY (SCALE 4-7)   9
TOTAL FM JUL 1  5443    CLOUDY (SCALE 8-10)  4
DPTR FM NORMAL  -826

[CDD (BASE 65) ]
TOTAL THIS MO.     0
DPTR FM NORMAL     0    [PRESSURE DATA]
TOTAL FM JAN 1     0    HIGHEST SLP M ON M
DPTR FM NORMAL     0    LOWEST  SLP 29.13 ON  6

[REMARKS]
