000
CXUS56 KMFR 281000
CF6MHS
PRELIMINARY LOCAL CLIMATOLOGICAL DATA (WS FORM: F-6)

                                          STATION:   MT SHASTA CITY CA
                                          MONTH:     APRIL
                                          YEAR:      2016
                                          LATITUDE:   41 19 N
                                          LONGITUDE: 122 19 W

  TEMPERATURE IN F:       :PCPN:    SNOW:  WIND      :SUNSHINE: SKY     :PK WND
================================================================================
1   2   3   4   5  6A  6B    7    8   9   10  11  12  13   14  15   16   17  18
                                     12Z  AVG MX 2MIN
DY MAX MIN AVG DEP HDD CDD  WTR  SNW DPTH SPD SPD DIR MIN PSBL S-S WX    SPD DR
================================================================================

 1  75  36  56  11   9   0 0.00    M    M  1.6  8 210   M    M   0 8      14 220
 2  70  45  58  13   7   0 0.00    M    M  1.3  7  90   M    M   5        16 140
 3  69  41  55  10  10   0 0.03    M    M  1.2  9 210   M    M   3        15 200
 4  60  37  49   4  16   0 0.00    M    M  6.0 13 300   M    M   0        24 330
 5  66  37  52   7  13   0 0.00    M    M  4.8 13 300   M    M   0        23  40
 6  84  36  60  15   5   0 0.00    M    M  2.9  9  90   M    M   0        15  70
 7  85  44  65  19   0   0 0.00    M    M  2.2  8 290   M    M   0        14 150
 8  77  42  60  14   5   0 0.00    M    M  1.4  7  90   M    M   1        15  90
 9  66  50  58  12   7   0 0.23    M    M  1.2  7  80   M    M   8 1      14 150
10  62  49  56  10   9   0 0.07    M    M  1.3  7 130   M    M  10 1      14 140
11  66  49  58  12   7   0 0.09    M    M  1.1  7 130   M    M   8 1      14 130
12  58  36  47   1  18   0 0.40    M    M  1.3  8 130   M    M   4 1      13 140
13  58  33  46   0  19   0 0.06    M    M  2.0 10  90   M    M   4        19 210
14  53  34  44  -3  21   0    T    M    M  4.3 13 310   M    M   8        23 330
15  59  37  48   1  17   0 0.00    M    M  4.7 13 350   M    M   3        23 300
16  72  32  52   5  13   0 0.00    M    M  2.5 10 300   M    M   0        16 310
17  80  36  58  11   7   0 0.00    M    M  1.2  9  90   M    M   0        17  90
18  82  38  60  12   5   0 0.00    M    M  1.0  9 210   M    M   0        15 220
19  80  40  60  12   5   0 0.00    M    M  1.0  8 210   M    M   0        14 220
20  71  43  57   9   8   0 0.00    M    M  1.4  9 210   M    M   0        16 220
21  65  47  56   8   9   0 0.02    M    M  0.6  7 120   M    M   4 8      18 230
22  51  36  44  -4  21   0 0.82    M    M  1.1 10  90   M    M   8 1      17 130
23  58  36  47  -2  18   0 0.04    M    M  0.5  7 130   M    M   9 1      13 140
24  56  35  46  -3  19   0 0.13    M    M  6.4 14 330   M    M   4 1      27 360
25  51  34  43  -6  22   0    T    M    M  9.2 18 300   M    M   4        35 300
26  57  31  44  -5  21   0 0.00    M    M  3.3 12 290   M    M   4        19 300
27  59  36  48  -2  17   0 0.01    M    M  4.0 15 330   M    M   7        27 330
================================================================================
SM 1790 1050       328   0  1.90    M     69.5          M       94
================================================================================
AV 66.3 38.9                               2.6 FASTST   M    M   3    MAX(MPH)
                                 MISC ---->  # 18 300               # 35  300
================================================================================
NOTES:
# LAST OF SEVERAL OCCURRENCES

COLUMN 17 PEAK WIND IN M.P.H.

PRELIMINARY LOCAL CLIMATOLOGICAL DATA (WS FORM: F-6) , PAGE 2

                                          STATION:  MT SHASTA CITY CA
                                          MONTH:    APRIL
                                          YEAR:     2016
                                          LATITUDE:   41 19 N
                                          LONGITUDE: 122 19 W

[TEMPERATURE DATA]      [PRECIPITATION DATA]       SYMBOLS USED IN COLUMN 16

AVERAGE MONTHLY: 52.6   TOTAL FOR MONTH:   1.90    1 = FOG OR MIST
DPTR FM NORMAL:   5.7   DPTR FM NORMAL:   -0.81    2 = FOG REDUCING VISIBILITY
HIGHEST:    85 ON  7    GRTST 24HR  0.82 ON 22-22      TO 1/4 MILE OR LESS
LOWEST:     31 ON 26                               3 = THUNDER
                        SNOW, ICE PELLETS, HAIL    4 = ICE PELLETS
                        TOTAL MONTH:    M          5 = HAIL
                        GRTST 24HR    M  ON   M    6 = FREEZING RAIN OR DRIZZLE
                        GRTST DEPTH:  M  ON   M    7 = DUSTSTORM OR SANDSTORM:
                                                       VSBY 1/2 MILE OR LESS
                                                   8 = SMOKE OR HAZE
[NO. OF DAYS WITH]      [WEATHER - DAYS WITH]      9 = BLOWING SNOW
                                                   X = TORNADO
MAX 32 OR BELOW:   0    0.01 INCH OR MORE:  11
MAX 90 OR ABOVE:   0    0.10 INCH OR MORE:   4
MIN 32 OR BELOW:   2    0.50 INCH OR MORE:   1
MIN  0 OR BELOW:   0    1.00 INCH OR MORE:   0

[HDD (BASE 65) ]
TOTAL THIS MO.   328    CLEAR  (SCALE 0-3)  12
DPTR FM NORMAL  -163    PTCLDY (SCALE 4-7)  13
TOTAL FM JUL 1  4471    CLOUDY (SCALE 8-10)  2
DPTR FM NORMAL  -699

[CDD (BASE 65) ]
TOTAL THIS MO.     0
DPTR FM NORMAL     0    [PRESSURE DATA]
TOTAL FM JAN 1     0    HIGHEST SLP M ON M
DPTR FM NORMAL     0    LOWEST  SLP  0.00 ON  3

[REMARKS]
