000
CXUS52 KMFL 281000
CF6MIA
PRELIMINARY LOCAL CLIMATOLOGICAL DATA (WS FORM: F-6)

                                          STATION:   MIAMI
                                          MONTH:     APRIL
                                          YEAR:      2016
                                          LATITUDE:   25 49 N
                                          LONGITUDE:  80 17 W

  TEMPERATURE IN F:       :PCPN:    SNOW:  WIND      :SUNSHINE: SKY     :PK WND
================================================================================
1   2   3   4   5  6A  6B    7    8   9   10  11  12  13   14  15   16   17  18
                                     12Z  AVG MX 2MIN
DY MAX MIN AVG DEP HDD CDD  WTR  SNW DPTH SPD SPD DIR MIN PSBL S-S WX    SPD DR
================================================================================

 1  89  76  83   9   0  18 0.00  0.0    0  9.8 15 160 709   95   4        25 170
 2  91  77  84  10   0  19 0.04  0.0    0  9.3 18 220 620   83   6        25 190
 3  81  71  76   2   0  11    T  0.0    0  7.3 15 340 599   80   7        22 330
 4  83  68  76   2   0  11 0.01  0.0    0  4.6 12  70 607   81   7        15  80
 5  85  67  76   2   0  11 0.00  0.0    0  5.5 15  70 720   96   3        21  80
 6  79  65  72  -3   0   7    T  0.0    0 12.4 25  80 592   79   6        32  60
 7  85  69  77   2   0  12 0.10  0.0    0  6.3 15 250 692   92   5        21 210
 8  84  68  76   1   0  11 0.00  0.0    0  5.9 16 260 728   96   5        21 260
 9  81  67  74  -1   0   9 0.00  0.0    0  7.7 17  80 729   96   3        23  80
10  80  65  73  -2   0   8 0.00  0.0    0 11.3 24  90 714   94   5        30  80
11  82  71  77   2   0  12 0.00  0.0    0 13.9 22  90 719   94   6        31  80
12  84  68  76   1   0  11 0.00  0.0    0  7.3 14 120 724   95   5        22 100
13  84  69  77   2   0  12 0.00  0.0    0  6.8 15  90 718   94   3        22  80
14  85  71  78   2   0  13 0.00  0.0    0  5.8 14 130 694   91   5        23 180
15  87  70  79   3   0  14 0.90  0.0    0  7.6 22  90 696   91   6 13     26 300
16  83  69  76   0   0  11    T  0.0    0  8.9 20  70 663   86   7        26  70
17  80  70  75  -1   0  10 0.01  0.0    0 12.2 21  80 716   93   7        27  60
18  81  67  74  -2   0   9    T  0.0    0  9.2 21  70 712   92   5        27  70
19  81  67  74  -2   0   9 0.00  0.0    0  9.6 18  90 738   95   4        24  80
20  82  69  76   0   0  11 0.00  0.0    0 11.6 22 100 662   86   7        27  80
21  82  72  77   1   0  12    T  0.0    0 14.6 23 120 718   93   6        27 140
22  83  74  79   2   0  14 0.03  0.0    0 11.6 21 110 695   89   7 3      28 160
23  89  73  81   4   0  16 0.00  0.0    0  7.1 15 300 730   94   4        21 300
24  86  68  77   0   0  12 0.00  0.0    0 10.1 20  80 749   96   3        26  80
25  85  73  79   2   0  14 0.00  0.0    0 11.5 21  90 685   88   6        27 100
26  83  70  77   0   0  12 0.00  0.0    0  9.2 17 110 743   95   3        23 140
27  84  71  78   1   0  13 0.00  0.0    0  8.8 16 130 748   95   4        24 120
================================================================================
SM 2259 1885         0 322  1.09     0.0 245.9        18820    139
================================================================================
AV 83.7 69.8                               9.1 FASTST  697  91   5    MAX(MPH)
                                 MISC ---->  # 25  80               # 32   60
================================================================================
NOTES:
# LAST OF SEVERAL OCCURRENCES

COLUMN 17 PEAK WIND IN M.P.H.

PRELIMINARY LOCAL CLIMATOLOGICAL DATA (WS FORM: F-6) , PAGE 2

                                          STATION:  MIAMI
                                          MONTH:    APRIL
                                          YEAR:     2016
                                          LATITUDE:   25 49 N
                                          LONGITUDE:  80 17 W

[TEMPERATURE DATA]      [PRECIPITATION DATA]       SYMBOLS USED IN COLUMN 16

AVERAGE MONTHLY: 76.7   TOTAL FOR MONTH:   1.09    1 = FOG OR MIST
DPTR FM NORMAL:   1.2   DPTR FM NORMAL:   -1.76    2 = FOG REDUCING VISIBILITY
HIGHEST:    91 ON  2    GRTST 24HR  0.90 ON 15-15      TO 1/4 MILE OR LESS
LOWEST:     65 ON 10, 6                            3 = THUNDER
                        SNOW, ICE PELLETS, HAIL    4 = ICE PELLETS
                        TOTAL MONTH:   0.0 INCH    5 = HAIL
                        GRTST 24HR     0.0         6 = FREEZING RAIN OR DRIZZLE
                        GRTST DEPTH:   0           7 = DUSTSTORM OR SANDSTORM:
                                                       VSBY 1/2 MILE OR LESS
                                                   8 = SMOKE OR HAZE
[NO. OF DAYS WITH]      [WEATHER - DAYS WITH]      9 = BLOWING SNOW
                                                   X = TORNADO
MAX 32 OR BELOW:   0    0.01 INCH OR MORE:   6
MAX 90 OR ABOVE:   1    0.10 INCH OR MORE:   2
MIN 32 OR BELOW:   0    0.50 INCH OR MORE:   1
MIN  0 OR BELOW:   0    1.00 INCH OR MORE:   0

[HDD (BASE 65) ]
TOTAL THIS MO.     0    CLEAR  (SCALE 0-3)   2
DPTR FM NORMAL     0    PTCLDY (SCALE 4-7)  25
TOTAL FM JUL 1    67    CLOUDY (SCALE 8-10)  0
DPTR FM NORMAL   -60

[CDD (BASE 65) ]
TOTAL THIS MO.   322
DPTR FM NORMAL    36    [PRESSURE DATA]
TOTAL FM JAN 1   943    HIGHEST SLP M ON M
DPTR FM NORMAL    88    LOWEST  SLP 29.87 ON M

[REMARKS]
