000
CXUS53 KMPX 011000
CF6MIC
PRELIMINARY LOCAL CLIMATOLOGICAL DATA (WS FORM: F-6)

                                          STATION:   MINNEAPOLIS CRYSTAL MN
                                          MONTH:     MAY
                                          YEAR:      2015
                                          LATITUDE:   45  4 N
                                          LONGITUDE:  93 21 W

  TEMPERATURE IN F:       :PCPN:    SNOW:  WIND      :SUNSHINE: SKY     :PK WND
================================================================================
1   2   3   4   5  6A  6B    7    8   9   10  11  12  13   14  15   16   17  18
                                     12Z  AVG MX 2MIN
DY MAX MIN AVG DEP HDD CDD  WTR  SNW DPTH SPD SPD DIR MIN PSBL S-S WX    SPD DR
================================================================================

 1  67  45  56   3   9   0 0.01    M    M  7.1 17 170   M    M   5        21 170
 2  81  50  66  12   0   1 0.00    M    M  8.9 18 190   M    M   0        26 180
 3  82  54  68  14   0   3 0.41    M    M  7.9 39 300   M    M   1 13     56 290
 4  73  44  59   5   6   0 0.00    M    M  6.1 16 360   M    M   0        25  30
 5  74  41  58   3   7   0    T    M    M  9.8 24 140   M    M   4        31 150
 6  77  56  67  12   0   2 0.02    M    M 12.3 28 140   M    M   6 18     40 140
 7  74  61  68  12   0   3 0.50    M    M 10.4 20 150   M    M   9 13     27 180
 8  61  47  54  -2  11   0 0.00    M    M  8.6 18 300   M    M   6 8      22 290
 9  68  42  55  -1  10   0 0.00    M    M  8.0 18  30   M    M   0        26  20
10  59  47  53  -3  12   0 0.64    M    M  9.5 20  60   M    M   8 13     29  80
11  54  44  49  -8  16   0 0.04    M    M 10.4 20 290   M    M  10 18     27 270
12  57  38  48  -9  17   0 0.01    M    M 11.5 24 320   M    M   4 1      32 320
13  67  44  56  -2   9   0 0.00    M    M 11.5 21 150   M    M   4        28 140
14  59  52  56  -2   9   0 0.32    M    M  8.5 18 120   M    M   8 1      25 120
15  66  52  59   1   6   0 0.00    M    M  4.9 10  20   M    M   7 1      15 330
16  77  57  67   9   0   2 0.02    M    M 10.1 21 130   M    M   7 3      27 110
17  76  47  62   3   3   0 0.29    M    M 16.5 31 220   M    M   8 38     45 220
18  47  40  44 -15  21   0    T    M    M 16.8 28 240   M    M  10 18     41 240
19  59  36  48 -11  17   0    T    M    M  5.7 16 340   M    M   4        23 340
20  62  35  49 -11  16   0 0.00    M    M  3.7 15 320   M    M   0        19 290
21  74  42  58  -2   7   0 0.00    M    M  8.1 20 320   M    M   0        26 330
22  75  41  58  -2   7   0 0.00    M    M  1.8 10 170   M    M   0        14 170
23  71  45  58  -3   7   0    T    M    M  4.3 14  20   M    M   4 8      16  10
24  65  58  62   1   3   0 0.41    M    M  6.5 13  80   M    M  10 1      18  80
25  72  57  65   4   0   0 0.18    M    M  7.4 17 230   M    M   8 1      24 210
26  60  53  57  -5   8   0 0.66    M    M  5.4 12 350   M    M   7 12     15  10
27  85  53  69   7   0   4    T    M    M  5.3 15 240   M    M   0 1      18 240
28  86  57  72  10   0   7 0.00    M    M  9.6 22 160   M    M   1 1      30 180
29  72  54  63   0   2   0 0.73    M    M  9.6 20 360   M    M   9 1      27 350
30  66  47  57  -6   8   0 0.00    M    M  9.9 17  10   M    M   1        24 360
31  65  41  53 -10  12   0 0.00    M    M  5.1 13  70   M    M   0        17  80
================================================================================
SM 2131 1480       223  22  4.24    M    261.2          M      141
================================================================================
AV 68.7 47.7                               8.4 FASTST   M    M   5    MAX(MPH)
                                 MISC ---->  # 39 300               # 56  290
================================================================================
NOTES:
# LAST OF SEVERAL OCCURRENCES

COLUMN 17 PEAK WIND IN M.P.H.

PRELIMINARY LOCAL CLIMATOLOGICAL DATA (WS FORM: F-6) , PAGE 2

                                          STATION:  MINNEAPOLIS CRYSTAL MN
                                          MONTH:    MAY
                                          YEAR:     2015
                                          LATITUDE:   45  4 N
                                          LONGITUDE:  93 21 W

[TEMPERATURE DATA]      [PRECIPITATION DATA]       SYMBOLS USED IN COLUMN 16

AVERAGE MONTHLY: 58.2   TOTAL FOR MONTH:   4.24    1 = FOG OR MIST
DPTR FM NORMAL:  -0.2   DPTR FM NORMAL:    0.32    2 = FOG REDUCING VISIBILITY
HIGHEST:    86 ON 28    GRTST 24HR  0.73 ON 29-29      TO 1/4 MILE OR LESS
LOWEST:     35 ON 20                               3 = THUNDER
                        SNOW, ICE PELLETS, HAIL    4 = ICE PELLETS
                        TOTAL MONTH:    M          5 = HAIL
                        GRTST 24HR    M  ON   M    6 = FREEZING RAIN OR DRIZZLE
                        GRTST DEPTH:  M  ON   M    7 = DUSTSTORM OR SANDSTORM:
                                                       VSBY 1/2 MILE OR LESS
                                                   8 = SMOKE OR HAZE
[NO. OF DAYS WITH]      [WEATHER - DAYS WITH]      9 = BLOWING SNOW
                                                   X = TORNADO
MAX 32 OR BELOW:   0    0.01 INCH OR MORE:  14
MAX 90 OR ABOVE:   0    0.10 INCH OR MORE:   9
MIN 32 OR BELOW:   0    0.50 INCH OR MORE:   4
MIN  0 OR BELOW:   0    1.00 INCH OR MORE:   0

[HDD (BASE 65) ]
TOTAL THIS MO.   223    CLEAR  (SCALE 0-3)  11
DPTR FM NORMAL   -15    PTCLDY (SCALE 4-7)  15
TOTAL FM JUL 1  7451    CLOUDY (SCALE 8-10)  5
DPTR FM NORMAL  -224

[CDD (BASE 65) ]
TOTAL THIS MO.    22
DPTR FM NORMAL   -13    [PRESSURE DATA]
TOTAL FM JAN 1    23    HIGHEST SLP 30.46 ON 19
DPTR FM NORMAL   -15    LOWEST  SLP 29.50 ON 17

[REMARKS]
#FINAL-05-15#
