000
CXUS53 KIND 220730
CF6MIE
PRELIMINARY LOCAL CLIMATOLOGICAL DATA (WS FORM: F-6)

                                          STATION:   MUNCIE IN
                                          MONTH:     NOVEMBER
                                          YEAR:      2017
                                          LATITUDE:   40 13 N
                                          LONGITUDE:  85 23 W

  TEMPERATURE IN F:       :PCPN:    SNOW:  WIND      :SUNSHINE: SKY     :PK WND
================================================================================
1   2   3   4   5  6A  6B    7    8   9   10  11  12  13   14  15   16   17  18
                                     12Z  AVG MX 2MIN
DY MAX MIN AVG DEP HDD CDD  WTR  SNW DPTH SPD SPD DIR MIN PSBL S-S WX    SPD DR
================================================================================

 1  59  35  47  -2  18   0 0.78    M    M  5.2 18 210   M    M  10 1      32 180
 2  67  59  63  15   2   0 0.09    M    M 10.6 20 210   M    M   9 1      28 220
 3  65  42  54   6  11   0 0.10    M    M  9.3 16 360   M    M   3 1      21  80
 4  63  40  52   4  13   0 0.01    M    M  7.3 13 150   M    M   8 18     18 130
 5  71  54  63  16   2   0 2.12    M    M  9.1 30 260   M    M  10 13     45 250
 6  54  43  49   2  16   0 0.01    M    M  8.6 16 360   M    M   7 1      22 350
 7  51  42  47   1  18   0 0.02    M    M 10.0 22  80   M    M   9        28 360
 8  52  30  41  -5  24   0 0.00    M    M  2.5  9  50   M    M   1 1      14  50
 9  55  27  41  -5  24   0 0.00    M    M  7.9 21 280   M    M   2 18     31 280
10  33  24  29 -16  36   0 0.00    M    M  8.5 16  60   M    M   0        24  70
11  41  22  32 -13  33   0 0.00    M    M  5.7 12 130   M    M   2        16 110
12  46  36  41  -3  24   0 0.30    M    M  5.7 14 350   M    M  10 1      17 340
13  46  35  41  -3  24   0 0.02    M    M  3.1 10 310   M    M  10 18     13 320
14  51  30  41  -3  24   0 0.00    M    M  5.6 13 140   M    M   2 12     22 150
15  50  41  46   3  19   0 0.23    M    M 11.3 22 210   M    M   8 1      33 200
16  44  34  39  -4  26   0 0.00    M    M  9.5 25 290   M    M   9        33 290
17  50  36  43   1  22   0 0.15    M    M 10.2 22 170   M    M   6        30 190
18  64  41  53  11  12   0 1.94    M    M 16.1 32 330   M    M  10 13     40 340
19  41  29  35  -6  30   0 0.00    M    M 12.7 22 260   M    M   7        31 300
20  49  27  38  -3  27   0 0.00    M    M 12.3 21 190   M    M   0        31 190
21  54  32  43   3  22   0 0.01    M    M 14.2 22 300   M    M   2        31 320
================================================================================
SM 1106  759       427   0  5.78    M    185.4          M      125
================================================================================
AV 52.7 36.1                               8.8 FASTST   M    M   6    MAX(MPH)
                                 MISC ---->  # 32 330               # 45  250
================================================================================
NOTES:
# LAST OF SEVERAL OCCURRENCES

COLUMN 17 PEAK WIND IN M.P.H.

PRELIMINARY LOCAL CLIMATOLOGICAL DATA (WS FORM: F-6) , PAGE 2

                                          STATION:  MUNCIE IN
                                          MONTH:    NOVEMBER
                                          YEAR:     2017
                                          LATITUDE:   40 13 N
                                          LONGITUDE:  85 23 W

[TEMPERATURE DATA]      [PRECIPITATION DATA]       SYMBOLS USED IN COLUMN 16

AVERAGE MONTHLY: 44.4   TOTAL FOR MONTH:   5.78    1 = FOG OR MIST
DPTR FM NORMAL:  -0.3   DPTR FM NORMAL:    3.37    2 = FOG REDUCING VISIBILITY
HIGHEST:    71 ON  5    GRTST 24HR  2.12 ON  5- 5      TO 1/4 MILE OR LESS
LOWEST:     22 ON 11                               3 = THUNDER
                        SNOW, ICE PELLETS, HAIL    4 = ICE PELLETS
                        TOTAL MONTH:    M          5 = HAIL
                        GRTST 24HR    M  ON   M    6 = FREEZING RAIN OR DRIZZLE
                        GRTST DEPTH:  M  ON   M    7 = DUSTSTORM OR SANDSTORM:
                                                       VSBY 1/2 MILE OR LESS
                                                   8 = SMOKE OR HAZE
[NO. OF DAYS WITH]      [WEATHER - DAYS WITH]      9 = BLOWING SNOW
                                                   X = TORNADO
MAX 32 OR BELOW:   0    0.01 INCH OR MORE:  13
MAX 90 OR ABOVE:   0    0.10 INCH OR MORE:   7
MIN 32 OR BELOW:   8    0.50 INCH OR MORE:   3
MIN  0 OR BELOW:   0    1.00 INCH OR MORE:   2

[HDD (BASE 65) ]
TOTAL THIS MO.   427    CLEAR  (SCALE 0-3)   8
DPTR FM NORMAL     0    PTCLDY (SCALE 4-7)   4
TOTAL FM JUL 1   722    CLOUDY (SCALE 8-10)  9
DPTR FM NORMAL  -169

[CDD (BASE 65) ]
TOTAL THIS MO.     0
DPTR FM NORMAL     0    [PRESSURE DATA]
TOTAL FM JAN 1  1090    HIGHEST SLP M ON M
DPTR FM NORMAL   135    LOWEST  SLP 29.22 ON 18

[REMARKS]
