000
CXUS53 KMKX 290900
CF6MKE
PRELIMINARY LOCAL CLIMATOLOGICAL DATA (WS FORM: F-6)

                                          STATION:   MILWAUKEE  WI
                                          MONTH:     JUNE
                                          YEAR:      2017
                                          LATITUDE:   42 57 N
                                          LONGITUDE:  87 54 W

  TEMPERATURE IN F:       :PCPN:    SNOW:  WIND      :SUNSHINE: SKY     :PK WND
================================================================================
1   2   3   4   5  6A  6B    7    8   9   10  11  12  13   14  15   16   17  18
                                     12Z  AVG MX 2MIN
DY MAX MIN AVG DEP HDD CDD  WTR  SNW DPTH SPD SPD DIR MIN PSBL S-S WX    SPD DR
================================================================================

 1  77  48  63   2   2   0 0.00  0.0    0  6.5 17 140   M    M   1        21 150
 2  82  58  70   9   0   5 0.00  0.0    0  8.4 18 130   M    M   3        21 140
 3  83  61  72  10   0   7 0.26  0.0    0  9.7 18 200   M    M   5 13     26 330
 4  89  68  79  17   0  14 0.32  0.0    0  9.3 18 290   M    M   5 38     27 290
 5  71  54  63   1   2   0 0.00  0.0    0 15.2 26  20   M    M   2 12     35  20
 6  68  55  62  -1   3   0 0.00  0.0    0 12.4 17  30   M    M   2        23  30
 7  74  51  63   0   2   0 0.00  0.0    0  3.2 14  80   M    M   3        19  80
 8  81  54  68   4   0   3    T  0.0    0  6.6 14 170   M    M   6        17 150
 9  77  59  68   4   0   3 0.00  0.0    0  7.4 17  30   M    M   3        21  30
10  90  59  75  11   0  10 0.00  0.0    0 16.9 31 220   M    M   4        41 220
11  92  74  83  18   0  18 0.00  0.0    0 14.4 23 230   M    M   5        28 190
12  94  67  81  16   0  16 0.03  0.0    0 13.4 30 310   M    M   5 13     40 310
13  76  59  68   2   0   3    T  0.0    0  5.2 18 310   M    M   6 13     24 310
14  87  60  74   8   0   9 0.05  0.0    0  9.6 18 130   M    M   6 3      24 180
15  91  69  80  14   0  15 0.00  0.0    0  8.2 18 300   M    M   6 3      25 290
16  86  72  79  12   0  14 0.04  0.0    0 11.0 21 240   M    M   8        28 260
17  86  66  76   9   0  11 0.83  0.0    0  6.3 17 300   M    M   8 13     23 300
18  79  67  73   6   0   8    T  0.0    0 12.8 25 280   M    M   6 1      33 280
19  78  60  69   1   0   4 0.11  0.0    0  8.6 29 310   M    M   6 3      39 310
20  74  56  65  -3   0   0 0.22  0.0    0  7.0 23 330   M    M   3 13     31 320
21  74  57  66  -2   0   1 0.00  0.0    0  7.2 17 140   M    M   5        21 150
22  87  66  77   9   0  12 0.05  0.0    0  9.3 25 230   M    M   7 3      31 220
23  82  65  74   5   0   9 1.42  0.0    0 11.6 22 300   M    M   7 13     29 300
24  74  56  65  -4   0   0    T  0.0    0 13.3 26 270   M    M   3        36 260
25  72  53  63  -6   2   0 0.02  0.0    0 12.2 23 290   M    M   4        30 280
26  69  54  62  -8   3   0    T  0.0    0 11.5 23 300   M    M   5        32 300
27  77  54  66  -4   0   1 0.00  0.0    0  8.6 17 290   M    M   4        22 290
28  75  57  66  -4   0   1 1.67  0.0    0 11.7 25 300   M    M   8 13     35 310
================================================================================
SM 2245 1679        14 164  5.02     0.0 277.5          M      136
================================================================================
AV 80.2 60.0                               9.9 FASTST   M    M   5    MAX(MPH)
                                 MISC ---->  # 31 220               # 41  220
================================================================================
NOTES:
# LAST OF SEVERAL OCCURRENCES

COLUMN 17 PEAK WIND IN M.P.H.

PRELIMINARY LOCAL CLIMATOLOGICAL DATA (WS FORM: F-6) , PAGE 2

                                          STATION:  MILWAUKEE  WI
                                          MONTH:    JUNE
                                          YEAR:     2017
                                          LATITUDE:   42 57 N
                                          LONGITUDE:  87 54 W

[TEMPERATURE DATA]      [PRECIPITATION DATA]       SYMBOLS USED IN COLUMN 16

AVERAGE MONTHLY: 70.1   TOTAL FOR MONTH:   5.02    1 = FOG OR MIST
DPTR FM NORMAL:   4.2   DPTR FM NORMAL:    1.38    2 = FOG REDUCING VISIBILITY
HIGHEST:    94 ON 12    GRTST 24HR  1.67 ON 28-28      TO 1/4 MILE OR LESS
LOWEST:     48 ON  1                               3 = THUNDER
                        SNOW, ICE PELLETS, HAIL    4 = ICE PELLETS
                        TOTAL MONTH:   0.0 INCH    5 = HAIL
                        GRTST 24HR     0.0         6 = FREEZING RAIN OR DRIZZLE
                        GRTST DEPTH:   0           7 = DUSTSTORM OR SANDSTORM:
                                                       VSBY 1/2 MILE OR LESS
                                                   8 = SMOKE OR HAZE
[NO. OF DAYS WITH]      [WEATHER - DAYS WITH]      9 = BLOWING SNOW
                                                   X = TORNADO
MAX 32 OR BELOW:   0    0.01 INCH OR MORE:  12
MAX 90 OR ABOVE:   4    0.10 INCH OR MORE:   7
MIN 32 OR BELOW:   0    0.50 INCH OR MORE:   3
MIN  0 OR BELOW:   0    1.00 INCH OR MORE:   2

[HDD (BASE 65) ]
TOTAL THIS MO.    14    CLEAR  (SCALE 0-3)   4
DPTR FM NORMAL   -68    PTCLDY (SCALE 4-7)  24
TOTAL FM JUL 1  5634    CLOUDY (SCALE 8-10)  0
DPTR FM NORMAL -1258

[CDD (BASE 65) ]
TOTAL THIS MO.   164
DPTR FM NORMAL    57    [PRESSURE DATA]
TOTAL FM JAN 1   185    HIGHEST SLP M ON M
DPTR FM NORMAL    48    LOWEST  SLP 29.48 ON 18

[REMARKS]
