000
CXHW52 PHFO 271250
CF6MKK
PRELIMINARY LOCAL CLIMATOLOGICAL DATA (WS FORM: F-6)

                                          STATION:   MOLOKAI HI
                                          MONTH:     FEBRUARY
                                          YEAR:      2015
                                          LATITUDE:   21  8 N
                                          LONGITUDE: 157  6 W

  TEMPERATURE IN F:       :PCPN:    SNOW:  WIND      :SUNSHINE: SKY     :PK WND
================================================================================
1   2   3   4   5  6A  6B    7    8   9   10  11  12  13   14  15   16   17  18
                                     12Z  AVG MX 2MIN
DY MAX MIN AVG DEP HDD CDD  WTR  SNW DPTH SPD SPD DIR MIN PSBL S-S WX    SPD DR
================================================================================

 1  77  62  70   0   0   5 0.03  0.0    0  6.7 17  30   M    M   3        22  30
 2  80  59  70   0   0   5 0.02  0.0    0 14.3 28 170   M    M   6        36 170
 3  79  71  75   5   0  10 0.25  0.0    0 12.5 23 180   M    M   9 1      30 180
 4  81  70  76   6   0  11 0.19  0.0    0 11.3 21 190   M    M   5 1      28 190
 5  77  59  68  -2   0   3 0.17  0.0    0  6.6 17 310   M    M   8 1      23 300
 6  77  55  66  -4   0   1 0.01  0.0    0  7.0 20 220   M    M   2        24 200
 7  76  56  66  -4   0   1 0.02  0.0    0  6.9 16 360   M    M   4        21 340
 8  77  62  70   0   0   5 0.03  0.0    0  5.5 15 170   M    M   7        20 170
 9  79  68  74   4   0   9 0.02  0.0    0 14.5 25 170   M    M   4        32 160
10  80  64  72   2   0   7 0.06  0.0    0  9.9 18 260   M    M   5        28 260
11  79  60  70   0   0   5 0.05  0.0    0  6.1 16 250   M    M   6        22 290
12  78  57  68  -2   0   3 0.07  0.0    0  4.8 14 180   M    M   4        18 150
13  80  71  76   6   0  11 0.02  0.0    0 17.2 29 170   M    M   9        35 170
14  77  65  71   1   0   6 0.67  0.0    0 17.6 35 180   M    M   9 1      48 190
15  75  57  66  -4   0   1 0.01  0.0    0  8.9 17 350   M    M   4        23 360
16  79  53  66  -4   0   1 0.02  0.0    0  5.0 13 200   M    M   2        17 160
17  80  57  69  -1   0   4 0.00  0.0    0  3.7 13 340   M    M   1        16  10
18  80  56  68  -2   0   3 0.02  0.0    0  2.9 13  60   M    M   4        16 140
19  79  63  71   1   0   6 0.07  0.0    0 11.4 26 160   M    M   5 8      32 170
20  77  64  71   1   0   6 0.38  0.0    0  6.7 14 330   M    M   8 1      18 320
21  76  64  70   0   0   5 0.02  0.0    0 10.3 18  30   M    M   3 1      26  30
22  82  63  73   3   0   8 0.00  0.0    0  5.1 14 160   M    M   2        23 130
23  83  62  73   3   0   8 0.05  0.0    0  5.6 15  30   M    M   2        21  40
24  79  58  69  -1   0   4 0.04  0.0    0  9.6 23  50   M    M   2        32  50
25  77  66  72   2   0   7 0.09  0.0    0 12.9 24  40   M    M   5        35  40
26  82  64  73   3   0   8 0.10  0.0    0  5.3 16 320   M    M   4 1      21  10
================================================================================
SM 2046 1606         0 143  2.41     0.0 228.3          M      123
================================================================================
AV 78.7 61.8                               8.8 FASTST   M    M   5    MAX(MPH)
                                 MISC ---->  # 35 180               # 48  190
================================================================================
NOTES:
# LAST OF SEVERAL OCCURRENCES

COLUMN 17 PEAK WIND IN M.P.H.

PRELIMINARY LOCAL CLIMATOLOGICAL DATA (WS FORM: F-6) , PAGE 2

                                          STATION:  MOLOKAI HI
                                          MONTH:    FEBRUARY
                                          YEAR:     2015
                                          LATITUDE:   21  8 N
                                          LONGITUDE: 157  6 W

[TEMPERATURE DATA]      [PRECIPITATION DATA]       SYMBOLS USED IN COLUMN 16

AVERAGE MONTHLY: 70.2   TOTAL FOR MONTH:   2.41    1 = FOG OR MIST
DPTR FM NORMAL:   0.2   DPTR FM NORMAL:   -0.57    2 = FOG REDUCING VISIBILITY
HIGHEST:    83 ON 23    GRTST 24HR  0.69 ON 13-14      TO 1/4 MILE OR LESS
LOWEST:     53 ON 16                               3 = THUNDER
                        SNOW, ICE PELLETS, HAIL    4 = ICE PELLETS
                        TOTAL MONTH:   0.0 INCH    5 = HAIL
                        GRTST 24HR     0.0         6 = FREEZING RAIN OR DRIZZLE
                        GRTST DEPTH:   0           7 = DUSTSTORM OR SANDSTORM:
                                                       VSBY 1/2 MILE OR LESS
                                                   8 = SMOKE OR HAZE
[NO. OF DAYS WITH]      [WEATHER - DAYS WITH]      9 = BLOWING SNOW
                                                   X = TORNADO
MAX 32 OR BELOW:   0    0.01 INCH OR MORE:  24
MAX 90 OR ABOVE:   0    0.10 INCH OR MORE:   6
MIN 32 OR BELOW:   0    0.50 INCH OR MORE:   1
MIN  0 OR BELOW:   0    1.00 INCH OR MORE:   0

[HDD (BASE 65) ]
TOTAL THIS MO.     0    CLEAR  (SCALE 0-3)   6
DPTR FM NORMAL     0    PTCLDY (SCALE 4-7)  17
TOTAL FM JUL 1     0    CLOUDY (SCALE 8-10)  3
DPTR FM NORMAL    -1

[CDD (BASE 65) ]
TOTAL THIS MO.   143
DPTR FM NORMAL    13    [PRESSURE DATA]
TOTAL FM JAN 1   261    HIGHEST SLP M ON M
DPTR FM NORMAL   -42    LOWEST  SLP 29.66 ON 14

[REMARKS]
