000
CXUS54 KFWD 230730
CF6MKN
PRELIMINARY LOCAL CLIMATOLOGICAL DATA (WS FORM: F-6)

                                          STATION:   COMANCHE
                                          MONTH:     APRIL
                                          YEAR:      2014
                                          LATITUDE:   31 55 N
                                          LONGITUDE:  98 36 W

  TEMPERATURE IN F:       :PCPN:    SNOW:  WIND      :SUNSHINE: SKY     :PK WND
================================================================================
1   2   3   4   5  6A  6B    7    8   9   10  11  12  13   14  15   16   17  18
                                     12Z  AVG MX 2MIN
DY MAX MIN AVG DEP HDD CDD  WTR  SNW DPTH SPD SPD DIR MIN PSBL S-S WX    SPD DR
================================================================================

 1  84  61  73   M   0   8 0.00  0.0    0 13.2 20 160   M    M   2        25 210
 2  80  68  74   M   0   9 0.00  0.0    0 11.5 20 170   M    M   7        27 170
 3  90  64  77   M   0  12 0.01  0.0    0 11.8 18 180   M    M   2 3      25 180
 4  69  42  56   M   9   0 0.00  0.0    0 12.1 27 350   M    M   1        31 350
 5  63  48  56   M   9   0 0.00  0.0    0  7.2 13 100   M    M   6        23 100
 6  52  46  49   M  16   0 0.23  0.0    0  6.4 13  10   M    M   8 1       M  M
 7  68  44  56   M   9   0 0.04  0.0    0  4.7  9 270   M    M   7 123     M  M
 8  73  47  60   M   5   0 0.00  0.0    0 11.3 22 340   M    M   0        31 330
 9  86  46  66   M   0   1 0.00  0.0    0 10.4 18 190   M    M   0        23 190
10  91  62  77   M   0  12 0.00  0.0    0 18.8 25 210   M    M   0        37 210
11  90  60  75   M   0  10 0.00  0.0    0 10.7 15 150   M    M   0        22 190
12  84  63  74   M   0   9 0.00  0.0    0 15.4 23 190   M    M   0        28 190
13  79  62  71   M   0   6 0.21  0.0    0 12.9 22 170   M    M   5 3      30 180
14  69  42  56   M   9   0 0.00  0.0    0 20.6 31 350   M    M   6        39 350
15  64  35  50   M  15   0 0.00  0.0    0  5.5 10 160   M    M   0         M  M
16  72  41  57   M   8   0 0.00  0.0    0 14.7 23 170   M    M   0        31 170
17  60  51  56   M   9   0 0.03  0.0    0  6.6 13 120   M    M   9 1      17 120
18  75  55  65   M   0   0 0.00  0.0    0  3.6  7 130   M    M   6 1       M  M
19  76  51  64   M   1   0 0.00  0.0    0  7.2 13 150   M    M   1        17 140
20  73  58  66   M   0   1 0.15  0.0    0  7.8 14 160   M    M   8 3      22 170
21  87  62  75   M   0  10 0.00  0.0    0  7.5 14  10   M    M   5 3      23 230
22  83  60  72   M   0   7 0.00  0.0    0  6.0 10  30   M    M   1 8      18  60
================================================================================
SM 1668 1168        90  85  0.67     0.0 225.9          M       74
================================================================================
AV 75.8 53.1                              10.3 FASTST   M    M   3    MAX(MPH)
                                 MISC ---->    31   M                 39    M
================================================================================
NOTES:
# LAST OF SEVERAL OCCURRENCES

COLUMN 17 PEAK WIND IN M.P.H.

PRELIMINARY LOCAL CLIMATOLOGICAL DATA (WS FORM: F-6) , PAGE 2

                                          STATION:  COMANCHE
                                          MONTH:    APRIL
                                          YEAR:     2014
                                          LATITUDE:   31 55 N
                                          LONGITUDE:  98 36 W

[TEMPERATURE DATA]      [PRECIPITATION DATA]       SYMBOLS USED IN COLUMN 16

AVERAGE MONTHLY: 64.5   TOTAL FOR MONTH:   0.67    1 = FOG OR MIST
DPTR FM NORMAL:     M   DPTR FM NORMAL:   -1.03    2 = FOG REDUCING VISIBILITY
HIGHEST:    91 ON 10    GRTST 24HR  0.23 ON  6- 6      TO 1/4 MILE OR LESS
LOWEST:     35 ON 15                               3 = THUNDER
                        SNOW, ICE PELLETS, HAIL    4 = ICE PELLETS
                        TOTAL MONTH:   0.0 INCH    5 = HAIL
                        GRTST 24HR     0.0         6 = FREEZING RAIN OR DRIZZLE
                        GRTST DEPTH:   0           7 = DUSTSTORM OR SANDSTORM:
                                                       VSBY 1/2 MILE OR LESS
                                                   8 = SMOKE OR HAZE
[NO. OF DAYS WITH]      [WEATHER - DAYS WITH]      9 = BLOWING SNOW
                                                   X = TORNADO
MAX 32 OR BELOW:   0    0.01 INCH OR MORE:   6
MAX 90 OR ABOVE:   3    0.10 INCH OR MORE:   3
MIN 32 OR BELOW:   0    0.50 INCH OR MORE:   0
MIN  0 OR BELOW:   0    1.00 INCH OR MORE:   0

[HDD (BASE 65) ]
TOTAL THIS MO.    90    CLEAR  (SCALE 0-3)  12
DPTR FM NORMAL     M    PTCLDY (SCALE 4-7)   8
TOTAL FM JUL 1  2512    CLOUDY (SCALE 8-10)  2
DPTR FM NORMAL     M

[CDD (BASE 65) ]
TOTAL THIS MO.    85
DPTR FM NORMAL     M    [PRESSURE DATA]
TOTAL FM JAN 1   122    HIGHEST SLP M ON M
DPTR FM NORMAL     M    LOWEST  SLP M ON M

[REMARKS]
