000
CXUS54 KFWD 010730
CF6MKN
PRELIMINARY LOCAL CLIMATOLOGICAL DATA (WS FORM: F-6)

                                          STATION:   COMANCHE
                                          MONTH:     AUGUST
                                          YEAR:      2015
                                          LATITUDE:   31 55 N
                                          LONGITUDE:  98 36 W

  TEMPERATURE IN F:       :PCPN:    SNOW:  WIND      :SUNSHINE: SKY     :PK WND
================================================================================
1   2   3   4   5  6A  6B    7    8   9   10  11  12  13   14  15   16   17  18
                                     12Z  AVG MX 2MIN
DY MAX MIN AVG DEP HDD CDD  WTR  SNW DPTH SPD SPD DIR MIN PSBL S-S WX    SPD DR
================================================================================

 1  94  71  83   M   0  18 0.00  0.0    0  3.5 10  60   M    M   2        17  40
 2  96  72  84   M   0  19 0.02  0.0    0  3.4  8 100   M    M   5         M  M
 3  98  72  85   M   0  20 0.00  0.0    0  5.8 10 120   M    M   0         M  M
 4  98  73  86   M   0  21 0.00  0.0    0  6.9 12 190   M    M   1        16 210
 5 101  78  90   M   0  25 0.00  0.0    0  8.5 18 210   M    M   1        24 210
 6 103  78  91   M   0  26 0.00  0.0    0  9.3 17 210   M    M   0        24 230
 7 103  77  90   M   0  25 0.00  0.0    0  9.7 15 210   M    M   0        22 210
 8 103  73  88   M   0  23 0.00  0.0    0  8.6 14 200   M    M   0        23 200
 9 104  74  89   M   0  24 0.00  0.0    0  8.3 14 220   M    M   0        18 220
10 103  73  88   M   0  23 0.00  0.0    0  6.0 16 200   M    M   0        17 200
11 101  72  87   M   0  22 0.00  0.0    0  3.5  9  50   M    M   0         M  M
12 101  75  88   M   0  23 0.00  0.0    0  5.2 14  40   M    M   1        21  40
13  98  73  86   M   0  21 0.00  0.0    0  3.3  8  70   M    M   2         M  M
14  98  73  86   M   0  21 0.00  0.0    0  4.6 12 100   M    M   3 3      17 100
15  98  73  86   M   0  21 0.00  0.0    0  5.0  9  60   M    M   3        18  60
16  97  68  83   M   0  18 0.00  0.0    0  2.5  8 110   M    M   0         M  M
17 100  68  84   M   0  19 0.00  0.0    0  5.7  9 170   M    M   2         M  M
18 101  74  88   M   0  23 0.00  0.0    0  9.9 13 180   M    M   1        21 220
19  95  70  83   M   0  18    M  0.0    0  9.7 17  30   M    M   4 3      27  30
20  75  61  68   M   0   3 0.28  0.0    0  6.5 14  10   M    M   7 3      18  30
21  94  68  81   M   0  16 0.00  0.0    0  9.0 15 160   M    M   5 1      22 160
22  99  73  86   M   0  21 0.00  0.0    0  9.7 17 190   M    M   1        23 190
23 100  75  88   M   0  23 0.00  0.0    0  7.0 15 190   M    M   1        20 190
24  97  69  83   M   0  18 0.00  0.0    0  4.5  8 110   M    M   0         M  M
25 100  68  84   M   0  19 0.05  0.0    0  4.7 14  10   M    M   2 3      24  10
26  95  65  80   M   0  15 0.00  0.0    0  3.2 10  90   M    M   1 1       M  M
27  97  68  83   M   0  18 0.00  0.0    0  3.7 10  90   M    M   0         M  M
28  99  66  83   M   0  18 0.00  0.0    0  7.4 13 130   M    M   0        17 130
29  91  73  82   M   0  17    M  0.0    0  7.8 13 240   M    M   3        20 230
30  93  71  82   M   0  17 0.01  0.0    0  5.8 12 180   M    M   3        17 180
31  95  66  81   M   0  16 0.00  0.0    0  6.4 12 160   M    M   1        17 160
================================================================================
SM 3027 2210         0 611  0.36     0.0 195.1          M       49
================================================================================
AV 97.6 71.3                               6.3 FASTST   M    M   2    MAX(MPH)
                                 MISC ---->    18   M               # 27   30
================================================================================
NOTES:
# LAST OF SEVERAL OCCURRENCES

COLUMN 17 PEAK WIND IN M.P.H.

PRELIMINARY LOCAL CLIMATOLOGICAL DATA (WS FORM: F-6) , PAGE 2

                                          STATION:  COMANCHE
                                          MONTH:    AUGUST
                                          YEAR:     2015
                                          LATITUDE:   31 55 N
                                          LONGITUDE:  98 36 W

[TEMPERATURE DATA]      [PRECIPITATION DATA]       SYMBOLS USED IN COLUMN 16

AVERAGE MONTHLY: 84.5   TOTAL FOR MONTH:   0.36    1 = FOG OR MIST
DPTR FM NORMAL:     M   DPTR FM NORMAL:   -2.23    2 = FOG REDUCING VISIBILITY
HIGHEST:   104 ON  9    GRTST 24HR  0.28 ON 20-20      TO 1/4 MILE OR LESS
LOWEST:     61 ON 20                               3 = THUNDER
                        SNOW, ICE PELLETS, HAIL    4 = ICE PELLETS
                        TOTAL MONTH:   0.0 INCH    5 = HAIL
                        GRTST 24HR     0.0         6 = FREEZING RAIN OR DRIZZLE
                        GRTST DEPTH:   0           7 = DUSTSTORM OR SANDSTORM:
                                                       VSBY 1/2 MILE OR LESS
                                                   8 = SMOKE OR HAZE
[NO. OF DAYS WITH]      [WEATHER - DAYS WITH]      9 = BLOWING SNOW
                                                   X = TORNADO
MAX 32 OR BELOW:   0    0.01 INCH OR MORE:   4
MAX 90 OR ABOVE:  30    0.10 INCH OR MORE:   1
MIN 32 OR BELOW:   0    0.50 INCH OR MORE:   0
MIN  0 OR BELOW:   0    1.00 INCH OR MORE:   0

[HDD (BASE 65) ]
TOTAL THIS MO.     0    CLEAR  (SCALE 0-3)  25
DPTR FM NORMAL     M    PTCLDY (SCALE 4-7)   6
TOTAL FM JUL 1     0    CLOUDY (SCALE 8-10)  0
DPTR FM NORMAL     M

[CDD (BASE 65) ]
TOTAL THIS MO.   611
DPTR FM NORMAL     M    [PRESSURE DATA]
TOTAL FM JAN 1  2011    HIGHEST SLP M ON M
DPTR FM NORMAL     M    LOWEST  SLP M ON M

[REMARKS]
#FINAL-08-15#
