000
CXUS54 KFWD 260730
CF6MKN
PRELIMINARY LOCAL CLIMATOLOGICAL DATA (WS FORM: F-6)

                                          STATION:   COMANCHE
                                          MONTH:     NOVEMBER
                                          YEAR:      2014
                                          LATITUDE:   31 55 N
                                          LONGITUDE:  98 36 W

  TEMPERATURE IN F:       :PCPN:    SNOW:  WIND      :SUNSHINE: SKY     :PK WND
================================================================================
1   2   3   4   5  6A  6B    7    8   9   10  11  12  13   14  15   16   17  18
                                     12Z  AVG MX 2MIN
DY MAX MIN AVG DEP HDD CDD  WTR  SNW DPTH SPD SPD DIR MIN PSBL S-S WX    SPD DR
================================================================================

 1  65  39  52   M  13   0 0.00  0.0    0  6.9 13 140   M    M   0 8      18 130
 2  71  48  60   M   5   0 0.00  0.0    0 13.3 22 170   M    M   4        31 170
 3  73  57  65   M   0   0 0.00  0.0    0 12.3 21 180   M    M  10        25 170
 4  70  51  61   M   4   0 1.65  0.0    0  9.5 15 170   M    M  10        23 170
 5  54  50  52   M  13   0 0.40  0.0    0  6.4 12 350   M    M   8        17 350
 6  70  46  58   M   7   0 0.00  0.0    0  5.7 12  70   M    M   0         M  M
 7  69  46  58   M   7   0 0.00  0.0    0  5.2 13 250   M    M   0         M  M
 8  69  47  58   M   7   0 0.00  0.0    0  8.3 18  10   M    M   0        25  10
 9  76  41  59   M   6   0 0.00  0.0    0  8.5 16 220   M    M   0        22 210
10  82  56  69   M   0   4 0.00  0.0    0 17.4 25 220   M    M   0        32 210
11  65  34  50   M  15   0 0.00  0.0    0 15.2 24 340   M    M   2        32 350
12  40  29  35   M  30   0 0.00  0.0    0 14.7 22 360   M    M   2        30 360
13  37  27  32   M  33   0 0.00  0.0    0 11.9 18  10   M    M   7        24 350
14  41  26  34   M  31   0 0.00  0.0    0  4.7  9 120   M    M   7         M  M
15  59  29  44   M  21   0 0.00  0.0    0  9.6 17 170   M    M   7 1      25 170
16  50  27  39   M  26   0    M    M    0 12.2 21 350   M    M  10 1      28 340
17  46  23  35   M  30   0 0.00  0.0    M  9.0 16 330   M    M   1        21  10
18  57  26  42   M  23   0 0.00  0.0    0  7.8 17 220   M    M   0        23 210
19  69  38  54   M  11   0 0.00  0.0    0 11.4 20 220   M    M   0        28 220
20  74  42  58   M   7   0 0.00  0.0    0 10.6 21 230   M    M   0        28 220
21  76  54  65   M   0   0 0.09  0.0    0  7.0 14 190   M    M   8 13     18 210
22  64  53  59   M   6   0 1.52  0.0    0  9.4 16 170   M    M   9 3      23 170
23  74  47  61   M   4   0 0.00  0.0    0 13.8 24 340   M    M   1        33 270
24  58  40  49   M  16   0 0.00  0.0    0  6.5 13 320   M    M   0        18 320
25  61  35  48   M  17   0 0.00  0.0    0  5.5 12 270   M    M   0        20 270
================================================================================
SM 1570 1011       332   4  3.66     0.0 242.8          M       86
================================================================================
AV 62.8 40.4                               9.7 FASTST   M    M   3    MAX(MPH)
                                 MISC ---->    25   M                 33    M
================================================================================
NOTES:
# LAST OF SEVERAL OCCURRENCES

COLUMN 17 PEAK WIND IN M.P.H.

PRELIMINARY LOCAL CLIMATOLOGICAL DATA (WS FORM: F-6) , PAGE 2

                                          STATION:  COMANCHE
                                          MONTH:    NOVEMBER
                                          YEAR:     2014
                                          LATITUDE:   31 55 N
                                          LONGITUDE:  98 36 W

[TEMPERATURE DATA]      [PRECIPITATION DATA]       SYMBOLS USED IN COLUMN 16

AVERAGE MONTHLY: 51.6   TOTAL FOR MONTH:   3.66    1 = FOG OR MIST
DPTR FM NORMAL:     M   DPTR FM NORMAL:    2.00    2 = FOG REDUCING VISIBILITY
HIGHEST:    82 ON 10    GRTST 24HR  1.65 ON  4- 4      TO 1/4 MILE OR LESS
LOWEST:     23 ON 17                               3 = THUNDER
                        SNOW, ICE PELLETS, HAIL    4 = ICE PELLETS
                        TOTAL MONTH:   0.0 INCH    5 = HAIL
                        GRTST 24HR     0.0         6 = FREEZING RAIN OR DRIZZLE
                        GRTST DEPTH:   0           7 = DUSTSTORM OR SANDSTORM:
                                                       VSBY 1/2 MILE OR LESS
                                                   8 = SMOKE OR HAZE
[NO. OF DAYS WITH]      [WEATHER - DAYS WITH]      9 = BLOWING SNOW
                                                   X = TORNADO
MAX 32 OR BELOW:   0    0.01 INCH OR MORE:   4
MAX 90 OR ABOVE:   0    0.10 INCH OR MORE:   3
MIN 32 OR BELOW:   7    0.50 INCH OR MORE:   2
MIN  0 OR BELOW:   0    1.00 INCH OR MORE:   2

[HDD (BASE 65) ]
TOTAL THIS MO.   332    CLEAR  (SCALE 0-3)  15
DPTR FM NORMAL     M    PTCLDY (SCALE 4-7)   6
TOTAL FM JUL 1   352    CLOUDY (SCALE 8-10)  4
DPTR FM NORMAL     M

[CDD (BASE 65) ]
TOTAL THIS MO.     4
DPTR FM NORMAL     M    [PRESSURE DATA]
TOTAL FM JAN 1  2692    HIGHEST SLP M ON M
DPTR FM NORMAL     M    LOWEST  SLP M ON M

[REMARKS]
