447
CXUS54 KTSA 230840
CF6MKO
PRELIMINARY LOCAL CLIMATOLOGICAL DATA (WS FORM: F-6)

                                          STATION:   MUSKOGEE OKLAHOMA
                                          MONTH:     AUGUST
                                          YEAR:      2017
                                          LATITUDE:   35 40 N
                                          LONGITUDE:  95 22 W

  TEMPERATURE IN F:       :PCPN:    SNOW:  WIND      :SUNSHINE: SKY     :PK WND
================================================================================
1   2   3   4   5  6A  6B    7    8   9   10  11  12  13   14  15   16   17  18
                                     12Z  AVG MX 2MIN
DY MAX MIN AVG DEP HDD CDD  WTR  SNW DPTH SPD SPD DIR MIN PSBL S-S WX    SPD DR
================================================================================

 1  77  68  73  -9   0   8 0.04  0.0    0  3.1 15  30   M    M   8 1      17  30
 2  86  66  76  -6   0  11 0.00  0.0    0  3.4  8 110   M    M   5 12     12 190
 3  90  67  79  -3   0  14 0.03  0.0    0  4.9 26 310   M    M   1 123    33 310
 4  86  68  77  -5   0  12 0.00  0.0    0  6.7 16  30   M    M   0        20  40
 5  92  67  80  -2   0  15 0.00  0.0    0 10.0 18 160   M    M   1        27 150
 6  83  69  76  -6   0  11 3.46  0.0    0  8.0 31 320   M    M   4 13     43 320
 7  85  68  77  -5   0  12    T  0.0    0  8.1 16  40   M    M   3        20  30
 8  86  69  78  -4   0  13 0.00  0.0    0  4.6 12  20   M    M   2        14  40
 9  87  68  78  -4   0  13 0.00  0.0    0  4.5 12 110   M    M   0 1      15 110
10  90  71  81  -1   0  16 0.00  0.0    0  4.5  9 140   M    M   1 1      13 190
11  88  71  80  -2   0  15 0.68  0.0    0  5.4 26 290   M    M   4 13     35 300
12  82  70  76  -6   0  11 0.10  0.0    0  4.1 13 360   M    M   4 1      16  20
13  76  70  73  -9   0   8 0.31  0.0    0  7.0 14 120   M    M   9 1      18 100
14  82  71  77  -5   0  12 0.27  0.0    0  6.3 14 130   M    M   7 123    20 260
15  92  73  83   1   0  18 0.87  0.0    0  5.3 24 290   M    M   7 123    32 290
16  85  71  78  -4   0  13 0.14  0.0    0  8.7 29 350   M    M   4 13     33 350
17  87  70  79  -3   0  14 0.19  0.0    0  4.4 10 180   M    M   3 13     14 170
18  91  71  81  -1   0  16 0.00  0.0    0  6.6 14 220   M    M   3 12     20 220
19  95  72  84   3   0  19 0.00  0.0    0  5.0  9 160   M    M   0        13 150
20  95  74  85   4   0  20 0.00  0.0    0  6.2 13 220   M    M   0        17 200
21  92  73  83   2   0  18 0.00  0.0    0  6.9 14 180   M    M   0        19 180
22  91  72  82   1   0  17 1.48  0.0    0  7.0 21 260   M    M   3 13     25  40
================================================================================
SM 1918 1539         0 306  7.57     0.0 130.7          M       69
================================================================================
AV 87.2 70.0                               5.9 FASTST   M    M   3    MAX(MPH)
                                 MISC ---->  # 31 320               # 43  320
================================================================================
NOTES:
# LAST OF SEVERAL OCCURRENCES

COLUMN 17 PEAK WIND IN M.P.H.

PRELIMINARY LOCAL CLIMATOLOGICAL DATA (WS FORM: F-6) , PAGE 2

                                          STATION:  MUSKOGEE OKLAHOMA
                                          MONTH:    AUGUST
                                          YEAR:     2017
                                          LATITUDE:   35 40 N
                                          LONGITUDE:  95 22 W

[TEMPERATURE DATA]      [PRECIPITATION DATA]       SYMBOLS USED IN COLUMN 16

AVERAGE MONTHLY: 78.6   TOTAL FOR MONTH:   7.57    1 = FOG OR MIST
DPTR FM NORMAL:  -3.3   DPTR FM NORMAL:    5.35    2 = FOG REDUCING VISIBILITY
HIGHEST:    95 ON 20,19 GRTST 24HR  3.46 ON  6- 6      TO 1/4 MILE OR LESS
LOWEST:     66 ON  2                               3 = THUNDER
                        SNOW, ICE PELLETS, HAIL    4 = ICE PELLETS
                        TOTAL MONTH:   0.0 INCH    5 = HAIL
                        GRTST 24HR     0.0         6 = FREEZING RAIN OR DRIZZLE
                        GRTST DEPTH:   0           7 = DUSTSTORM OR SANDSTORM:
                                                       VSBY 1/2 MILE OR LESS
                                                   8 = SMOKE OR HAZE
[NO. OF DAYS WITH]      [WEATHER - DAYS WITH]      9 = BLOWING SNOW
                                                   X = TORNADO
MAX 32 OR BELOW:   0    0.01 INCH OR MORE:  11
MAX 90 OR ABOVE:   9    0.10 INCH OR MORE:   9
MIN 32 OR BELOW:   0    0.50 INCH OR MORE:   4
MIN  0 OR BELOW:   0    1.00 INCH OR MORE:   2

[HDD (BASE 65) ]
TOTAL THIS MO.     0    CLEAR  (SCALE 0-3)  12
DPTR FM NORMAL     0    PTCLDY (SCALE 4-7)   8
TOTAL FM JUL 1     0    CLOUDY (SCALE 8-10)  2
DPTR FM NORMAL     0

[CDD (BASE 65) ]
TOTAL THIS MO.   306
DPTR FM NORMAL   -63    [PRESSURE DATA]
TOTAL FM JAN 1  1405    HIGHEST SLP M ON M
DPTR FM NORMAL     3    LOWEST  SLP 29.76 ON  6

[REMARKS]
