000
CXUS54 KTSA 280840
CF6MKO
PRELIMINARY LOCAL CLIMATOLOGICAL DATA (WS FORM: F-6)

                                          STATION:   MUSKOGEE OKLAHOMA
                                          MONTH:     MARCH
                                          YEAR:      2015
                                          LATITUDE:   35 40 N
                                          LONGITUDE:  95 22 W

  TEMPERATURE IN F:       :PCPN:    SNOW:  WIND      :SUNSHINE: SKY     :PK WND
================================================================================
1   2   3   4   5  6A  6B    7    8   9   10  11  12  13   14  15   16   17  18
                                     12Z  AVG MX 2MIN
DY MAX MIN AVG DEP HDD CDD  WTR  SNW DPTH SPD SPD DIR MIN PSBL S-S WX    SPD DR
================================================================================

 1  34  30  32 -15  33   0 0.01    M    0  7.6 14 360   M    M  10 168    17  10
 2  39  30  35 -12  30   0 0.00  0.0    0  8.8 16 130   M    M  10 18     20 130
 3  55  36  46  -2  19   0    T    M    0  9.0 20 180   M    M  10 1      25 190
 4  48  23  36 -12  29   0 0.40    M    0 17.1 29  10   M    M  10 168    37 360
 5  41  14  28 -20  37   0 0.00  0.0    0  5.6 12 320   M    M   1        19 350
 6  53  21  37 -11  28   0 0.00  0.0    0  8.5 16 190   M    M   0        22 220
 7  64  28  46  -3  19   0 0.00  0.0    0  9.2 15 180   M    M   0        23 170
 8  55  41  48  -1  17   0 0.00  0.0    0  8.0 16 180   M    M   8        20 190
 9  49  43  46  -4  19   0 0.40    M    0  5.1  9 120   M    M  10 1      11 130
10  62  43  53   3  12   0 0.01    M    0  5.9 12 330   M    M   7 12     13 350
11  74  35  55   5  10   0 0.00  0.0    0  3.1 13  30   M    M   5 12     16  80
12  70  44  57   7   8   0    T    M    0  5.7 17 140   M    M   3 1      21 140
13  57  54  56   5   9   0 1.18  0.0    0 12.5 32  20   M    M  10 1      40  20
14  58  48  53   2  12   0 0.36    M    0 12.3 35  30   M    M   9 1      44  20
15  71  41  56   4   9   0 0.00  0.0    0  4.6 13 140   M    M   1 18     16 150
16  75  47  61   9   4   0 0.00  0.0    0  8.0 17 220   M    M   0 12     22 200
17  67  52  60   8   5   0    T  0.0    0 10.4 21 350   M    M   1        25 350
18  59  47  53   1  12   0 0.12    M    0  9.6 17 120   M    M  10        21 120
19  57  45  51  -2  14   0 0.15    M    0  7.1 17  10   M    M  10 1      22  10
20  61  45  53   0  12   0 0.00  0.0    0  7.1 15 350   M    M   3 1      19  10
21  66  45  56   3   9   0 0.00  0.0    0  2.3  8 140   M    M   0         9 140
22  66  49  58   4   7   0    T    M    0  6.0 14 120   M    M   5        17 130
23  78  44  61   7   4   0 0.00  0.0    0  7.0 14 130   M    M   2 12     17 140
24  83  54  69  15   0   4 0.00  0.0    0 12.9 28 210   M    M   1 3      39 190
25  85  49  67  13   0   2 0.71    M    0 12.3 31 340   M    M   5 13     37 340
26  60  41  51  -4  14   0 0.01    M    0 16.1 29 360   M    M   5        36  20
27  56  39  48  -7  17   0 0.00  0.0    0  9.8 25 360   M    M   3        30  10
================================================================================
SM 1643 1088       389   6  3.35     0.0 231.6          M      139
================================================================================
AV 60.9 40.3                               8.6 FASTST   M    M   5    MAX(MPH)
                                 MISC ---->  # 35  30               # 44   20
================================================================================
NOTES:
# LAST OF SEVERAL OCCURRENCES

COLUMN 17 PEAK WIND IN M.P.H.

PRELIMINARY LOCAL CLIMATOLOGICAL DATA (WS FORM: F-6) , PAGE 2

                                          STATION:  MUSKOGEE OKLAHOMA
                                          MONTH:    MARCH
                                          YEAR:     2015
                                          LATITUDE:   35 40 N
                                          LONGITUDE:  95 22 W

[TEMPERATURE DATA]      [PRECIPITATION DATA]       SYMBOLS USED IN COLUMN 16

AVERAGE MONTHLY: 50.6   TOTAL FOR MONTH:   3.35    1 = FOG OR MIST
DPTR FM NORMAL:  -0.5   DPTR FM NORMAL:    0.20    2 = FOG REDUCING VISIBILITY
HIGHEST:    85 ON 25    GRTST 24HR  1.18 ON 13-13      TO 1/4 MILE OR LESS
LOWEST:     14 ON  5                               3 = THUNDER
                        SNOW, ICE PELLETS, HAIL    4 = ICE PELLETS
                        TOTAL MONTH:   0.0 INCH    5 = HAIL
                        GRTST 24HR     0.0         6 = FREEZING RAIN OR DRIZZLE
                        GRTST DEPTH:   0           7 = DUSTSTORM OR SANDSTORM:
                                                       VSBY 1/2 MILE OR LESS
                                                   8 = SMOKE OR HAZE
[NO. OF DAYS WITH]      [WEATHER - DAYS WITH]      9 = BLOWING SNOW
                                                   X = TORNADO
MAX 32 OR BELOW:   0    0.01 INCH OR MORE:  10
MAX 90 OR ABOVE:   0    0.10 INCH OR MORE:   7
MIN 32 OR BELOW:   6    0.50 INCH OR MORE:   2
MIN  0 OR BELOW:   0    1.00 INCH OR MORE:   1

[HDD (BASE 65) ]
TOTAL THIS MO.   389    CLEAR  (SCALE 0-3)  10
DPTR FM NORMAL     6    PTCLDY (SCALE 4-7)   8
TOTAL FM JUL 1  3402    CLOUDY (SCALE 8-10)  9
DPTR FM NORMAL   160

[CDD (BASE 65) ]
TOTAL THIS MO.     6
DPTR FM NORMAL     4    [PRESSURE DATA]
TOTAL FM JAN 1     6    HIGHEST SLP M ON M
DPTR FM NORMAL     3    LOWEST  SLP 29.68 ON 24

[REMARKS]
