000
CXUS52 KMLB 200634
CF6MLB
PRELIMINARY LOCAL CLIMATOLOGICAL DATA (WS FORM: F-6)

                                          STATION:   MELBOURNE
                                          MONTH:     JULY
                                          YEAR:      2017
                                          LATITUDE:   28  6 N
                                          LONGITUDE:  80 39 W

  TEMPERATURE IN F:       :PCPN:    SNOW:  WIND      :SUNSHINE: SKY     :PK WND
================================================================================
1   2   3   4   5  6A  6B    7    8   9   10  11  12  13   14  15   16   17  18
                                     12Z  AVG MX 2MIN
DY MAX MIN AVG DEP HDD CDD  WTR  SNW DPTH SPD SPD DIR MIN PSBL S-S WX    SPD DR
================================================================================

 1  94  76  85   4   0  20 0.00  0.0    0  6.8 22 290   M    M   1 3      28 290
 2  92  75  84   3   0  19 0.00  0.0    0  7.1 16 140   M    M   0 3      22 120
 3  93  76  85   4   0  20 0.00  0.0    0  7.0 17 140   M    M   1        22 110
 4  92  76  84   3   0  19 0.00  0.0    0  7.8 16 120   M    M   1        21 110
 5  91  76  84   3   0  19 0.00  0.0    0  7.2 16 120   M    M   1 1      20 120
 6  91  77  84   3   0  19 0.00  0.0    0  8.4 16  90   M    M   2 3      20 100
 7  93  76  85   4   0  20 0.00  0.0    0  6.3 16 140   M    M   1        19  90
 8  94  75  85   4   0  20    T  0.0    0  7.8 29 320   M    M   2 3      38 320
 9  91  72  82   1   0  17 0.01  0.0    0  5.3 18 140   M    M   2 3      25 150
10  92  76  84   2   0  19 0.03  0.0    0  7.2 21 110   M    M   1 3      25 110
11  92  76  84   2   0  19 0.00  0.0    0  8.4 17 100   M    M   1        21 110
12  92  74  83   1   0  18 2.60  0.0    0  8.7 23  40   M    M   5 1238   27  30
13  91  80  86   4   0  21 0.00  0.0    0 11.2 17 110   M    M   3        23 100
14  91  83  87   5   0  22 0.00  0.0    0  9.4 16  90   M    M   2        20 120
15  91  79  85   3   0  20    T  0.0    0  8.0 15 100   M    M   2        20  70
16  91  76  84   2   0  19 0.00  0.0    0  7.6 15  90   M    M   1        20 100
17  92  78  85   3   0  20    T  0.0    0  7.2 21 220   M    M   2 3      27 140
18  94  77  86   4   0  21 0.04  0.0    0  6.6 17 150   M    M   2 13     24 150
19  93  74  84   2   0  19 1.39  0.0    0  5.7 29 340   M    M   3 13     34 350
================================================================================
SM 1750 1452         0 371  4.07     0.0 143.7          M       33
================================================================================
AV 92.1 76.4                               7.6 FASTST   M    M   2    MAX(MPH)
                                 MISC ---->  # 29 320               # 38  320
================================================================================
NOTES:
# LAST OF SEVERAL OCCURRENCES

COLUMN 17 PEAK WIND IN M.P.H.

PRELIMINARY LOCAL CLIMATOLOGICAL DATA (WS FORM: F-6) , PAGE 2

                                          STATION:  MELBOURNE
                                          MONTH:    JULY
                                          YEAR:     2017
                                          LATITUDE:   28  6 N
                                          LONGITUDE:  80 39 W

[TEMPERATURE DATA]      [PRECIPITATION DATA]       SYMBOLS USED IN COLUMN 16

AVERAGE MONTHLY: 84.3   TOTAL FOR MONTH:   4.07    1 = FOG OR MIST
DPTR FM NORMAL:   2.7   DPTR FM NORMAL:    0.53    2 = FOG REDUCING VISIBILITY
HIGHEST:    94 ON 18, 8 GRTST 24HR  2.60 ON 12-12      TO 1/4 MILE OR LESS
LOWEST:     72 ON  9                               3 = THUNDER
                        SNOW, ICE PELLETS, HAIL    4 = ICE PELLETS
                        TOTAL MONTH:   0.0 INCH    5 = HAIL
                        GRTST 24HR     0.0         6 = FREEZING RAIN OR DRIZZLE
                        GRTST DEPTH:   0           7 = DUSTSTORM OR SANDSTORM:
                                                       VSBY 1/2 MILE OR LESS
                                                   8 = SMOKE OR HAZE
[NO. OF DAYS WITH]      [WEATHER - DAYS WITH]      9 = BLOWING SNOW
                                                   X = TORNADO
MAX 32 OR BELOW:   0    0.01 INCH OR MORE:   5
MAX 90 OR ABOVE:  19    0.10 INCH OR MORE:   2
MIN 32 OR BELOW:   0    0.50 INCH OR MORE:   2
MIN  0 OR BELOW:   0    1.00 INCH OR MORE:   2

[HDD (BASE 65) ]
TOTAL THIS MO.     0    CLEAR  (SCALE 0-3)  18
DPTR FM NORMAL     0    PTCLDY (SCALE 4-7)   1
TOTAL FM JUL 1     0    CLOUDY (SCALE 8-10)  0
DPTR FM NORMAL     0

[CDD (BASE 65) ]
TOTAL THIS MO.   371
DPTR FM NORMAL    59    [PRESSURE DATA]
TOTAL FM JAN 1  2037    HIGHEST SLP M ON M
DPTR FM NORMAL   537    LOWEST  SLP 29.94 ON 16

[REMARKS]
