000
CXUS54 KSHV 201300
CF6MLU
PRELIMINARY LOCAL CLIMATOLOGICAL DATA (WS FORM: F-6)

                                          STATION:   MONROE
                                          MONTH:     NOVEMBER
                                          YEAR:      2017
                                          LATITUDE:   32 30 N
                                          LONGITUDE:  92  2 W

  TEMPERATURE IN F:       :PCPN:    SNOW:  WIND      :SUNSHINE: SKY     :PK WND
================================================================================
1   2   3   4   5  6A  6B    7    8   9   10  11  12  13   14  15   16   17  18
                                     12Z  AVG MX 2MIN
DY MAX MIN AVG DEP HDD CDD  WTR  SNW DPTH SPD SPD DIR MIN PSBL S-S WX    SPD DR
================================================================================

 1  70  57  64   3   1   0 0.89  0.0    0  6.5 14 170   M    M  10 1      20 180
 2  86  70  78  17   0  13 0.00  0.0    0 11.0 24 220   M    M   7 1      30 210
 3  86  71  79  19   0  14 0.00  0.0    0  5.2 14 210   M    M   5 1      16 200
 4  84  70  77  17   0  12 0.00  0.0    0  7.1 16 220   M    M   6 1      20 210
 5  84  68  76  16   0  11 0.00  0.0    0  9.8 22 200   M    M   6        28 200
 6  83  70  77  17   0  12 0.00  0.0    0  6.5 15 200   M    M   6 18     20 210
 7  78  57  68   9   0   3 0.24  0.0    0  8.3 16 350   M    M   8 1      19 350
 8  57  49  53  -6  12   0 0.29  0.0    0  8.7 16  30   M    M  10 1      21 360
 9  65  45  55  -4  10   0 0.01  0.0    0  5.5 15  10   M    M   3 18     18  10
10  66  38  52  -6  13   0 0.00  0.0    0  6.1 15  60   M    M   0        22  40
11  69  39  54  -4  11   0 0.00  0.0    0  3.2  9  50   M    M   1        13 110
12  74  53  64   6   1   0 0.06  0.0    0  3.2 10  10   M    M  10 1      12  10
13  66  49  58   1   7   0 0.00  0.0    0  6.2 15  40   M    M   6 1      18  50
14  70  44  57   0   8   0 0.00  0.0    0  2.3  8  80   M    M   0 1      11  40
15  72  46  59   2   6   0 0.00  0.0    0  1.9  8 160   M    M   4 1      11 140
16  71  54  63   7   2   0 0.00  0.0    0  4.5 13  40   M    M   8 1      14  40
17  80  53  67  11   0   2 0.00  0.0    0  8.4 21 200   M    M   4 18     27 190
18  82  50  66  10   0   1 0.04  0.0    0 16.9 31 310   M    M   6 8      43 330
19  61  37  49  -6  16   0 0.00  0.0    0  6.5 18 350   M    M   0        23 350
================================================================================
SM 1404 1020        87  68  1.53     0.0 127.8          M      100
================================================================================
AV 73.9 53.7                               6.7 FASTST   M    M   5    MAX(MPH)
                                 MISC ---->  # 31 310               # 43  330
================================================================================
NOTES:
# LAST OF SEVERAL OCCURRENCES

COLUMN 17 PEAK WIND IN M.P.H.

PRELIMINARY LOCAL CLIMATOLOGICAL DATA (WS FORM: F-6) , PAGE 2

                                          STATION:  MONROE
                                          MONTH:    NOVEMBER
                                          YEAR:     2017
                                          LATITUDE:   32 30 N
                                          LONGITUDE:  92  2 W

[TEMPERATURE DATA]      [PRECIPITATION DATA]       SYMBOLS USED IN COLUMN 16

AVERAGE MONTHLY: 63.8   TOTAL FOR MONTH:   1.53    1 = FOG OR MIST
DPTR FM NORMAL:   5.5   DPTR FM NORMAL:   -1.41    2 = FOG REDUCING VISIBILITY
HIGHEST:    86 ON  3, 2 GRTST 24HR  0.89 ON  1- 1      TO 1/4 MILE OR LESS
LOWEST:     37 ON 19                               3 = THUNDER
                        SNOW, ICE PELLETS, HAIL    4 = ICE PELLETS
                        TOTAL MONTH:   0.0 INCH    5 = HAIL
                        GRTST 24HR     0.0         6 = FREEZING RAIN OR DRIZZLE
                        GRTST DEPTH:   0           7 = DUSTSTORM OR SANDSTORM:
                                                       VSBY 1/2 MILE OR LESS
                                                   8 = SMOKE OR HAZE
[NO. OF DAYS WITH]      [WEATHER - DAYS WITH]      9 = BLOWING SNOW
                                                   X = TORNADO
MAX 32 OR BELOW:   0    0.01 INCH OR MORE:   6
MAX 90 OR ABOVE:   0    0.10 INCH OR MORE:   3
MIN 32 OR BELOW:   0    0.50 INCH OR MORE:   1
MIN  0 OR BELOW:   0    1.00 INCH OR MORE:   0

[HDD (BASE 65) ]
TOTAL THIS MO.    87    CLEAR  (SCALE 0-3)   5
DPTR FM NORMAL   -61    PTCLDY (SCALE 4-7)  10
TOTAL FM JUL 1   167    CLOUDY (SCALE 8-10)  4
DPTR FM NORMAL   -71

[CDD (BASE 65) ]
TOTAL THIS MO.    68
DPTR FM NORMAL    47    [PRESSURE DATA]
TOTAL FM JAN 1  2624    HIGHEST SLP M ON M
DPTR FM NORMAL   119    LOWEST  SLP 29.72 ON 18

[REMARKS]
