000
CXUS55 KBOU 241033
CF6MNH
PRELIMINARY LOCAL CLIMATOLOGICAL DATA (WS FORM: F-6)

                                          STATION:   ELBERT 6W CO
                                          MONTH:     MARCH
                                          YEAR:      2017
                                          LATITUDE:   39 13 N
                                          LONGITUDE: 104 38 W

  TEMPERATURE IN F:       :PCPN:    SNOW:  WIND      :SUNSHINE: SKY     :PK WND
================================================================================
1   2   3   4   5  6A  6B    7    8   9   10  11  12  13   14  15   16   17  18
                                     12Z  AVG MX 2MIN
DY MAX MIN AVG DEP HDD CDD  WTR  SNW DPTH SPD SPD DIR MIN PSBL S-S WX    SPD DR
================================================================================

 1  36   5  21   M  44   0    M    M    M  7.0 15 150   M    M   0         M  M
 2  43  14  29   M  36   0    M    M    M  6.6 12 190   M    M   0        16 170
 3  57  23  40   M  25   0    M    M    M  8.3 14 220   M    M   0        17 250
 4  63  32  48   M  17   0    M    M    M 11.4 20 260   M    M   0        29 260
 5  57  32  45   M  20   0    M    M    M 13.3 25 250   M    M   0        31 250
 6  43  14  29   M  36   0    M    M    M 18.9 35 290   M    M   4        47 290
 7  46  10  28   M  37   0    M    M    M 10.1 29 300   M    M   0        37 300
 8  59  23  41   M  24   0    M    M    M  8.5 20 290   M    M   0        28 290
 9  63  32  48   M  17   0    M    M    M  7.9 20 310   M    M   0        25 310
10  64  23  44   M  21   0    M    M    M 10.9 21 190   M    M   0        28 190
11  43  32  38   M  27   0    M    M    M  6.7 15 180   M    M   5        22 190
12  55  23  39   M  26   0    M    M    M 11.1 27 200   M    M   3        32 200
13  52  18  35   M  30   0    M    M    M  6.1 12 200   M    M   3        17 200
14  63  30  47   M  18   0    M    M    M  9.4 22 360   M    M   2        32 340
15  70  36  53   M  12   0    M    M    M 10.0 17 300   M    M   0        24 320
16  68  41  55   M  10   0    M    M    M  8.7 22 310   M    M   0        27 310
17  63  32  48   M  17   0    M    M    M 10.8 16 170   M    M   0        21 180
18  72  34  53   M  12   0    M    M    M  8.7 21 180   M    M   0        24 180
19  72  45  59   M   6   0    M    M    M  9.2 16 250   M    M   0        24 260
20  70  41  56   M   9   0    M    M    M  7.3 13 170   M    M   3        22 280
21  63  30  47   M  18   0    M    M    M 13.8 24 180   M    M   2        31 190
22  63  30  47   M  18   0    M    M    M 15.8 28 180   M    M   1 1      33 180
23  64  32  48   M  17   0    M    M    M 16.1 30  20   M    M   3 3      38  10
================================================================================
SM 1349  632       497   0    M     M    236.6          M       26
================================================================================
AV 58.7 27.5                              10.3 FASTST   M    M   1    MAX(MPH)
                                 MISC ---->  # 35 290                 47    M
================================================================================
NOTES:
# LAST OF SEVERAL OCCURRENCES

COLUMN 17 PEAK WIND IN M.P.H.

PRELIMINARY LOCAL CLIMATOLOGICAL DATA (WS FORM: F-6) , PAGE 2

                                          STATION:  ELBERT 6W CO
                                          MONTH:    MARCH
                                          YEAR:     2017
                                          LATITUDE:   39 13 N
                                          LONGITUDE: 104 38 W

[TEMPERATURE DATA]      [PRECIPITATION DATA]       SYMBOLS USED IN COLUMN 16

AVERAGE MONTHLY: 43.1   TOTAL FOR MONTH:      M    1 = FOG OR MIST
DPTR FM NORMAL:     M   DPTR FM NORMAL:       M    2 = FOG REDUCING VISIBILITY
HIGHEST:    72 ON 19,18 GRTST 24HR    M  ON   M        TO 1/4 MILE OR LESS
LOWEST:      5 ON  1                               3 = THUNDER
                        SNOW, ICE PELLETS, HAIL    4 = ICE PELLETS
                        TOTAL MONTH:    M          5 = HAIL
                        GRTST 24HR    M  ON   M    6 = FREEZING RAIN OR DRIZZLE
                        GRTST DEPTH:  M  ON   M    7 = DUSTSTORM OR SANDSTORM:
                                                       VSBY 1/2 MILE OR LESS
                                                   8 = SMOKE OR HAZE
[NO. OF DAYS WITH]      [WEATHER - DAYS WITH]      9 = BLOWING SNOW
                                                   X = TORNADO
MAX 32 OR BELOW:   0    0.01 INCH OR MORE:   0
MAX 90 OR ABOVE:   0    0.10 INCH OR MORE:   0
MIN 32 OR BELOW:  18    0.50 INCH OR MORE:   0
MIN  0 OR BELOW:   0    1.00 INCH OR MORE:   0

[HDD (BASE 65) ]
TOTAL THIS MO.   497    CLEAR  (SCALE 0-3)  20
DPTR FM NORMAL     M    PTCLDY (SCALE 4-7)   3
TOTAL FM JUL 1  4983    CLOUDY (SCALE 8-10)  0
DPTR FM NORMAL     M

[CDD (BASE 65) ]
TOTAL THIS MO.     0
DPTR FM NORMAL     M    [PRESSURE DATA]
TOTAL FM JAN 1     0    HIGHEST SLP M ON M
DPTR FM NORMAL     M    LOWEST  SLP M ON M

[REMARKS]
