000
CXUS55 KBOU 011111 RRA
CF6MNH

PRELIMINARY LOCAL CLIMATOLOGICAL DATA (WS FORM: F-6)

                                          STATION:   ELBERT 6W CO
                                          MONTH:     AUGUST
                                          YEAR:      2014
                                          LATITUDE:   39 13 N
                                          LONGITUDE: 104 38 W

  TEMPERATURE IN F:       :PCPN:    SNOW:  WIND      :SUNSHINE: SKY     :PK WND
================================================================================
1   2   3   4   5  6A  6B    7    8   9   10  11  12  13   14  15   16   17  18
                                     12Z  AVG MX 2MIN
DY MAX MIN AVG DEP HDD CDD  WTR  SNW DPTH SPD SPD DIR MIN PSBL S-S WX    SPD DR
================================================================================

 1  70  46  58   M   7   0    M    M    M  6.5 13 160   M    M   2 3      16 160
 2  72  46  59   M   6   0    M    M    M 10.0 15 160   M    M   0        21 160
 3  77  50  64   M   1   0    M    M    M  7.3 13 160   M    M   0        16 160
 4  79  54  67   M   0   2    M    M    M  7.1 16 250   M    M   3        21 250
 5  73  50  62   M   3   0    M    M    M  6.0 13 300   M    M   5 3      24 270
 6  79  50  65   M   0   0    M    M    M  7.4 13 330   M    M   2        20 330
 7  73  52  63   M   2   0    M    M    M  7.8 16 160   M    M   5 3      21 160
 8  77  50  64   M   1   0    M    M    M  9.0 24 340   M    M   2 3      30 340
 9  77  52  65   M   0   0    M    M    M  7.6 27 300   M    M   1 3      35 300
10  70  50  60   M   5   0    M    M    M  7.2 10 340   M    M   2 3       M  M
11  73  46  60   M   5   0    M    M    M  7.0 12 120   M    M   1        18 120
12  79  50  65   M   0   0    M    M    M  7.4 10 170   M    M   0         M  M
13  81  52  67   M   0   2    M    M    M  7.4 10 150   M    M   0 3       M  M
14  77  54  66   M   0   1    M    M    M  6.9 14 320   M    M   4 3      18 360
15  79  52  66   M   0   1    M    M    M  8.8 20 340   M    M   1 3      30 340
16  79  54  67   M   0   2    M    M    M  6.5  9 160   M    M   0 3       M  M
17  82  55  69   M   0   4    M    M    M  8.3 28 260   M    M   1        37 260
18  82  54  68   M   0   3    M    M    M  7.1 12 240   M    M   2        25 250
19  81  52  67   M   0   2    M    M    M  7.7 25 170   M    M   2        38 170
20  77  54  66   M   0   1    M    M    M  6.9 14 340   M    M   3 3      21 340
21  79  50  65   M   0   0    M    M    M  4.0 10 140   M    M   4         M  M
22  64  52  58   M   7   0    M    M    M  3.8 10  90   M    M   7 13      M  M
23  77  48  63   M   2   0    M    M    M  7.0 20 340   M    M   5 1      24 240
24  73  46  60   M   5   0    M    M    M  8.7 18 180   M    M   4 3      25 190
25  73  46  60   M   5   0    M    M    M  7.2 17 150   M    M   3 3      21 150
26  72  52  62   M   3   0    M    M    M  7.5 13 150   M    M   7 1      16 150
27  72  50  61   M   4   0    M    M    M  5.2 10 350   M    M   3 3       M  M
28  66  43  55   M  10   0    M    M    M  7.3 22 360   M    M   4        28 360
29  72  45  59   M   6   0    M    M    M  8.7 15 360   M    M   2 3      24 360
30  77  46  62   M   3   0    M    M    M  9.1 25 180   M    M   2        37 300
31  77  46  62   M   3   0    M    M    M  9.6 16 200   M    M   0        22 200
================================================================================
SM 2339 1547        78  18    M     M    228.0          M       77
================================================================================
AV 75.5 49.9                               7.4 FASTST   M    M   2    MAX(MPH)
                                 MISC ---->    28   M               # 38  170
================================================================================
NOTES:
# LAST OF SEVERAL OCCURRENCES

COLUMN 17 PEAK WIND IN M.P.H.

PRELIMINARY LOCAL CLIMATOLOGICAL DATA (WS FORM: F-6) , PAGE 2

                                          STATION:  ELBERT 6W CO
                                          MONTH:    AUGUST
                                          YEAR:     2014
                                          LATITUDE:   39 13 N
                                          LONGITUDE: 104 38 W

[TEMPERATURE DATA]      [PRECIPITATION DATA]       SYMBOLS USED IN COLUMN 16

AVERAGE MONTHLY: 62.7   TOTAL FOR MONTH:      M    1 = FOG OR MIST
DPTR FM NORMAL:     M   DPTR FM NORMAL:       M    2 = FOG REDUCING VISIBILITY
HIGHEST:    82 ON 18,17 GRTST 24HR    M  ON   M        TO 1/4 MILE OR LESS
LOWEST:     43 ON 28                               3 = THUNDER
                        SNOW, ICE PELLETS, HAIL    4 = ICE PELLETS
                        TOTAL MONTH:    M          5 = HAIL
                        GRTST 24HR    M  ON   M    6 = FREEZING RAIN OR DRIZZLE
                        GRTST DEPTH:  M  ON   M    7 = DUSTSTORM OR SANDSTORM:
                                                       VSBY 1/2 MILE OR LESS
                                                   8 = SMOKE OR HAZE
[NO. OF DAYS WITH]      [WEATHER - DAYS WITH]      9 = BLOWING SNOW
                                                   X = TORNADO
MAX 32 OR BELOW:   0    0.01 INCH OR MORE:   0
MAX 90 OR ABOVE:   0    0.10 INCH OR MORE:   0
MIN 32 OR BELOW:   0    0.50 INCH OR MORE:   0
MIN  0 OR BELOW:   0    1.00 INCH OR MORE:   0

[HDD (BASE 65) ]
TOTAL THIS MO.    78    CLEAR  (SCALE 0-3)  20
DPTR FM NORMAL     M    PTCLDY (SCALE 4-7)  11
TOTAL FM JUL 1   129    CLOUDY (SCALE 8-10)  0
DPTR FM NORMAL     M

[CDD (BASE 65) ]
TOTAL THIS MO.    18
DPTR FM NORMAL     M    [PRESSURE DATA]
TOTAL FM JAN 1   142    HIGHEST SLP M ON M
DPTR FM NORMAL     M    LOWEST  SLP M ON M

[REMARKS]
FINAL-#08-14#
