000
CXUS56 KSTO 281355
CF6MOD
PRELIMINARY LOCAL CLIMATOLOGICAL DATA (WS FORM: F-6)

                                          STATION:   MODESTO CA
                                          MONTH:     APRIL
                                          YEAR:      2017
                                          LATITUDE:   37 37 N
                                          LONGITUDE: 120 57 W

  TEMPERATURE IN F:       :PCPN:    SNOW:  WIND      :SUNSHINE: SKY     :PK WND
================================================================================
1   2   3   4   5  6A  6B    7    8   9   10  11  12  13   14  15   16   17  18
                                     12Z  AVG MX 2MIN
DY MAX MIN AVG DEP HDD CDD  WTR  SNW DPTH SPD SPD DIR MIN PSBL S-S WX    SPD DR
================================================================================

 1  77  46  62   3   3   0 0.00  0.0    0  3.2 10 330   M    M   0        13 330
 2  80  50  65   6   0   0 0.00  0.0    0  5.6 17 320   M    M   0        23 320
 3  78  50  64   4   1   0 0.00  0.0    0 10.8 24 300   M    M   0        30 280
 4  80  49  65   5   0   0 0.00  0.0    0  1.8 10 320   M    M   1        13 320
 5  81  51  66   6   0   1 0.00  0.0    0  4.1 12 120   M    M   0        16  90
 6  66  58  62   2   3   0 0.13  0.0    0  7.0 20 160   M    M   7        33 160
 7  65  51  58  -2   7   0 0.15  0.0    0  9.9 22 130   M    M   8 1      35 130
 8  60  45  53  -7  12   0 0.43    M    0  6.4 22 290   M    M   6 1      28 300
 9  67  43  55  -5  10   0 0.00  0.0    0  3.9 12 310   M    M   1 1      16 310
10  72  43  58  -3   7   0 0.00  0.0    0  5.2 13 350   M    M   0        18 320
11  73  54  64   3   1   0    T  0.0    0  4.9 16 130   M    M   7        21 160
12  77  52  65   4   0   0    T  0.0    0  7.1 15 220   M    M   5 18     22 190
13  68  48  58  -3   7   0 0.08    M    0 10.7 26 290   M    M   5 13     35 290
14  68  45  57  -5   8   0 0.00  0.0    0 12.7 23 320   M    M   0        33 340
15  73  45  59  -3   6   0 0.00  0.0    0  4.9 12 280   M    M   0        21  50
16  66  49  58  -4   7   0 0.32  0.0    0  4.7 17 270   M    M   5 13     22 150
17  67  55  61  -1   4   0 0.09  0.0    0  3.6 15 340   M    M   8 18     35  50
18  71  55  63   1   2   0 0.28  0.0    0  5.5 13 300   M    M   6 1      17  30
19  75  51  63   0   2   0 0.00  0.0    0  6.3 14 330   M    M   2        19 320
20  73  55  64   1   1   0    T  0.0    0 11.5 22 300   M    M   3        30 310
21  80  55  68   5   0   3 0.00  0.0    0  7.8 16 310   M    M   0        18 330
22  76  52  64   1   1   0 0.00  0.0    0  7.9 16 310   M    M   1        23  50
23  75  54  65   1   0   0 0.00  0.0    0 10.6 22 290   M    M   0        26 290
24  67  53  60  -4   5   0 0.00  0.0    0 12.1 18 300   M    M   6        24 290
25  73  50  62  -2   3   0 0.00  0.0    0 13.1 22 290   M    M   0        28 270
26  72  57  65   1   0   0    T  0.0    0  5.3 13 310   M    M   9 18     16 320
27  78  54  66   1   0   1 0.00  0.0    0 13.4 23 290   M    M   1        29 310
================================================================================
SM 1958 1370        90   5  1.48     0.0 200.0          M       81
================================================================================
AV 72.5 50.7                               7.4 FASTST   M    M   3    MAX(MPH)
                                 MISC ---->  # 26 290               # 35  130
================================================================================
NOTES:
# LAST OF SEVERAL OCCURRENCES

COLUMN 17 PEAK WIND IN M.P.H.

PRELIMINARY LOCAL CLIMATOLOGICAL DATA (WS FORM: F-6) , PAGE 2

                                          STATION:  MODESTO CA
                                          MONTH:    APRIL
                                          YEAR:     2017
                                          LATITUDE:   37 37 N
                                          LONGITUDE: 120 57 W

[TEMPERATURE DATA]      [PRECIPITATION DATA]       SYMBOLS USED IN COLUMN 16

AVERAGE MONTHLY: 61.6   TOTAL FOR MONTH:   1.48    1 = FOG OR MIST
DPTR FM NORMAL:  -0.0   DPTR FM NORMAL:    0.59    2 = FOG REDUCING VISIBILITY
HIGHEST:    81 ON  5    GRTST 24HR  0.43 ON  8- 8      TO 1/4 MILE OR LESS
LOWEST:     43 ON 10, 9                            3 = THUNDER
                        SNOW, ICE PELLETS, HAIL    4 = ICE PELLETS
                        TOTAL MONTH:   0.0 INCH    5 = HAIL
                        GRTST 24HR     0.0         6 = FREEZING RAIN OR DRIZZLE
                        GRTST DEPTH:   0           7 = DUSTSTORM OR SANDSTORM:
                                                       VSBY 1/2 MILE OR LESS
                                                   8 = SMOKE OR HAZE
[NO. OF DAYS WITH]      [WEATHER - DAYS WITH]      9 = BLOWING SNOW
                                                   X = TORNADO
MAX 32 OR BELOW:   0    0.01 INCH OR MORE:   7
MAX 90 OR ABOVE:   0    0.10 INCH OR MORE:   5
MIN 32 OR BELOW:   0    0.50 INCH OR MORE:   0
MIN  0 OR BELOW:   0    1.00 INCH OR MORE:   0

[HDD (BASE 65) ]
TOTAL THIS MO.    90    CLEAR  (SCALE 0-3)  16
DPTR FM NORMAL   -33    PTCLDY (SCALE 4-7)  10
TOTAL FM JUL 1  1786    CLOUDY (SCALE 8-10)  1
DPTR FM NORMAL  -342

[CDD (BASE 65) ]
TOTAL THIS MO.     5
DPTR FM NORMAL   -26    [PRESSURE DATA]
TOTAL FM JAN 1    11    HIGHEST SLP M ON M
DPTR FM NORMAL   -25    LOWEST  SLP 29.72 ON  6

[REMARKS]
