000
CXUS51 KBTV 280701
CF6MPV
PRELIMINARY LOCAL CLIMATOLOGICAL DATA (WS FORM: F-6)

                                          STATION:   MONTPELIER VT
                                          MONTH:     FEBRUARY
                                          YEAR:      2017
                                          LATITUDE:   44 12 N
                                          LONGITUDE:  72 34 W

  TEMPERATURE IN F:       :PCPN:    SNOW:  WIND      :SUNSHINE: SKY     :PK WND
================================================================================
1   2   3   4   5  6A  6B    7    8   9   10  11  12  13   14  15   16   17  18
                                     12Z  AVG MX 2MIN
DY MAX MIN AVG DEP HDD CDD  WTR  SNW DPTH SPD SPD DIR MIN PSBL S-S WX    SPD DR
================================================================================

 1  30  13  22   5  43   0 0.05    M    0  2.3 10 270   M    M  10 1      14 260
 2  27  20  24   7  41   0    T    M    0  9.2 24 300   M    M   8        34 310
 3  23  14  19   1  46   0    T    M    0  6.0 17 290   M    M   9 18     24 280
 4  24  12  18   0  47   0 0.01    M    0  8.6 17 300   M    M   8 1      27 310
 5  31  20  26   8  39   0 0.01    M    0  9.7 22 290   M    M   9 1      31 280
 6  27  11  19   1  46   0 0.04    M    0  6.4 28 300   M    M   8 18     40 290
 7  24  15  20   2  45   0 0.27    M    0  5.7 22 200   M    M  10 18     30 200
 8  45  21  33  15  32   0 0.21    M    0  7.8 23 290   M    M   6 16     32 310
 9  22   2  12  -7  53   0 0.16    M    0  8.7 20 310   M    M   7 1      25 310
10   7   2   5 -14  60   0 0.03    M    0  9.3 30 300   M    M   7 19     38 300
11  16   3  10  -9  55   0 0.04    M    0  1.6  9 190   M    M  10 18     12 180
12  23  15  19   0  46   0 0.49    M    0  3.1 12 170   M    M  10 12     15 190
13  22  17  20   1  45   0 0.09    M    0  9.0 21 300   M    M  10 1      30 310
14  28   9  19  -1  46   0    T    M    0  2.7 15 310   M    M   7 18     21 300
15  32  22  27   7  38   0 0.04    M    0  6.6 16 290   M    M  10 18     20 290
16  24  20  22   2  43   0 0.03    M    0 11.5 22 310   M    M  10 1      30 310
17  27   7  17  -3  48   0    M    M    0 10.4 24 300   M    M   5 1      36 280
18  53   8  31  11  34   0 0.00  0.0    0  5.3 17 240   M    M   2        27 260
19  49  33  41  20  24   0 0.00  0.0    0  8.4 25 300   M    M   7        35 310
20  36  16  26   5  39   0 0.00  0.0    0  9.0 18 300   M    M   5        26 300
21  39   9  24   3  41   0    T    M    0  6.0 16 160   M    M   2        20 160
22  53  32  43  21  22   0 0.00  0.0    0  2.2  7 110   M    M   5         M  M
23  63  29  46  24  19   0 0.00  0.0    0  6.2 21 170   M    M   4        30 220
24  51  33  42  20  23   0 0.10    M    0  1.4 12 350   M    M   5 12     15 350
25  61  34  48  26  17   0 0.55    M    0 10.4 33 300   M    M   8 12     46 150
26  34  23  29   6  36   0 0.03    M    0 13.4 25 300   M    M   7 1      35 290
27  45  25  35  12  30   0 0.00  0.0    0  9.3 21 270   M    M   6        30 270
================================================================================
SM  916  465      1058   0  2.15     0.0 190.2          M      195
================================================================================
AV 33.9 17.2                               7.0 FASTST   M    M   7    MAX(MPH)
                                 MISC ---->  # 33 300               # 46  150
================================================================================
NOTES:
# LAST OF SEVERAL OCCURRENCES

COLUMN 17 PEAK WIND IN M.P.H.

PRELIMINARY LOCAL CLIMATOLOGICAL DATA (WS FORM: F-6) , PAGE 2

                                          STATION:  MONTPELIER VT
                                          MONTH:    FEBRUARY
                                          YEAR:     2017
                                          LATITUDE:   44 12 N
                                          LONGITUDE:  72 34 W

[TEMPERATURE DATA]      [PRECIPITATION DATA]       SYMBOLS USED IN COLUMN 16

AVERAGE MONTHLY: 25.6   TOTAL FOR MONTH:   2.15    1 = FOG OR MIST
DPTR FM NORMAL:   5.8   DPTR FM NORMAL:    0.18    2 = FOG REDUCING VISIBILITY
HIGHEST:    63 ON 23    GRTST 24HR  0.58 ON 25-26      TO 1/4 MILE OR LESS
LOWEST:      2 ON 10, 9                            3 = THUNDER
                        SNOW, ICE PELLETS, HAIL    4 = ICE PELLETS
                        TOTAL MONTH:   0.0 INCH    5 = HAIL
                        GRTST 24HR     0.0         6 = FREEZING RAIN OR DRIZZLE
                        GRTST DEPTH:   0           7 = DUSTSTORM OR SANDSTORM:
                                                       VSBY 1/2 MILE OR LESS
                                                   8 = SMOKE OR HAZE
[NO. OF DAYS WITH]      [WEATHER - DAYS WITH]      9 = BLOWING SNOW
                                                   X = TORNADO
MAX 32 OR BELOW:  16    0.01 INCH OR MORE:  16
MAX 90 OR ABOVE:   0    0.10 INCH OR MORE:   6
MIN 32 OR BELOW:  24    0.50 INCH OR MORE:   1
MIN  0 OR BELOW:   0    1.00 INCH OR MORE:   0

[HDD (BASE 65) ]
TOTAL THIS MO.  1058    CLEAR  (SCALE 0-3)   2
DPTR FM NORMAL  -162    PTCLDY (SCALE 4-7)  15
TOTAL FM JUL 1  5194    CLOUDY (SCALE 8-10) 10
DPTR FM NORMAL  -671

[CDD (BASE 65) ]
TOTAL THIS MO.     0
DPTR FM NORMAL     0    [PRESSURE DATA]
TOTAL FM JAN 1     0    HIGHEST SLP M ON M
DPTR FM NORMAL     0    LOWEST  SLP 29.37 ON 15

[REMARKS]
