000
CXUS54 KMAF 221100
CF6MRF
PRELIMINARY LOCAL CLIMATOLOGICAL DATA (WS FORM: F-6)

                                          STATION:   Marfa
                                          MONTH:     DECEMBER
                                          YEAR:      2014
                                          LATITUDE:   30 22 N
                                          LONGITUDE: 104  1 W

  TEMPERATURE IN F:       :PCPN:    SNOW:  WIND      :SUNSHINE: SKY     :PK WND
================================================================================
1   2   3   4   5  6A  6B    7    8   9   10  11  12  13   14  15   16   17  18
                                     12Z  AVG MX 2MIN
DY MAX MIN AVG DEP HDD CDD  WTR  SNW DPTH SPD SPD DIR MIN PSBL S-S WX    SPD DR
================================================================================

 1  52  27  40   M  25   0 0.00  0.0    0 10.2 20  60   M    M   0        21  40
 2  66  25  46   M  19   0 0.00  0.0    0  6.4 14 170   M    M   0        18 160
 3  73  37  55   M  10   0 0.00  0.0    0  6.7 16 270   M    M   0        23 270
 4  72  37  55   M  10   0 0.00  0.0    0  6.3 16 180   M    M   3        17 170
 5  68  37  53   M  12   0 0.00  0.0    0  8.4 18 280   M    M   0        24 280
 6  64  37  51   M  14   0 0.00  0.0    0  8.3 14  60   M    M   0        20 100
 7  63  37  50   M  15   0 0.00  0.0    0  5.9 12 140   M    M   1        16  80
 8  64  34  49   M  16   0 0.00  0.0    0  4.8  9  10   M    M   0         M  M
 9  57  34  46   M  19   0 0.00  0.0    0  4.7  9 130   M    M   4         M  M
10  63  41  52   M  13   0 0.01    M    0  4.5  8 170   M    M   7 3       M  M
11  72  36  54   M  11   0 0.00  0.0    0  5.6 13 170   M    M   2         M  M
12  70  36  53   M  12   0 0.00  0.0    0  5.7 13 200   M    M   1        16 200
13  70  36  53   M  12   0 0.00  0.0    0  8.3 17 170   M    M   0        24 170
14  61  32  47   M  18   0 0.00  0.0    0 11.7 23 270   M    M   0        30 250
15  63  28  46   M  19   0 0.00  0.0    0  8.6 17 270   M    M   0        23 260
16  61  28  45   M  20   0 0.00  0.0    0  7.0 15 150   M    M   0        21 150
17  64  30  47   M  18   0 0.00  0.0    0  5.8 18 260   M    M   1        25 240
18  61  25  43   M  22   0 0.00  0.0    0  5.2 12 170   M    M   1         M  M
19  55  25  40   M  25   0 0.00  0.0    0  8.0 16 270   M    M   0        24 270
20  61  19  40   M  25   0 0.00  0.0    0  7.0 15 250   M    M   0        28  30
21  61  23  42   M  23   0 0.00  0.0    0 10.3 23 270   M    M   0        27 260
================================================================================
SM 1341  664       358   0  0.01     0.0 149.4          M       20
================================================================================
AV 63.9 31.6                               7.1 FASTST   M    M   1    MAX(MPH)
                                 MISC ---->  # 23 270                 30    M
================================================================================
NOTES:
# LAST OF SEVERAL OCCURRENCES

COLUMN 17 PEAK WIND IN M.P.H.

PRELIMINARY LOCAL CLIMATOLOGICAL DATA (WS FORM: F-6) , PAGE 2

                                          STATION:  Marfa
                                          MONTH:    DECEMBER
                                          YEAR:     2014
                                          LATITUDE:   30 22 N
                                          LONGITUDE: 104  1 W

[TEMPERATURE DATA]      [PRECIPITATION DATA]       SYMBOLS USED IN COLUMN 16

AVERAGE MONTHLY: 47.7   TOTAL FOR MONTH:   0.01    1 = FOG OR MIST
DPTR FM NORMAL:     M   DPTR FM NORMAL:       M    2 = FOG REDUCING VISIBILITY
HIGHEST:    73 ON  3    GRTST 24HR  0.01 ON 10-10      TO 1/4 MILE OR LESS
LOWEST:     19 ON 20                               3 = THUNDER
                        SNOW, ICE PELLETS, HAIL    4 = ICE PELLETS
                        TOTAL MONTH:   0.0 INCH    5 = HAIL
                        GRTST 24HR     0.0         6 = FREEZING RAIN OR DRIZZLE
                        GRTST DEPTH:   0           7 = DUSTSTORM OR SANDSTORM:
                                                       VSBY 1/2 MILE OR LESS
                                                   8 = SMOKE OR HAZE
[NO. OF DAYS WITH]      [WEATHER - DAYS WITH]      9 = BLOWING SNOW
                                                   X = TORNADO
MAX 32 OR BELOW:   0    0.01 INCH OR MORE:   1
MAX 90 OR ABOVE:   0    0.10 INCH OR MORE:   0
MIN 32 OR BELOW:  10    0.50 INCH OR MORE:   0
MIN  0 OR BELOW:   0    1.00 INCH OR MORE:   0

[HDD (BASE 65) ]
TOTAL THIS MO.   358    CLEAR  (SCALE 0-3)  19
DPTR FM NORMAL     M    PTCLDY (SCALE 4-7)   2
TOTAL FM JUL 1  1037    CLOUDY (SCALE 8-10)  0
DPTR FM NORMAL     M

[CDD (BASE 65) ]
TOTAL THIS MO.     0
DPTR FM NORMAL     M    [PRESSURE DATA]
TOTAL FM JAN 1  1144    HIGHEST SLP M ON M
DPTR FM NORMAL     M    LOWEST  SLP M ON M

[REMARKS]
