000
CXUS54 KMAF 291100
CF6MRF
PRELIMINARY LOCAL CLIMATOLOGICAL DATA (WS FORM: F-6)

                                          STATION:   Marfa
                                          MONTH:     AUGUST
                                          YEAR:      2014
                                          LATITUDE:   30 22 N
                                          LONGITUDE: 104  1 W

  TEMPERATURE IN F:       :PCPN:    SNOW:  WIND      :SUNSHINE: SKY     :PK WND
================================================================================
1   2   3   4   5  6A  6B    7    8   9   10  11  12  13   14  15   16   17  18
                                     12Z  AVG MX 2MIN
DY MAX MIN AVG DEP HDD CDD  WTR  SNW DPTH SPD SPD DIR MIN PSBL S-S WX    SPD DR
================================================================================

 1  81  63  72   M   0   7 0.07  0.0    0  6.6 16 290   M    M   5 3      24 290
 2  82  63  73   M   0   8 0.03  0.0    0  7.5 17  40   M    M   8 3      24  40
 3  82  61  72   M   0   7 0.00  0.0    0  7.2 17  50   M    M   5        16  50
 4  86  57  72   M   0   7 0.00  0.0    0  6.4 14  80   M    M   2        16  60
 5  88  57  73   M   0   8 0.00  0.0    0  5.5 12 180   M    M   3         M  M
 6  90  61  76   M   0  11 0.06  0.0    0  6.1 20  60   M    M   2        23  60
 7  91  61  76   M   0  11 0.00  0.0    0  7.1 16 240   M    M   1        18  40
 8  90  63  77   M   0  12 0.00  0.0    0  6.9 15 310   M    M   3        21 310
 9  90  61  76   M   0  11 0.20  0.0    0  7.5 15 340   M    M   2 3       M  M
10  88  57  73   M   0   8 0.00  0.0    0  7.1 23  90   M    M   2 3      22  70
11  84  63  74   M   0   9 0.73  0.0    0  9.2 25  60   M    M   6        31  60
12  82  61  72   M   0   7 0.00  0.0    0  8.4 18 120   M    M   3 3      28 120
13  84  59  72   M   0   7 0.03  0.0    0  5.3  8 170   M    M   4 3       M  M
14  88  57  73   M   0   8 0.00  0.0    0  6.5 14 200   M    M   1        16 180
15  90  59  75   M   0  10 0.00  0.0    0  4.4  8 290   M    M   2         M  M
16  90  63  77   M   0  12 0.02  0.0    0  6.1 17  30   M    M   3 3      23  30
17  88  59  74   M   0   9 0.13  0.0    0  6.6 22  10   M    M   3 3      29  20
18  82  57  70   M   0   5 0.00  0.0    0  3.7  9 140   M    M   2 3       M  M
19  84  61  73   M   0   8 0.01  0.0    0  3.4 17 140   M    M   2 3       M  M
20  86  64  75   M   0  10 0.02  0.0    0  7.0 13 260   M    M   6 3      16 280
21  88  63  76   M   0  11 0.00  0.0    0  5.6 14 190   M    M   3 3      20 170
22  88  61  75   M   0  10 0.79  0.0    0  7.2 14 180   M    M   2 3      20 190
23  84  63  74   M   0   9 0.00  0.0    0  5.4 10 190   M    M   1 3       M  M
24  90  61  76   M   0  11 0.00  0.0    0  6.9 15  80   M    M   1        17  80
25  88  61  75   M   0  10 0.00  0.0    0  7.3 18  30   M    M   1 3      23 360
26  84  59  72   M   0   7 0.10  0.0    0  6.6 21 100   M    M   1        25 100
27  88  55  72   M   0   7 0.00  0.0    0  6.5 14 340   M    M   2        17 340
28  90  59  75   M   0  10 0.00  0.0    0  6.9 17  80   M    M   1        21 240
================================================================================
SM 2426 1689         0 250  2.19     0.0 180.9          M       77
================================================================================
AV 86.6 60.3                               6.5 FASTST   M    M   3    MAX(MPH)
                                 MISC ---->    25   M                 31    M
================================================================================
NOTES:
# LAST OF SEVERAL OCCURRENCES

COLUMN 17 PEAK WIND IN M.P.H.

PRELIMINARY LOCAL CLIMATOLOGICAL DATA (WS FORM: F-6) , PAGE 2

                                          STATION:  Marfa
                                          MONTH:    AUGUST
                                          YEAR:     2014
                                          LATITUDE:   30 22 N
                                          LONGITUDE: 104  1 W

[TEMPERATURE DATA]      [PRECIPITATION DATA]       SYMBOLS USED IN COLUMN 16

AVERAGE MONTHLY: 73.5   TOTAL FOR MONTH:   2.19    1 = FOG OR MIST
DPTR FM NORMAL:     M   DPTR FM NORMAL:       M    2 = FOG REDUCING VISIBILITY
HIGHEST:    91 ON  7    GRTST 24HR  0.79 ON 22-22      TO 1/4 MILE OR LESS
LOWEST:     55 ON 27                               3 = THUNDER
                        SNOW, ICE PELLETS, HAIL    4 = ICE PELLETS
                        TOTAL MONTH:   0.0 INCH    5 = HAIL
                        GRTST 24HR     0.0         6 = FREEZING RAIN OR DRIZZLE
                        GRTST DEPTH:   0           7 = DUSTSTORM OR SANDSTORM:
                                                       VSBY 1/2 MILE OR LESS
                                                   8 = SMOKE OR HAZE
[NO. OF DAYS WITH]      [WEATHER - DAYS WITH]      9 = BLOWING SNOW
                                                   X = TORNADO
MAX 32 OR BELOW:   0    0.01 INCH OR MORE:  12
MAX 90 OR ABOVE:   8    0.10 INCH OR MORE:   5
MIN 32 OR BELOW:   0    0.50 INCH OR MORE:   2
MIN  0 OR BELOW:   0    1.00 INCH OR MORE:   0

[HDD (BASE 65) ]
TOTAL THIS MO.     0    CLEAR  (SCALE 0-3)  21
DPTR FM NORMAL     M    PTCLDY (SCALE 4-7)   7
TOTAL FM JUL 1     0    CLOUDY (SCALE 8-10)  0
DPTR FM NORMAL     M

[CDD (BASE 65) ]
TOTAL THIS MO.   250
DPTR FM NORMAL     M    [PRESSURE DATA]
TOTAL FM JAN 1   981    HIGHEST SLP M ON M
DPTR FM NORMAL     M    LOWEST  SLP M ON M

[REMARKS]
