000
CXUS52 KMHX 170700
CF6MRH
PRELIMINARY LOCAL CLIMATOLOGICAL DATA (WS FORM: F-6)

                                          STATION:   BEAUFORT/SMITH FIELD NC
                                          MONTH:     JANUARY
                                          YEAR:      2017
                                          LATITUDE:   34 43 N
                                          LONGITUDE:  76 39 W

  TEMPERATURE IN F:       :PCPN:    SNOW:  WIND      :SUNSHINE: SKY     :PK WND
================================================================================
1   2   3   4   5  6A  6B    7    8   9   10  11  12  13   14  15   16   17  18
                                     12Z  AVG MX 2MIN
DY MAX MIN AVG DEP HDD CDD  WTR  SNW DPTH SPD SPD DIR MIN PSBL S-S WX    SPD DR
================================================================================

 1  59  49  54   9  11   0 0.00  0.0    0  4.6 13 240   M    M   8        17 230
 2  69  59  64  19   1   0 0.79  0.0    0  5.6 14 140   M    M  10 12     20 130
 3  67  55  61  16   4   0 0.14  0.0    0  8.8 20 220   M    M   9 12     25 230
 4  62  49  56  11   9   0 0.00  0.0    0  8.2 15 330   M    M   3 1       M  M
 5  52  39  46   1  19   0    T  0.0    0  8.1 18  10   M    M   4        23  20
 6  50  40  45   0  20   0    T  0.0    0 10.4 20  20   M    M   5        26  10
 7  42  24  33 -12  32   0 0.68    T    0 20.1 36 340   M    M   9 16     43 350
 8  29  19  24 -21  41   0 0.00  0.0    0 15.3 24 340   M    M   0        29 340
 9  38  19  29 -15  36   0 0.00  0.0    0  6.1 13 350   M    M   0        16 350
10  54  27  41  -3  24   0 0.07  0.0    0  4.9 12  20   M    M   5 1      15  20
11  70  46  58  14   7   0 0.02  0.0    0  6.1 14 190   M    M   6 12     18 180
12  70  51  61  17   4   0    T  0.0    0  7.0 14 220   M    M   5 12     18 210
13  67  50  59  15   6   0 0.00  0.0    0  7.3 16  40   M    M   2        22  40
14  61  47  54  10  11   0 0.00  0.0    0 11.0 21  20   M    M   6        26  40
15  57  44  51   7  14   0 0.00  0.0    0  6.9 15  60   M    M   6        19  20
16  55  44  50   6  15   0 0.00  0.0    0  7.5 14  40   M    M  10        18  50
================================================================================
SM  902  662       254   0  1.70    T    137.9          M       88
================================================================================
AV 56.4 41.4                               8.6 FASTST   M    M   6    MAX(MPH)
                                 MISC ---->  # 36 340               # 43  350
================================================================================
NOTES:
# LAST OF SEVERAL OCCURRENCES

COLUMN 17 PEAK WIND IN M.P.H.

PRELIMINARY LOCAL CLIMATOLOGICAL DATA (WS FORM: F-6) , PAGE 2

                                          STATION:  BEAUFORT/SMITH FIELD NC
                                          MONTH:    JANUARY
                                          YEAR:     2017
                                          LATITUDE:   34 43 N
                                          LONGITUDE:  76 39 W

[TEMPERATURE DATA]      [PRECIPITATION DATA]       SYMBOLS USED IN COLUMN 16

AVERAGE MONTHLY: 48.9   TOTAL FOR MONTH:   1.70    1 = FOG OR MIST
DPTR FM NORMAL:   4.4   DPTR FM NORMAL:   -0.29    2 = FOG REDUCING VISIBILITY
HIGHEST:    70 ON 12,11 GRTST 24HR  0.89 ON  2- 3      TO 1/4 MILE OR LESS
LOWEST:     19 ON  9, 8                            3 = THUNDER
                        SNOW, ICE PELLETS, HAIL    4 = ICE PELLETS
                        TOTAL MONTH:    T          5 = HAIL
                        GRTST 24HR    T  ON  7- 7  6 = FREEZING RAIN OR DRIZZLE
                        GRTST DEPTH:   0           7 = DUSTSTORM OR SANDSTORM:
                                                       VSBY 1/2 MILE OR LESS
                                                   8 = SMOKE OR HAZE
[NO. OF DAYS WITH]      [WEATHER - DAYS WITH]      9 = BLOWING SNOW
                                                   X = TORNADO
MAX 32 OR BELOW:   1    0.01 INCH OR MORE:   5
MAX 90 OR ABOVE:   0    0.10 INCH OR MORE:   3
MIN 32 OR BELOW:   4    0.50 INCH OR MORE:   2
MIN  0 OR BELOW:   0    1.00 INCH OR MORE:   0

[HDD (BASE 65) ]
TOTAL THIS MO.   254    CLEAR  (SCALE 0-3)   4
DPTR FM NORMAL   -73    PTCLDY (SCALE 4-7)   8
TOTAL FM JUL 1  1003    CLOUDY (SCALE 8-10)  4
DPTR FM NORMAL  -194

[CDD (BASE 65) ]
TOTAL THIS MO.     0
DPTR FM NORMAL     0    [PRESSURE DATA]
TOTAL FM JAN 1     0    HIGHEST SLP M ON M
DPTR FM NORMAL     0    LOWEST  SLP 29.66 ON  3

[REMARKS]
