003
CXUS56 KMTR 181000
CF6MRY
PRELIMINARY LOCAL CLIMATOLOGICAL DATA (WS FORM: F-6)

                                          STATION:   MONTEREY AIRPORT
                                          MONTH:     DECEMBER
                                          YEAR:      2017
                                          LATITUDE:   36 34 N
                                          LONGITUDE: 121 51 W

  TEMPERATURE IN F:       :PCPN:    SNOW:  WIND      :SUNSHINE: SKY     :PK WND
================================================================================
1   2   3   4   5  6A  6B    7    8   9   10  11  12  13   14  15   16   17  18
                                     12Z  AVG MX 2MIN
DY MAX MIN AVG DEP HDD CDD  WTR  SNW DPTH SPD SPD DIR MIN PSBL S-S WX    SPD DR
================================================================================

 1  59  40  50  -2  15   0 0.00  0.0    0  4.1 12 270   M    M   1 1      14 270
 2  60  41  51  -1  14   0 0.00  0.0    0  2.3  8  90   M    M   0 8      10  90
 3  58  41  50  -2  15   0 0.03  0.0    0  7.0 17 270   M    M   2 1      23 260
 4  62  39  51  -1  14   0 0.00  0.0    0  8.2 15  20   M    M   0        22  10
 5  66  40  53   1  12   0 0.00  0.0    0  7.3 15 100   M    M   0        18 100
 6  67  40  54   2  11   0 0.00  0.0    0  3.5 12 100   M    M   0        13 100
 7  72  39  56   4   9   0 0.00  0.0    0  3.8 13  90   M    M   0        13  90
 8  73  44  59   7   6   0 0.00  0.0    0  4.2  9 100   M    M   0        10  90
 9  77  39  58   6   7   0 0.00  0.0    0  2.6  8 280   M    M   0        10 280
10  77  41  59   7   6   0 0.00  0.0    0  4.0 14  90   M    M   0        15  90
11  74  46  60   8   5   0 0.00  0.0    0  3.4 13 100   M    M   3 8      13 100
12  76  43  60   8   5   0 0.00  0.0    0  4.5 14  90   M    M   0 8      16 290
13  72  40  56   5   9   0 0.00  0.0    0  4.9 16  90   M    M   0        17  90
14  68  41  55   4  10   0 0.00  0.0    0  4.1 12 230   M    M   0        13 240
15  63  43  53   2  12   0 0.00  0.0    0  4.2 13 230   M    M   1 8      17 240
16  63  45  54   3  11   0 0.00  0.0    0  7.8 16 310   M    M   2 1      24 290
17  63  44  54   3  11   0 0.00  0.0    0  6.9 12  90   M    M   0         M  M
================================================================================
SM 1150  706       172   0  0.03     0.0  82.8          M        9
================================================================================
AV 67.7 41.5                               4.9 FASTST   M    M   1    MAX(MPH)
                                 MISC ---->  # 17 270               # 24  290
================================================================================
NOTES:
# LAST OF SEVERAL OCCURRENCES

COLUMN 17 PEAK WIND IN M.P.H.

PRELIMINARY LOCAL CLIMATOLOGICAL DATA (WS FORM: F-6) , PAGE 2

                                          STATION:  MONTEREY AIRPORT
                                          MONTH:    DECEMBER
                                          YEAR:     2017
                                          LATITUDE:   36 34 N
                                          LONGITUDE: 121 51 W

[TEMPERATURE DATA]      [PRECIPITATION DATA]       SYMBOLS USED IN COLUMN 16

AVERAGE MONTHLY: 54.6   TOTAL FOR MONTH:   0.03    1 = FOG OR MIST
DPTR FM NORMAL:   2.9   DPTR FM NORMAL:   -0.95    2 = FOG REDUCING VISIBILITY
HIGHEST:    77 ON 10, 9 GRTST 24HR  0.03 ON  3- 3      TO 1/4 MILE OR LESS
LOWEST:     39 ON  9, 7                            3 = THUNDER
                        SNOW, ICE PELLETS, HAIL    4 = ICE PELLETS
                        TOTAL MONTH:   0.0 INCH    5 = HAIL
                        GRTST 24HR     0.0         6 = FREEZING RAIN OR DRIZZLE
                        GRTST DEPTH:   0           7 = DUSTSTORM OR SANDSTORM:
                                                       VSBY 1/2 MILE OR LESS
                                                   8 = SMOKE OR HAZE
[NO. OF DAYS WITH]      [WEATHER - DAYS WITH]      9 = BLOWING SNOW
                                                   X = TORNADO
MAX 32 OR BELOW:   0    0.01 INCH OR MORE:   1
MAX 90 OR ABOVE:   0    0.10 INCH OR MORE:   0
MIN 32 OR BELOW:   0    0.50 INCH OR MORE:   0
MIN  0 OR BELOW:   0    1.00 INCH OR MORE:   0

[HDD (BASE 65) ]
TOTAL THIS MO.   172    CLEAR  (SCALE 0-3)  16
DPTR FM NORMAL   -53    PTCLDY (SCALE 4-7)   1
TOTAL FM JUL 1   765    CLOUDY (SCALE 8-10)  0
DPTR FM NORMAL  -359

[CDD (BASE 65) ]
TOTAL THIS MO.     0
DPTR FM NORMAL     0    [PRESSURE DATA]
TOTAL FM JAN 1   186    HIGHEST SLP M ON M
DPTR FM NORMAL   148    LOWEST  SLP 29.92 ON 16

[REMARKS]
