000
CXUS56 KMTR 011000
CF6MRY
PRELIMINARY LOCAL CLIMATOLOGICAL DATA (WS FORM: F-6)

                                          STATION:   MONTEREY AIRPORT
                                          MONTH:     JULY
                                          YEAR:      2015
                                          LATITUDE:   36 34 N
                                          LONGITUDE: 121 51 W

  TEMPERATURE IN F:       :PCPN:    SNOW:  WIND      :SUNSHINE: SKY     :PK WND
================================================================================
1   2   3   4   5  6A  6B    7    8   9   10  11  12  13   14  15   16   17  18
                                     12Z  AVG MX 2MIN
DY MAX MIN AVG DEP HDD CDD  WTR  SNW DPTH SPD SPD DIR MIN PSBL S-S WX    SPD DR
================================================================================

 1  77  55  66   6   0   1 0.00  0.0    0  2.2 10  30   M    M   4 12     14  10
 2  75  57  66   6   0   1 0.00  0.0    0  4.8 17 220   M    M   6 1      23 230
 3  72  59  66   6   0   1 0.00  0.0    0  5.5 14 240   M    M   6 18     17 240
 4  71  58  65   5   0   0 0.01  0.0    0  6.2 15 240   M    M   7 128    32 220
 5  72  60  66   6   0   1 0.00  0.0    0  6.3 17 220   M    M   7 1      22 220
 6  71  59  65   5   0   0 0.00  0.0    0  5.1 14 280   M    M   4 18     18 260
 7  73  61  67   7   0   2 0.00  0.0    0  7.2 16 230   M    M   4        21 250
 8  71  60  66   6   0   1 0.00  0.0    0  6.9 15 260   M    M   7        21 250
 9  71  59  65   5   0   0 0.04  0.0    0  6.0 20 240   M    M   7 18     25 210
10  72  60  66   6   0   1 0.00  0.0    0  5.4 14 280   M    M   6 18     18 300
11  72  60  66   6   0   1 0.00  0.0    0  6.4 18 250   M    M   1        23 240
12  74  61  68   8   0   3 0.00  0.0    0  6.5 17 280   M    M   1        21 280
13  71  60  66   6   0   1 0.00  0.0    0  7.9 17 230   M    M   5        23 220
14  67  60  64   4   1   0 0.00  0.0    0  8.1 17 240   M    M  10 18     24 240
15  67  59  63   3   2   0 0.01  0.0    0  6.7 16 230   M    M  10 1      23 220
16  71  59  65   5   0   0 0.00  0.0    0  4.9 15 220   M    M   5 8      18 240
17  71  57  64   4   1   0 0.00  0.0    0  4.6 16 240   M    M   6 1      20 240
18  75  57  66   6   0   1 0.00  0.0    0  5.9 18 210   M    M   4        26 230
19  80  63  72  12   0   7 0.06  0.0    0  3.6 12 300   M    M   4 3      15 280
20  81  61  71  11   0   6 0.00  0.0    0  5.6 13 320   M    M   0        16 210
21  70  60  65   5   0   0 0.00  0.0    0  7.5 15 260   M    M   8        21 260
22  69  61  65   5   0   0 0.00  0.0    0  7.2 16 260   M    M   7        22 230
23  68  58  63   3   2   0 0.00  0.0    0  7.6 15 230   M    M   6        20 220
24  70  58  64   4   1   0 0.00  0.0    0  5.9 14 280   M    M   2        22 250
25  69  54  62   2   3   0 0.00  0.0    0  7.0 15 280   M    M   3 18     18 250
26  70  59  65   5   0   0 0.00  0.0    0  6.9 13 260   M    M   6 1      18 280
27  72  58  65   5   0   0 0.00  0.0    0  5.8 14 290   M    M   2        18 270
28  79  52  66   5   0   1 0.00  0.0    0  4.4 13 230   M    M   1 18     16 240
29  74  54  64   3   1   0 0.00  0.0    0  3.8 13 220   M    M   5 128    17 210
30  73  60  67   6   0   2 0.00  0.0    0  4.7 13 300   M    M   6 1      17 300
31  73  61  67   6   0   2 0.00  0.0    0  5.7 14 220   M    M   7 1      25 270
================================================================================
SM 2241 1820        11  32  0.12     0.0 182.3          M      157
================================================================================
AV 72.3 58.7                               5.9 FASTST   M    M   5    MAX(MPH)
                                 MISC ---->  # 20 240               # 32  220
================================================================================
NOTES:
# LAST OF SEVERAL OCCURRENCES

COLUMN 17 PEAK WIND IN M.P.H.

PRELIMINARY LOCAL CLIMATOLOGICAL DATA (WS FORM: F-6) , PAGE 2

                                          STATION:  MONTEREY AIRPORT
                                          MONTH:    JULY
                                          YEAR:     2015
                                          LATITUDE:   36 34 N
                                          LONGITUDE: 121 51 W

[TEMPERATURE DATA]      [PRECIPITATION DATA]       SYMBOLS USED IN COLUMN 16

AVERAGE MONTHLY: 65.5   TOTAL FOR MONTH:   0.12    1 = FOG OR MIST
DPTR FM NORMAL:   5.1   DPTR FM NORMAL:    0.11    2 = FOG REDUCING VISIBILITY
HIGHEST:    81 ON 20    GRTST 24HR  0.06 ON 19-19      TO 1/4 MILE OR LESS
LOWEST:     52 ON 28                               3 = THUNDER
                        SNOW, ICE PELLETS, HAIL    4 = ICE PELLETS
                        TOTAL MONTH:   0.0 INCH    5 = HAIL
                        GRTST 24HR     0.0         6 = FREEZING RAIN OR DRIZZLE
                        GRTST DEPTH:   0           7 = DUSTSTORM OR SANDSTORM:
                                                       VSBY 1/2 MILE OR LESS
                                                   8 = SMOKE OR HAZE
[NO. OF DAYS WITH]      [WEATHER - DAYS WITH]      9 = BLOWING SNOW
                                                   X = TORNADO
MAX 32 OR BELOW:   0    0.01 INCH OR MORE:   4
MAX 90 OR ABOVE:   0    0.10 INCH OR MORE:   0
MIN 32 OR BELOW:   0    0.50 INCH OR MORE:   0
MIN  0 OR BELOW:   0    1.00 INCH OR MORE:   0

[HDD (BASE 65) ]
TOTAL THIS MO.    11    CLEAR  (SCALE 0-3)   7
DPTR FM NORMAL  -135    PTCLDY (SCALE 4-7)  21
TOTAL FM JUL 1    11    CLOUDY (SCALE 8-10)  3
DPTR FM NORMAL  -135

[CDD (BASE 65) ]
TOTAL THIS MO.    32
DPTR FM NORMAL    28    [PRESSURE DATA]
TOTAL FM JAN 1    44    HIGHEST SLP M ON M
DPTR FM NORMAL    34    LOWEST  SLP 29.77 ON 17

[REMARKS]
#FINAL-07-15#
