000
CXUS54 KHUN 011015
CF6MSL
PRELIMINARY LOCAL CLIMATOLOGICAL DATA (WS FORM: F-6)

                                          STATION:   MUSCLE SHOALS
                                          MONTH:     JULY
                                          YEAR:      2014
                                          LATITUDE:   34 45 N
                                          LONGITUDE:  87 37 W

  TEMPERATURE IN F:       :PCPN:    SNOW:  WIND      :SUNSHINE: SKY     :PK WND
================================================================================
1   2   3   4   5  6A  6B    7    8   9   10  11  12  13   14  15   16   17  18
                                     12Z  AVG MX 2MIN
DY MAX MIN AVG DEP HDD CDD  WTR  SNW DPTH SPD SPD DIR MIN PSBL S-S WX    SPD DR
================================================================================

 1  96  72  84   4   0  19 0.00  0.0    0  5.9 15 280   M    M   0        21 210
 2  93  68  81   1   0  16 0.00  0.0    0  4.3 13 280   M    M   1        20 290
 3  86  67  77  -3   0  12 0.00  0.0    0  5.0 14 340   M    M   2        18 340
 4  83  64  74  -6   0   9 0.00  0.0    0  5.0 12 340   M    M   1        18 360
 5  88  56  72  -8   0   7 0.00  0.0    0  1.9  9 210   M    M   0        16 170
 6  92  61  77  -3   0  12 0.00  0.0    0  2.1 12 210   M    M   2        15 240
 7  91  61  76  -4   0  11 0.00  0.0    0  5.6 15 210   M    M   2        21 240
 8  91  68  80   0   0  15 2.12  0.0    0  8.1 20 310   M    M   2 3      28  30
 9  86  69  78  -2   0  13 0.48  0.0    0  6.2 20 270   M    M   3 3      24 290
10  90  69  80   0   0  15 0.00  0.0    0  2.4  8 340   M    M   3 1      13 330
11  92  66  79  -1   0  14 0.00  0.0    0  1.0  7 350   M    M   1 1      10  60
12  94  68  81   1   0  16 0.00  0.0    0  0.8  7  90   M    M   1         9  10
13  94  70  82   2   0  17 0.00  0.0    0  3.3 12 240   M    M   0        15 230
14  95  71  83   3   0  18 0.12  0.0    0  6.7 20 300   M    M   2        25 320
15  86  66  76  -4   0  11 0.04  0.0    0  5.3 15 300   M    M   5        20 330
16  81  59  70 -10   0   5 0.00  0.0    0  3.7 13 340   M    M   1        18 340
17  80  59  70 -11   0   5    T  0.0    0  1.2  9  90   M    M   1        12 120
18  71  65  68 -13   0   3 2.10  0.0    0  5.1 14 110   M    M  10        18 110
19  78  70  74  -7   0   9 0.16  0.0    0  6.7 14 260   M    M  10        17 250
20  86  68  77  -4   0  12 0.00  0.0    0  1.6  7 340   M    M   6         9 350
21  91  66  79  -2   0  14 0.00  0.0    0  1.8  9 340   M    M   2 18     13  10
22  88  69  79  -2   0  14 0.00  0.0    0  2.3 14 170   M    M   2 1      15 170
23  88  71  80  -1   0  15 0.00  0.0    0  1.8 14 330   M    M   2 138    16 340
24  88  66  77  -4   0  12 0.00  0.0    0  4.6 13 300   M    M   5 18     18 300
25  88  62  75  -6   0  10 0.00  0.0    0  0.9  9 300   M    M   1 1      15 310
26  91  62  77  -4   0  12 0.00  0.0    0  3.8 12 300   M    M   1 12     16 290
27  94  71  83   2   0  18 0.00  0.0    0  9.2 22 240   M    M   2 1      28 250
28  88  68  78  -3   0  13 0.00  0.0    0  6.6 14 310   M    M   1        21 290
29  80  60  70 -11   0   5 0.00  0.0    0  4.9 14 340   M    M   1        22 330
30  85  55  70 -11   0   5 0.00  0.0    0  2.1  9 350   M    M   1 1      14  10
31  86  64  75  -6   0  10 0.00  0.0    0  2.2  9 340   M    M   2 1      15  10
================================================================================
SM 2720 2031         0 367  5.02     0.0 122.1          M       73
================================================================================
AV 87.7 65.5                               3.9 FASTST   M    M   2    MAX(MPH)
                                 MISC ---->  # 22 240               # 28   30
================================================================================
NOTES:
# LAST OF SEVERAL OCCURRENCES

COLUMN 17 PEAK WIND IN M.P.H.

PRELIMINARY LOCAL CLIMATOLOGICAL DATA (WS FORM: F-6) , PAGE 2

                                          STATION:  MUSCLE SHOALS
                                          MONTH:    JULY
                                          YEAR:     2014
                                          LATITUDE:   34 45 N
                                          LONGITUDE:  87 37 W

[TEMPERATURE DATA]      [PRECIPITATION DATA]       SYMBOLS USED IN COLUMN 16

AVERAGE MONTHLY: 76.6   TOTAL FOR MONTH:   5.02    1 = FOG OR MIST
DPTR FM NORMAL:  -3.8   DPTR FM NORMAL:    0.72    2 = FOG REDUCING VISIBILITY
HIGHEST:    96 ON  1    GRTST 24HR  2.60 ON  8- 9      TO 1/4 MILE OR LESS
LOWEST:     55 ON 30                               3 = THUNDER
                        SNOW, ICE PELLETS, HAIL    4 = ICE PELLETS
                        TOTAL MONTH:   0.0 INCH    5 = HAIL
                        GRTST 24HR     0.0         6 = FREEZING RAIN OR DRIZZLE
                        GRTST DEPTH:   0           7 = DUSTSTORM OR SANDSTORM:
                                                       VSBY 1/2 MILE OR LESS
                                                   8 = SMOKE OR HAZE
[NO. OF DAYS WITH]      [WEATHER - DAYS WITH]      9 = BLOWING SNOW
                                                   X = TORNADO
MAX 32 OR BELOW:   0    0.01 INCH OR MORE:   6
MAX 90 OR ABOVE:  13    0.10 INCH OR MORE:   5
MIN 32 OR BELOW:   0    0.50 INCH OR MORE:   2
MIN  0 OR BELOW:   0    1.00 INCH OR MORE:   2

[HDD (BASE 65) ]
TOTAL THIS MO.     0    CLEAR  (SCALE 0-3)  26
DPTR FM NORMAL     0    PTCLDY (SCALE 4-7)   3
TOTAL FM JUL 1     0    CLOUDY (SCALE 8-10)  2
DPTR FM NORMAL     0

[CDD (BASE 65) ]
TOTAL THIS MO.   367
DPTR FM NORMAL  -110    [PRESSURE DATA]
TOTAL FM JAN 1  1025    HIGHEST SLP 30.24 ON  4
DPTR FM NORMAL   -58    LOWEST  SLP 29.87 ON 14

[REMARKS]
#FINAL-07-14#
