000
CXUS55 KMSO 230900
CF6MSO
PRELIMINARY LOCAL CLIMATOLOGICAL DATA (WS FORM: F-6)

                                          STATION:   MISSOULA MT
                                          MONTH:     JANUARY
                                          YEAR:      2018
                                          LATITUDE:   46 55 N
                                          LONGITUDE: 114  5 W

  TEMPERATURE IN F:       :PCPN:    SNOW:  WIND      :SUNSHINE: SKY     :PK WND
================================================================================
1   2   3   4   5  6A  6B    7    8   9   10  11  12  13   14  15   16   17  18
                                     12Z  AVG MX 2MIN
DY MAX MIN AVG DEP HDD CDD  WTR  SNW DPTH SPD SPD DIR MIN PSBL S-S WX    SPD DR
================================================================================

 1  20   7  14 -10  51   0    T    T    9  1.9 10 310   M    M   7 128    13  10
 2  15   6  11 -13  54   0    T  0.3    8  3.0 10 120   M    M   7 18     12 130
 3  18   8  13 -11  52   0 0.07  0.8    8  0.3  5 250   M    M   9 1       6 250
 4  22  14  18  -6  47   0 0.00  0.0    8  2.7  9 130   M    M  10 1      10 130
 5  28  21  25   1  40   0 0.01    T    8  0.6  5 130   M    M   9 168     5 130
 6  34  23  29   5  36   0 0.02    T    8  1.9  7 220   M    M   9 168     7 300
 7  37  27  32   8  33   0 0.00  0.0    7  2.5  8 190   M    M  10 18     10 240
 8  39  27  33   8  32   0 0.00  0.0    6  1.7  8 280   M    M   6 18      9 280
 9  35  27  31   6  34   0 0.05  0.0    6  1.2  7 270   M    M  10 1       7 260
10  37  28  33   8  32   0    T    T    6  6.8 22 280   M    M   9 1      26 270
11  33  27  30   5  35   0 0.17  2.2    6  3.8 12 140   M    M  10 18     13 110
12  36  30  33   8  32   0    T    T    8  1.1  8 220   M    M  10 12      8 220
13  42  30  36  11  29   0    T  0.0    7  3.2 10 280   M    M  10 12      M  M
14  38  26  32   6  33   0 0.00  0.0    6  1.4 10 120   M    M   8 1      12 120
15  39  24  32   6  33   0 0.00  0.0    6 12.7 24 120   M    M   2 1      29 120
16  37  20  29   3  36   0 0.00  0.0    5  8.2 21 130   M    M   3        23 120
17  32  14  23  -3  42   0    T  0.0    5  1.7  9 230   M    M   6 12     10 230
18  39  22  31   5  34   0 0.23    T    5  4.7 22 320   M    M   7 1      30 330
19  37  31  34   8  31   0 0.01    T    4  2.9 10 230   M    M   9 12     13 210
20  38  26  32   6  33   0    T    T    4  4.0 14 120   M    M  10        18 120
21  36  25  31   5  34   0    T    T    0  8.7 16 140   M    M   6        20 140
22  37  26  32   5  33   0 0.01  0.2    4  5.3 16 160   M    M   8 18     20 160
================================================================================
SM  729  489       816   0  0.57     3.5  80.3          M      175
================================================================================
AV 33.1 22.2                               3.7 FASTST   M    M   8    MAX(MPH)
                                 MISC ---->  # 24 120               # 30  330
================================================================================
NOTES:
# LAST OF SEVERAL OCCURRENCES

COLUMN 17 PEAK WIND IN M.P.H.

PRELIMINARY LOCAL CLIMATOLOGICAL DATA (WS FORM: F-6) , PAGE 2

                                          STATION:  MISSOULA MT
                                          MONTH:    JANUARY
                                          YEAR:     2018
                                          LATITUDE:   46 55 N
                                          LONGITUDE: 114  5 W

[TEMPERATURE DATA]      [PRECIPITATION DATA]       SYMBOLS USED IN COLUMN 16

AVERAGE MONTHLY: 27.7   TOTAL FOR MONTH:   0.57    1 = FOG OR MIST
DPTR FM NORMAL:   2.5   DPTR FM NORMAL:   -0.06    2 = FOG REDUCING VISIBILITY
HIGHEST:    42 ON 13    GRTST 24HR  0.23 ON 18-18      TO 1/4 MILE OR LESS
LOWEST:      6 ON  2                               3 = THUNDER
                        SNOW, ICE PELLETS, HAIL    4 = ICE PELLETS
                        TOTAL MONTH:   3.5 INCHES  5 = HAIL
                        GRTST 24HR   2.2 ON   M    6 = FREEZING RAIN OR DRIZZLE
                        GRTST DEPTH:   9 ON  1     7 = DUSTSTORM OR SANDSTORM:
                                                       VSBY 1/2 MILE OR LESS
                                                   8 = SMOKE OR HAZE
[NO. OF DAYS WITH]      [WEATHER - DAYS WITH]      9 = BLOWING SNOW
                                                   X = TORNADO
MAX 32 OR BELOW:   6    0.01 INCH OR MORE:   8
MAX 90 OR ABOVE:   0    0.10 INCH OR MORE:   2
MIN 32 OR BELOW:  22    0.50 INCH OR MORE:   0
MIN  0 OR BELOW:   0    1.00 INCH OR MORE:   0

[HDD (BASE 65) ]
TOTAL THIS MO.   816    CLEAR  (SCALE 0-3)   2
DPTR FM NORMAL   -60    PTCLDY (SCALE 4-7)   8
TOTAL FM JUL 1  3990    CLOUDY (SCALE 8-10) 12
DPTR FM NORMAL   -58

[CDD (BASE 65) ]
TOTAL THIS MO.     0
DPTR FM NORMAL     0    [PRESSURE DATA]
TOTAL FM JAN 1     0    HIGHEST SLP M ON M
DPTR FM NORMAL     0    LOWEST  SLP 29.59 ON M

[REMARKS]
