000
CXUS51 KBTV 240700
CF6MSS
PRELIMINARY LOCAL CLIMATOLOGICAL DATA (WS FORM: F-6)

                                          STATION:   MASSENA NY
                                          MONTH:     AUGUST
                                          YEAR:      2017
                                          LATITUDE:   44 55 N
                                          LONGITUDE:  74 51 W

  TEMPERATURE IN F:       :PCPN:    SNOW:  WIND      :SUNSHINE: SKY     :PK WND
================================================================================
1   2   3   4   5  6A  6B    7    8   9   10  11  12  13   14  15   16   17  18
                                     12Z  AVG MX 2MIN
DY MAX MIN AVG DEP HDD CDD  WTR  SNW DPTH SPD SPD DIR MIN PSBL S-S WX    SPD DR
================================================================================

 1  85  57  71   2   0   6 0.00  0.0    0  0.9  9 310   M    M   3 12     14 260
 2  87  59  73   5   0   8 0.00  0.0    0  5.1 21 330   M    M   1        27 330
 3  83  61  72   4   0   7 0.01  0.0    0  3.1 18 150   M    M   3 13     28 150
 4  86  61  74   6   0   9 0.50  0.0    0  6.9 25 240   M    M   4 13     33 220
 5  76  60  68   0   0   3 0.14  0.0    0 14.8 28 230   M    M   6 1      38 220
 6  73  54  64  -4   1   0 0.12  0.0    0  7.8 21 280   M    M   6 12     27 280
 7  73  52  63  -5   2   0 0.04  0.0    0  3.7 13  20   M    M   6 12     17  30
 8  76  53  65  -3   0   0 0.00  0.0    0  6.0 15 300   M    M   6 12     20 260
 9  76  60  68   0   0   3 0.04  0.0    0  7.0 16 290   M    M   4 18     22 250
10  82  55  69   1   0   4    T  0.0    0  1.5  7 360   M    M   2 12     10 310
11  83  58  71   3   0   6 0.00  0.0    0  3.8 17 190   M    M   2 13     23 190
12  81  62  72   5   0   7 1.04  0.0    0  7.3 21 240   M    M   7 13     27 210
13  79  61  70   3   0   5    T  0.0    0  7.9 15 270   M    M   2        18 270
14  80  58  69   2   0   4 0.00  0.0    0  5.7 14 220   M    M   0        20 270
15  81  61  71   4   0   6 0.19  0.0    0  4.4 21 230   M    M   6 13     27 220
16  74  53  64  -3   1   0 0.00  0.0    0  5.1 14 340   M    M   3        20 280
17  78  51  65  -2   0   0    T  0.0    0  4.1 12 230   M    M   1        13 230
18  87  63  75   9   0  10 0.81  0.0    0  6.9 20 220   M    M   6 1      25 200
19  79  65  72   6   0   7    T  0.0    0  9.7 23 230   M    M   8        35 250
20  80  60  70   4   0   5 0.00  0.0    0  8.7 16 220   M    M   2        21 220
21  83  63  73   7   0   8 0.00  0.0    0  9.0 20 220   M    M   0        24 210
22  84  63  74   8   0   9 0.27  0.0    0 10.0 24 250   M    M   2 13     32 250
23  74  56  65  -1   0   0 0.18  0.0    0 12.3 22 210   M    M   4 1      30 220
================================================================================
SM 1840 1346         4 107  3.34     0.0 151.7          M       84
================================================================================
AV 80.0 58.5                               6.6 FASTST   M    M   4    MAX(MPH)
                                 MISC ---->  # 28 230               # 38  220
================================================================================
NOTES:
# LAST OF SEVERAL OCCURRENCES

COLUMN 17 PEAK WIND IN M.P.H.

PRELIMINARY LOCAL CLIMATOLOGICAL DATA (WS FORM: F-6) , PAGE 2

                                          STATION:  MASSENA NY
                                          MONTH:    AUGUST
                                          YEAR:     2017
                                          LATITUDE:   44 55 N
                                          LONGITUDE:  74 51 W

[TEMPERATURE DATA]      [PRECIPITATION DATA]       SYMBOLS USED IN COLUMN 16

AVERAGE MONTHLY: 69.3   TOTAL FOR MONTH:   3.34    1 = FOG OR MIST
DPTR FM NORMAL:   2.0   DPTR FM NORMAL:    0.68    2 = FOG REDUCING VISIBILITY
HIGHEST:    87 ON 18, 2 GRTST 24HR  1.04 ON 12-12      TO 1/4 MILE OR LESS
LOWEST:     51 ON 17                               3 = THUNDER
                        SNOW, ICE PELLETS, HAIL    4 = ICE PELLETS
                        TOTAL MONTH:   0.0 INCH    5 = HAIL
                        GRTST 24HR     0.0         6 = FREEZING RAIN OR DRIZZLE
                        GRTST DEPTH:   0           7 = DUSTSTORM OR SANDSTORM:
                                                       VSBY 1/2 MILE OR LESS
                                                   8 = SMOKE OR HAZE
[NO. OF DAYS WITH]      [WEATHER - DAYS WITH]      9 = BLOWING SNOW
                                                   X = TORNADO
MAX 32 OR BELOW:   0    0.01 INCH OR MORE:  11
MAX 90 OR ABOVE:   0    0.10 INCH OR MORE:   8
MIN 32 OR BELOW:   0    0.50 INCH OR MORE:   3
MIN  0 OR BELOW:   0    1.00 INCH OR MORE:   1

[HDD (BASE 65) ]
TOTAL THIS MO.     4    CLEAR  (SCALE 0-3)  12
DPTR FM NORMAL   -26    PTCLDY (SCALE 4-7)  11
TOTAL FM JUL 1    15    CLOUDY (SCALE 8-10)  0
DPTR FM NORMAL   -38

[CDD (BASE 65) ]
TOTAL THIS MO.   107
DPTR FM NORMAL    24    [PRESSURE DATA]
TOTAL FM JAN 1   326    HIGHEST SLP M ON M
DPTR FM NORMAL     9    LOWEST  SLP 29.64 ON 22

[REMARKS]
