548
CXUS55 KGJT 011000
CF6MTJ
PRELIMINARY LOCAL CLIMATOLOGICAL DATA (WS FORM: F-6)

                                          STATION:   MONTROSE CO
                                          MONTH:     APRIL
                                          YEAR:      2016
                                          LATITUDE:   38 30 N
                                          LONGITUDE: 107 53 W

  TEMPERATURE IN F:       :PCPN:    SNOW:  WIND      :SUNSHINE: SKY     :PK WND
================================================================================
1   2   3   4   5  6A  6B    7    8   9   10  11  12  13   14  15   16   17  18
                                     12Z  AVG MX 2MIN
DY MAX MIN AVG DEP HDD CDD  WTR  SNW DPTH SPD SPD DIR MIN PSBL S-S WX    SPD DR
================================================================================

 1  52  22  37  -8  28   0 0.00    M    M  7.0 15 330   M    M   0        18 330
 2  61  25  43  -3  22   0 0.00    M    M  7.2 14 130   M    M   0        17 330
 3  66  30  48   2  17   0 0.00    M    M  7.6 20 160   M    M   0        23 160
 4  71  32  52   6  13   0 0.00    M    M  7.6 17 240   M    M   1        22 240
 5  67  32  50   4  15   0 0.00    M    M 12.0 43 320   M    M   3 8      54 330
 6  64  24  44  -2  21   0 0.00    M    M  7.2 15 140   M    M   0        18 290
 7  70  32  51   4  14   0 0.00    M    M  7.6 14 150   M    M   0        16 140
 8  74  38  56   9   9   0    T    M    M  7.6 32 150   M    M   2        43 150
 9  60  42  51   4  14   0 0.12    M    M  5.4 23 240   M    M   7 3      27 230
10  66  41  54   7  11   0 0.00    M    M  8.6 25 160   M    M   4        31 160
11  67  38  53   5  12   0 0.00    M    M  9.4 23 290   M    M   3        28 300
12  67  42  55   7  10   0 0.00    M    M  8.9 22 140   M    M   2 3      25  40
13  71  38  55   7  10   0 0.00    M    M  7.7 24 220   M    M   2        32 230
14  72  44  58  10   7   0 0.00    M    M 11.8 31 210   M    M   3        42 210
15  51  35  43  -6  22   0 0.47    M    M  7.8 31 310   M    M   9 1      38 310
16  43  34  39 -10  26   0 0.14    M    M  8.4 21 300   M    M  10 1      26 290
17  49  33  41  -8  24   0    T    M    M  7.4 20 300   M    M   8 1      23 320
18  46  34  40 -10  25   0 0.02    M    M  6.5 20 250   M    M   9        25 270
19  52  30  41  -9  24   0 0.01    M    M  4.8 14 280   M    M   6        17 280
20  63  40  52   2  13   0 0.05    M    M  3.8 14 350   M    M   6        21 350
21  71  37  54   4  11   0 0.00    M    M  6.3 16 140   M    M   0        19 150
22  78  40  59   8   6   0 0.00    M    M  9.4 26 190   M    M   0        35 240
23  73  43  58   7   7   0    T    M    M 17.9 40 230   M    M   2 38     55 220
24  68  40  54   3  11   0 0.00    M    M  6.8 20 260   M    M   5        24 290
25  67  38  53   1  12   0 0.05    M    M 12.5 31 190   M    M   5        40 190
26  49  36  43  -9  22   0 0.14    M    M  6.1 22 170   M    M   8 1      29 170
27  56  34  45  -7  20   0    T    M    M  3.4 17 310   M    M   7        22 320
28  59  42  51  -1  14   0 0.07    M    M  6.1 18 270   M    M   7 13     23 320
29  53  38  46  -7  19   0 0.03    M    M  7.6 21 260   M    M   5        26 260
30  55  36  46  -7  19   0 0.00    M    M  6.8 20 320   M    M   6        27 320
================================================================================
SM 1861 1070       478   0  1.10    M    237.2          M      120
================================================================================
AV 62.0 35.7                               7.9 FASTST   M    M   4    MAX(MPH)
                                 MISC ---->  # 43 320               # 55  220
================================================================================
NOTES:
# LAST OF SEVERAL OCCURRENCES

COLUMN 17 PEAK WIND IN M.P.H.

PRELIMINARY LOCAL CLIMATOLOGICAL DATA (WS FORM: F-6) , PAGE 2

                                          STATION:  MONTROSE CO
                                          MONTH:    APRIL
                                          YEAR:     2016
                                          LATITUDE:   38 30 N
                                          LONGITUDE: 107 53 W

[TEMPERATURE DATA]      [PRECIPITATION DATA]       SYMBOLS USED IN COLUMN 16

AVERAGE MONTHLY: 48.8   TOTAL FOR MONTH:   1.10    1 = FOG OR MIST
DPTR FM NORMAL:  -0.2   DPTR FM NORMAL:    0.13    2 = FOG REDUCING VISIBILITY
HIGHEST:    78 ON 22    GRTST 24HR  0.54 ON 15-16      TO 1/4 MILE OR LESS
LOWEST:     22 ON  1                               3 = THUNDER
                        SNOW, ICE PELLETS, HAIL    4 = ICE PELLETS
                        TOTAL MONTH:    M          5 = HAIL
                        GRTST 24HR    M  ON   M    6 = FREEZING RAIN OR DRIZZLE
                        GRTST DEPTH:  M  ON   M    7 = DUSTSTORM OR SANDSTORM:
                                                       VSBY 1/2 MILE OR LESS
                                                   8 = SMOKE OR HAZE
[NO. OF DAYS WITH]      [WEATHER - DAYS WITH]      9 = BLOWING SNOW
                                                   X = TORNADO
MAX 32 OR BELOW:   0    0.01 INCH OR MORE:  10
MAX 90 OR ABOVE:   0    0.10 INCH OR MORE:   4
MIN 32 OR BELOW:   8    0.50 INCH OR MORE:   0
MIN  0 OR BELOW:   0    1.00 INCH OR MORE:   0

[HDD (BASE 65) ]
TOTAL THIS MO.   478    CLEAR  (SCALE 0-3)  15
DPTR FM NORMAL    -4    PTCLDY (SCALE 4-7)  12
TOTAL FM JUL 1  5657    CLOUDY (SCALE 8-10)  3
DPTR FM NORMAL  -281

[CDD (BASE 65) ]
TOTAL THIS MO.     0
DPTR FM NORMAL     0    [PRESSURE DATA]
TOTAL FM JAN 1     0    HIGHEST SLP 30.44 ON  6
DPTR FM NORMAL     0    LOWEST  SLP 29.41 ON 25

[REMARKS]
#FINAL-04-16#
