000
CXUS55 KGJT 241000
CF6MTJ
PRELIMINARY LOCAL CLIMATOLOGICAL DATA (WS FORM: F-6)

                                          STATION:   MONTROSE CO
                                          MONTH:     OCTOBER
                                          YEAR:      2014
                                          LATITUDE:   38 30 N
                                          LONGITUDE: 107 53 W

  TEMPERATURE IN F:       :PCPN:    SNOW:  WIND      :SUNSHINE: SKY     :PK WND
================================================================================
1   2   3   4   5  6A  6B    7    8   9   10  11  12  13   14  15   16   17  18
                                     12Z  AVG MX 2MIN
DY MAX MIN AVG DEP HDD CDD  WTR  SNW DPTH SPD SPD DIR MIN PSBL S-S WX    SPD DR
================================================================================

 1  52  41  47  -9  18   0 0.35    M    M  8.1 21 310   M    M   8 1      26 300
 2  58  38  48  -8  17   0 0.00    M    M  4.0  9 150   M    M   2        12  20
 3  66  33  50  -5  15   0 0.00    M    M  5.4 12 140   M    M   0        13 130
 4  68  36  52  -3  13   0 0.00    M    M  6.3 14 130   M    M   0        16 140
 5  70  39  55   1  10   0 0.00    M    M  6.0 15 130   M    M   0        17 130
 6  71  39  55   1  10   0 0.00    M    M  6.8 13 140   M    M   0        17 330
 7  72  40  56   2   9   0 0.00    M    M  5.8 13 150   M    M   0        14 150
 8  70  46  58   5   7   0 0.00    M    M  4.9 10 330   M    M   2        13 340
 9  58  50  54   1  11   0 0.44    M    M  3.5  9 270   M    M  10 1      12 290
10  64  47  56   4   9   0    T    M    M  3.7 12 150   M    M   7        14 150
11  69  42  56   4   9   0 0.00    M    M  5.9 14 160   M    M   2        14 160
12  59  36  48  -4  17   0 0.01    M    M 10.1 38 310   M    M   4 38     46 310
13  57  32  45  -6  20   0 0.00    M    M  5.4 13 140   M    M   0        14 140
14  67  31  49  -2  16   0 0.00    M    M  5.9 10 140   M    M   0        11 160
15  69  35  52   2  13   0 0.00    M    M  6.4 14 340   M    M   0        16 340
16  75  41  58   8   7   0 0.00    M    M  8.1 15 140   M    M   0        17 130
17  72  37  55   5  10   0 0.00    M    M  5.8 14 140   M    M   0        16 140
18  70  44  57   8   8   0    T    M    M  5.8 12 330   M    M   4        14 300
19  73  48  61  12   4   0 0.00    M    M  6.4 12 150   M    M   4        14 150
20  74  42  58  10   7   0 0.00    M    M  6.9 21 240   M    M   2        27 250
21  66  47  57   9   8   0    T    M    M  6.6 21 150   M    M   7        24 150
22  69  43  56   8   9   0    T    M    M  6.4 16 330   M    M   5 3      19 330
23  72  38  55   8  10   0 0.00    M    M  5.5 12 140   M    M   0        12 140
================================================================================
SM 1541  925       257   0  0.80    M    139.7          M       57
================================================================================
AV 67.0 40.2                               6.1 FASTST   M    M   2    MAX(MPH)
                                 MISC ---->  # 38 310               # 46  310
================================================================================
NOTES:
# LAST OF SEVERAL OCCURRENCES

COLUMN 17 PEAK WIND IN M.P.H.

PRELIMINARY LOCAL CLIMATOLOGICAL DATA (WS FORM: F-6) , PAGE 2

                                          STATION:  MONTROSE CO
                                          MONTH:    OCTOBER
                                          YEAR:     2014
                                          LATITUDE:   38 30 N
                                          LONGITUDE: 107 53 W

[TEMPERATURE DATA]      [PRECIPITATION DATA]       SYMBOLS USED IN COLUMN 16

AVERAGE MONTHLY: 53.6   TOTAL FOR MONTH:   0.80    1 = FOG OR MIST
DPTR FM NORMAL:   2.0   DPTR FM NORMAL:   -0.20    2 = FOG REDUCING VISIBILITY
HIGHEST:    75 ON 16    GRTST 24HR  0.44 ON  9- 9      TO 1/4 MILE OR LESS
LOWEST:     31 ON 14                               3 = THUNDER
                        SNOW, ICE PELLETS, HAIL    4 = ICE PELLETS
                        TOTAL MONTH:    M          5 = HAIL
                        GRTST 24HR    M  ON   M    6 = FREEZING RAIN OR DRIZZLE
                        GRTST DEPTH:  M  ON   M    7 = DUSTSTORM OR SANDSTORM:
                                                       VSBY 1/2 MILE OR LESS
                                                   8 = SMOKE OR HAZE
[NO. OF DAYS WITH]      [WEATHER - DAYS WITH]      9 = BLOWING SNOW
                                                   X = TORNADO
MAX 32 OR BELOW:   0    0.01 INCH OR MORE:   3
MAX 90 OR ABOVE:   0    0.10 INCH OR MORE:   2
MIN 32 OR BELOW:   2    0.50 INCH OR MORE:   0
MIN  0 OR BELOW:   0    1.00 INCH OR MORE:   0

[HDD (BASE 65) ]
TOTAL THIS MO.   257    CLEAR  (SCALE 0-3)  15
DPTR FM NORMAL   -51    PTCLDY (SCALE 4-7)   6
TOTAL FM JUL 1   313    CLOUDY (SCALE 8-10)  2
DPTR FM NORMAL  -122

[CDD (BASE 65) ]
TOTAL THIS MO.     0
DPTR FM NORMAL     0    [PRESSURE DATA]
TOTAL FM JAN 1   782    HIGHEST SLP M ON M
DPTR FM NORMAL   139    LOWEST  SLP 29.57 ON 12

[REMARKS]
