000
CXUS55 KGJT 311000
CF6MTJ
PRELIMINARY LOCAL CLIMATOLOGICAL DATA (WS FORM: F-6)

                                          STATION:   MONTROSE CO
                                          MONTH:     JULY
                                          YEAR:      2015
                                          LATITUDE:   38 30 N
                                          LONGITUDE: 107 53 W

  TEMPERATURE IN F:       :PCPN:    SNOW:  WIND      :SUNSHINE: SKY     :PK WND
================================================================================
1   2   3   4   5  6A  6B    7    8   9   10  11  12  13   14  15   16   17  18
                                     12Z  AVG MX 2MIN
DY MAX MIN AVG DEP HDD CDD  WTR  SNW DPTH SPD SPD DIR MIN PSBL S-S WX    SPD DR
================================================================================

 1  95  63  79   7   0  14 0.00    M    M  6.4 14 340   M    M   0        18 330
 2  91  71  81   8   0  16 0.00    M    M  7.2 20 110   M    M   0        25 110
 3  92  64  78   5   0  13 0.02    M    M  8.1 21 210   M    M   0 3      26 210
 4  92  64  78   5   0  13    T    M    M  9.1 26 160   M    M   1 3      32 160
 5  77  60  69  -4   0   4 0.07    M    M  6.8 20 150   M    M   6 3      24 160
 6  85  57  71  -2   0   6 0.00    M    M  5.3 15 290   M    M   0        19 290
 7  81  59  70  -3   0   5 0.10    M    M  7.0 29 150   M    M   4 3      35 140
 8  75  56  66  -8   0   1 0.29    M    M  4.3 21 190   M    M   7 13     26 190
 9  80  51  66  -8   0   1 0.01    M    M  5.2 26 200   M    M   3 3      33 190
10  80  51  66  -8   0   1 0.04    M    M  8.5 25 160   M    M   3 3      32 170
11  82  54  68  -6   0   3 0.01    M    M  7.8 22 300   M    M   3 3      27 300
12  91  56  74   0   0   9 0.00    M    M  8.9 24 160   M    M   0        32 200
13  89  64  77   3   0  12 0.00    M    M  7.8 31 150   M    M   2        37 150
14  80  58  69  -5   0   4 0.05    M    M  8.2 26 250   M    M   2 38     35 250
15  82  54  68  -6   0   3    T    M    M  5.5 29 320   M    M   1 38     36 340
16  88  54  71  -3   0   6 0.00    M    M  5.9 15 320   M    M   0        20 310
17  89  58  74   0   0   9    T    M    M 10.8 33 270   M    M   2 38     43 280
18  82  63  73  -1   0   8 0.04    M    M  8.9 25 270   M    M   3 3      33 270
19  76  58  67  -7   0   2    T    M    M  4.5 12 290   M    M   5        13 290
20  84  53  69  -5   0   4    T    M    M  6.2 29 150   M    M   4 38     39 160
21  81  60  71  -3   0   6    T    M    M  8.3 30 330   M    M   5 38     39 330
22  88  54  71  -3   0   6 0.00    M    M  6.0 17 290   M    M   2 3      22 350
23  92  60  76   2   0  11 0.00    M    M  7.9 17 250   M    M   3        22 240
24  76  57  67  -7   0   2 0.06    M    M  7.1 17 120   M    M   7        21 120
25  90  50  70  -4   0   5 0.00    M    M  5.4 12 140   M    M   0        15 210
26  82  56  69  -5   0   4    T    M    M  9.6 28 140   M    M   2        33 140
27  91  64  78   4   0  13 0.00    M    M 10.3 26 240   M    M   3        33 240
28  88  52  70  -4   0   5 0.00    M    M  7.8 14 310   M    M   0        18 340
29  90  52  71  -3   0   6 0.00    M    M  8.5 15 330   M    M   0        19 340
30  92  53  73  -1   0   8 0.00    M    M  7.5 17 290   M    M   0        25 320
================================================================================
SM 2561 1726         0 200  0.69    M    220.8          M       68
================================================================================
AV 85.4 57.5                               7.4 FASTST   M    M   2    MAX(MPH)
                                 MISC ---->  # 33 270               # 43  280
================================================================================
NOTES:
# LAST OF SEVERAL OCCURRENCES

COLUMN 17 PEAK WIND IN M.P.H.

PRELIMINARY LOCAL CLIMATOLOGICAL DATA (WS FORM: F-6) , PAGE 2

                                          STATION:  MONTROSE CO
                                          MONTH:    JULY
                                          YEAR:     2015
                                          LATITUDE:   38 30 N
                                          LONGITUDE: 107 53 W

[TEMPERATURE DATA]      [PRECIPITATION DATA]       SYMBOLS USED IN COLUMN 16

AVERAGE MONTHLY: 71.4   TOTAL FOR MONTH:   0.69    1 = FOG OR MIST
DPTR FM NORMAL:  -2.3   DPTR FM NORMAL:   -0.26    2 = FOG REDUCING VISIBILITY
HIGHEST:    95 ON  1    GRTST 24HR  0.29 ON  8- 8      TO 1/4 MILE OR LESS
LOWEST:     50 ON 25                               3 = THUNDER
                        SNOW, ICE PELLETS, HAIL    4 = ICE PELLETS
                        TOTAL MONTH:    M          5 = HAIL
                        GRTST 24HR    M  ON   M    6 = FREEZING RAIN OR DRIZZLE
                        GRTST DEPTH:  M  ON   M    7 = DUSTSTORM OR SANDSTORM:
                                                       VSBY 1/2 MILE OR LESS
                                                   8 = SMOKE OR HAZE
[NO. OF DAYS WITH]      [WEATHER - DAYS WITH]      9 = BLOWING SNOW
                                                   X = TORNADO
MAX 32 OR BELOW:   0    0.01 INCH OR MORE:  10
MAX 90 OR ABOVE:  10    0.10 INCH OR MORE:   2
MIN 32 OR BELOW:   0    0.50 INCH OR MORE:   0
MIN  0 OR BELOW:   0    1.00 INCH OR MORE:   0

[HDD (BASE 65) ]
TOTAL THIS MO.     0    CLEAR  (SCALE 0-3)  21
DPTR FM NORMAL     0    PTCLDY (SCALE 4-7)   9
TOTAL FM JUL 1     0    CLOUDY (SCALE 8-10)  0
DPTR FM NORMAL     0

[CDD (BASE 65) ]
TOTAL THIS MO.   200
DPTR FM NORMAL   -62    [PRESSURE DATA]
TOTAL FM JAN 1   434    HIGHEST SLP M ON M
DPTR FM NORMAL    20    LOWEST  SLP 29.69 ON 27

[REMARKS]
