000
CXUS51 KBTV 180700
CF6MVL
PRELIMINARY LOCAL CLIMATOLOGICAL DATA (WS FORM: F-6)

                                          STATION:   MORRISVILLE VT
                                          MONTH:     OCTOBER
                                          YEAR:      2017
                                          LATITUDE:   44 31 N
                                          LONGITUDE:  72 37 W

  TEMPERATURE IN F:       :PCPN:    SNOW:  WIND      :SUNSHINE: SKY     :PK WND
================================================================================
1   2   3   4   5  6A  6B    7    8   9   10  11  12  13   14  15   16   17  18
                                     12Z  AVG MX 2MIN
DY MAX MIN AVG DEP HDD CDD  WTR  SNW DPTH SPD SPD DIR MIN PSBL S-S WX    SPD DR
================================================================================

 1  62  31  47  -4  18   0    T    M    0  1.5 14 340   M    M   4 12     20  10
 2  67  31  49  -2  16   0    T    M    0  1.4  8 360   M    M   2 12     11  20
 3  72  35  54   4  11   0 0.00  0.0    0  3.8 14 210   M    M   2 128    17 210
 4  80  36  58   8   7   0 0.00  0.0    0  6.1 17 210   M    M   3 1      24 210
 5  67  50  59   9   6   0 0.00  0.0    0  4.4 14 220   M    M   4 1      18 200
 6  58  48  53   4  12   0 0.00  0.0    0  2.3  9 240   M    M   9        13 210
 7  67  46  57   8   8   0    T    M    0  3.4 10 200   M    M   6 1      14 220
 8  76  51  64  16   1   0 0.06  0.0    0  3.6 15 230   M    M   5 1      26 250
 9  64  51  58  10   7   0 0.91  0.0    0  2.3  9  20   M    M   9 1      13 300
10  73  55  64  16   1   0 0.00  0.0    0  2.7 12 330   M    M   6 1      17 320
11  59  37  48   1  17   0 0.00  0.0    0  4.8 12  20   M    M   1 1      14 340
12  60  29  45  -2  20   0 0.00  0.0    0  0.8  6 340   M    M   0 12      8 140
13  61  29  45  -1  20   0 0.00  0.0    0  6.9 20 190   M    M   3 1      28 190
14  67  52  60  14   5   0 0.00  0.0    0  4.0 13 210   M    M   9 1      20 200
15  74  52  63  17   2   0 0.02  0.0    0  8.0 25 200   M    M   5        32 210
16  64  38  51   5  14   0 0.02    M    0  6.9 22 320   M    M  10 1      32 320
17  55  25  40  -5  25   0 0.00  0.0    0  3.9 14 210   M    M   3        20 200
================================================================================
SM 1126  696       190   0  1.01     0.0  66.8          M       81
================================================================================
AV 66.2 40.9                               3.9 FASTST   M    M   5    MAX(MPH)
                                 MISC ---->  # 25 200               # 32  210
================================================================================
NOTES:
# LAST OF SEVERAL OCCURRENCES

COLUMN 17 PEAK WIND IN M.P.H.

PRELIMINARY LOCAL CLIMATOLOGICAL DATA (WS FORM: F-6) , PAGE 2

                                          STATION:  MORRISVILLE VT
                                          MONTH:    OCTOBER
                                          YEAR:     2017
                                          LATITUDE:   44 31 N
                                          LONGITUDE:  72 37 W

[TEMPERATURE DATA]      [PRECIPITATION DATA]       SYMBOLS USED IN COLUMN 16

AVERAGE MONTHLY: 53.6   TOTAL FOR MONTH:   1.01    1 = FOG OR MIST
DPTR FM NORMAL:   5.5   DPTR FM NORMAL:   -0.77    2 = FOG REDUCING VISIBILITY
HIGHEST:    80 ON  4    GRTST 24HR  0.91 ON  9- 9      TO 1/4 MILE OR LESS
LOWEST:     25 ON 17                               3 = THUNDER
                        SNOW, ICE PELLETS, HAIL    4 = ICE PELLETS
                        TOTAL MONTH:   0.0 INCH    5 = HAIL
                        GRTST 24HR     0.0         6 = FREEZING RAIN OR DRIZZLE
                        GRTST DEPTH:   0           7 = DUSTSTORM OR SANDSTORM:
                                                       VSBY 1/2 MILE OR LESS
                                                   8 = SMOKE OR HAZE
[NO. OF DAYS WITH]      [WEATHER - DAYS WITH]      9 = BLOWING SNOW
                                                   X = TORNADO
MAX 32 OR BELOW:   0    0.01 INCH OR MORE:   4
MAX 90 OR ABOVE:   0    0.10 INCH OR MORE:   1
MIN 32 OR BELOW:   5    0.50 INCH OR MORE:   1
MIN  0 OR BELOW:   0    1.00 INCH OR MORE:   0

[HDD (BASE 65) ]
TOTAL THIS MO.   190    CLEAR  (SCALE 0-3)   6
DPTR FM NORMAL   -98    PTCLDY (SCALE 4-7)   7
TOTAL FM JUL 1   525    CLOUDY (SCALE 8-10)  4
DPTR FM NORMAL   -95

[CDD (BASE 65) ]
TOTAL THIS MO.     0
DPTR FM NORMAL     0    [PRESSURE DATA]
TOTAL FM JAN 1   191    HIGHEST SLP M ON M
DPTR FM NORMAL   -74    LOWEST  SLP 29.58 ON 15

[REMARKS]
