000
CXUS54 KFWD 310730
CF6MWL
PRELIMINARY LOCAL CLIMATOLOGICAL DATA (WS FORM: F-6)

                                          STATION:   MINERAL WELLS
                                          MONTH:     JULY
                                          YEAR:      2015
                                          LATITUDE:   32 46 N
                                          LONGITUDE:  98  4 W

  TEMPERATURE IN F:       :PCPN:    SNOW:  WIND      :SUNSHINE: SKY     :PK WND
================================================================================
1   2   3   4   5  6A  6B    7    8   9   10  11  12  13   14  15   16   17  18
                                     12Z  AVG MX 2MIN
DY MAX MIN AVG DEP HDD CDD  WTR  SNW DPTH SPD SPD DIR MIN PSBL S-S WX    SPD DR
================================================================================

 1  92  68  80  -2   0  15 0.00  0.0    0 10.5 20 200   M    M   1        26 190
 2  91  69  80  -2   0  15 0.00  0.0    0 10.4 20 200   M    M   1        27 220
 3  89  75  82   0   0  17 0.00  0.0    0  8.6 16 230   M    M   3        22 190
 4  92  72  82   0   0  17 0.00  0.0    0  8.0 16 170   M    M   2        24 150
 5  93  73  83   1   0  18 0.00  0.0    0 11.1 21 160   M    M   1 1      29 160
 6  93  75  84   2   0  19 0.00  0.0    0 13.5 25 160   M    M   3        32 160
 7  81  73  77  -5   0  12 0.76  0.0    0  6.9 16 170   M    M   9 1      22 160
 8  80  71  76  -6   0  11 2.12  0.0    0  6.2 12 220   M    M   6 1      17 230
 9  91  74  83   1   0  18 0.00  0.0    0 10.6 21 190   M    M   1        26 180
10  91  70  81  -2   0  16 0.00  0.0    0 11.0 20 180   M    M   0        26 190
11  92  71  82  -1   0  17 0.00  0.0    0  8.8 16 180   M    M   0        21 160
12  93  71  82  -1   0  17 0.00  0.0    0  7.3 14 210   M    M   0        19 200
13  94  71  83   0   0  18 0.00  0.0    0  7.3 14 230   M    M   0        18 190
14  95  72  84   1   0  19 0.00  0.0    0  8.1 14 190   M    M   0        18 150
15  93  71  82  -1   0  17 0.00  0.0    0  7.7 15 150   M    M   0        23 150
16  94  70  82  -1   0  17 0.00  0.0    0  7.4 14 160   M    M   0        19 170
17  94  71  83   0   0  18 0.00  0.0    0  8.4 16 220   M    M   0        21 160
18  96  73  85   2   0  20 0.00  0.0    0  8.5 15 160   M    M   0        18 190
19  96  72  84   0   0  19 0.00  0.0    0  6.8 13 170   M    M   0        18 130
20  97  73  85   1   0  20 0.00  0.0    0  7.6 13 210   M    M   0        16 160
21  96  73  85   1   0  20 0.00  0.0    0  8.2 14 190   M    M   0        18 190
22  96  77  87   3   0  22 0.00  0.0    0  8.3 15 190   M    M   1        17 190
23  97  75  86   2   0  21 0.00  0.0    0  7.0 13 180   M    M   0        17 140
24  98  72  85   1   0  20 0.00  0.0    0  6.8 13 190   M    M   0        18 150
25  99  72  86   2   0  21 0.00  0.0    0  7.1 14 140   M    M   0        23 120
26  99  72  86   2   0  21 0.00  0.0    0  6.4 14 140   M    M   0        17 130
27  99  72  86   2   0  21 0.00  0.0    0  8.2 18 130   M    M   0        24 140
28  98  72  85   1   0  20 0.00  0.0    0  9.2 16 150   M    M   0        21 150
29 100  74  87   3   0  22 0.00  0.0    0  6.4 13 110   M    M   0        17 160
30 101  73  87   3   0  22 0.00  0.0    0  4.6  9 130   M    M   0        14 130
================================================================================
SM 2820 2167         0 550  2.88     0.0 246.9          M       28
================================================================================
AV 94.0 72.2                               8.2 FASTST   M    M   1    MAX(MPH)
                                 MISC ---->  # 25 160               # 32  160
================================================================================
NOTES:
# LAST OF SEVERAL OCCURRENCES

COLUMN 17 PEAK WIND IN M.P.H.

PRELIMINARY LOCAL CLIMATOLOGICAL DATA (WS FORM: F-6) , PAGE 2

                                          STATION:  MINERAL WELLS
                                          MONTH:    JULY
                                          YEAR:     2015
                                          LATITUDE:   32 46 N
                                          LONGITUDE:  98  4 W

[TEMPERATURE DATA]      [PRECIPITATION DATA]       SYMBOLS USED IN COLUMN 16

AVERAGE MONTHLY: 83.1   TOTAL FOR MONTH:   2.88    1 = FOG OR MIST
DPTR FM NORMAL:   0.0   DPTR FM NORMAL:    0.96    2 = FOG REDUCING VISIBILITY
HIGHEST:   101 ON 30    GRTST 24HR  2.83 ON  7- 8      TO 1/4 MILE OR LESS
LOWEST:     68 ON  1                               3 = THUNDER
                        SNOW, ICE PELLETS, HAIL    4 = ICE PELLETS
                        TOTAL MONTH:   0.0 INCH    5 = HAIL
                        GRTST 24HR     0.0         6 = FREEZING RAIN OR DRIZZLE
                        GRTST DEPTH:   0           7 = DUSTSTORM OR SANDSTORM:
                                                       VSBY 1/2 MILE OR LESS
                                                   8 = SMOKE OR HAZE
[NO. OF DAYS WITH]      [WEATHER - DAYS WITH]      9 = BLOWING SNOW
                                                   X = TORNADO
MAX 32 OR BELOW:   0    0.01 INCH OR MORE:   2
MAX 90 OR ABOVE:  27    0.10 INCH OR MORE:   2
MIN 32 OR BELOW:   0    0.50 INCH OR MORE:   2
MIN  0 OR BELOW:   0    1.00 INCH OR MORE:   1

[HDD (BASE 65) ]
TOTAL THIS MO.     0    CLEAR  (SCALE 0-3)  28
DPTR FM NORMAL     0    PTCLDY (SCALE 4-7)   1
TOTAL FM JUL 1     0    CLOUDY (SCALE 8-10)  1
DPTR FM NORMAL     0

[CDD (BASE 65) ]
TOTAL THIS MO.   550
DPTR FM NORMAL     9    [PRESSURE DATA]
TOTAL FM JAN 1  1323    HIGHEST SLP M ON M
DPTR FM NORMAL    -4    LOWEST  SLP 29.75 ON 21

[REMARKS]
