000
CXUS54 KLZK 241130
CF6MWT
PRELIMINARY LOCAL CLIMATOLOGICAL DATA (WS FORM: F-6)

                                          STATION:   Mount Ida
                                          MONTH:     AUGUST
                                          YEAR:      2016
                                          LATITUDE:   34 32 N
                                          LONGITUDE:  93 35 W

  TEMPERATURE IN F:       :PCPN:    SNOW:  WIND      :SUNSHINE: SKY     :PK WND
================================================================================
1   2   3   4   5  6A  6B    7    8   9   10  11  12  13   14  15   16   17  18
                                     12Z  AVG MX 2MIN
DY MAX MIN AVG DEP HDD CDD  WTR  SNW DPTH SPD SPD DIR MIN PSBL S-S WX    SPD DR
================================================================================

 1  95  75  85   5   0  20 0.00  0.0    0  2.0  9 260   M    M   0        15 200
 2  97  71  84   4   0  19 0.00  0.0    0  1.9  7 300   M    M   0        12 340
 3  99  71  85   5   0  20 0.00  0.0    0  1.1  8 290   M    M   0 1      12 290
 4  99  73  86   6   0  21 0.00  0.0    0  1.5  8 240   M    M   0 1      14 230
 5  98  74  86   6   0  21 0.55  0.0    0  1.4 18 330   M    M   0 18     28  80
 6  90  76  83   3   0  18 0.08  0.0    0  1.1  8 130   M    M   2 1      12  80
 7  95  72  84   4   0  19 1.12  0.0    0  1.4 13  40   M    M   2 12     23  30
 8  88  71  80   0   0  15 0.50  0.0    0  1.5  9 130   M    M   4 1      13 130
 9  94  73  84   4   0  19 0.05  0.0    0  0.5 15 360   M    M   4 12     31 340
10  96  71  84   4   0  19 0.00  0.0    0  0.3  7  30   M    M   4 12     13  40
11  96  74  85   5   0  20 0.00  0.0    0  0.4  6  60   M    M   1 1      10 350
12  97  76  87   7   0  22    T  0.0    0  0.9  9  10   M    M   1 1      17 330
13  83  73  78  -2   0  13 3.29  0.0    0  1.6  8  40   M    M   9 1      13  80
14  79  72  76  -4   0  11 0.32  0.0    0  1.1  6 330   M    M  10 1      11 330
15  75  71  73  -7   0   8 1.17  0.0    0  0.3  6 140   M    M   9 1       9 150
16  80  70  75  -5   0  10 0.17  0.0    M  0.8  8 130   M    M   9 1      11 120
17  83  72  78  -2   0  13 0.14  0.0    0  0.3  7 140   M    M   7 1      10 130
18  77  73  75  -5   0  10 0.47  0.0    0  1.2  6 160   M    M  10 1      11 220
19  86  73  80   0   0  15 0.23  0.0    0  1.4  8 220   M    M   5 1      13 240
20  81  69  75  -5   0  10 4.19  0.0    0  1.3  9 120   M    M   8 12     17 250
21  84  66  75  -5   0  10 0.00  0.0    0  1.1  7 140   M    M   5 1      10  40
22  81  63  72  -7   0   7 0.00  0.0    0  0.9  9 130   M    M   8 12     12 140
23  88  71  80   1   0  15 0.00  0.0    0  2.4  9 140   M    M   2 1      17 200
================================================================================
SM 2041 1650         0 355 12.28     0.0  26.4          M      100
================================================================================
AV 88.7 71.7                               1.1 FASTST   M    M   4    MAX(MPH)
                                 MISC ---->  # 18 330               # 31  340
================================================================================
NOTES:
# LAST OF SEVERAL OCCURRENCES

COLUMN 17 PEAK WIND IN M.P.H.

PRELIMINARY LOCAL CLIMATOLOGICAL DATA (WS FORM: F-6) , PAGE 2

                                          STATION:  Mount Ida
                                          MONTH:    AUGUST
                                          YEAR:     2016
                                          LATITUDE:   34 32 N
                                          LONGITUDE:  93 35 W

[TEMPERATURE DATA]      [PRECIPITATION DATA]       SYMBOLS USED IN COLUMN 16

AVERAGE MONTHLY: 80.2   TOTAL FOR MONTH:  12.28    1 = FOG OR MIST
DPTR FM NORMAL:   0.3   DPTR FM NORMAL:   10.52    2 = FOG REDUCING VISIBILITY
HIGHEST:    99 ON  4, 3 GRTST 24HR  4.23 ON 19-20      TO 1/4 MILE OR LESS
LOWEST:     63 ON 22                               3 = THUNDER
                        SNOW, ICE PELLETS, HAIL    4 = ICE PELLETS
                        TOTAL MONTH:   0.0 INCH    5 = HAIL
                        GRTST 24HR     0.0         6 = FREEZING RAIN OR DRIZZLE
                        GRTST DEPTH:   0           7 = DUSTSTORM OR SANDSTORM:
                                                       VSBY 1/2 MILE OR LESS
                                                   8 = SMOKE OR HAZE
[NO. OF DAYS WITH]      [WEATHER - DAYS WITH]      9 = BLOWING SNOW
                                                   X = TORNADO
MAX 32 OR BELOW:   0    0.01 INCH OR MORE:  13
MAX 90 OR ABOVE:  11    0.10 INCH OR MORE:  11
MIN 32 OR BELOW:   0    0.50 INCH OR MORE:   6
MIN  0 OR BELOW:   0    1.00 INCH OR MORE:   4

[HDD (BASE 65) ]
TOTAL THIS MO.     0    CLEAR  (SCALE 0-3)  10
DPTR FM NORMAL     0    PTCLDY (SCALE 4-7)   8
TOTAL FM JUL 1     0    CLOUDY (SCALE 8-10)  5
DPTR FM NORMAL     0

[CDD (BASE 65) ]
TOTAL THIS MO.   355
DPTR FM NORMAL    12    [PRESSURE DATA]
TOTAL FM JAN 1  1556    HIGHEST SLP M ON M
DPTR FM NORMAL   208    LOWEST  SLP 29.72 ON 12

[REMARKS]
ALL SNOWFALL DATA IS FROM THE MT IDA 4 S COOPERATIVE OBSERVER SITE
