184
CXUS56 KSGX 241545
CF6MYF
PRELIMINARY LOCAL CLIMATOLOGICAL DATA (WS FORM: F-6)

                                          STATION:   SAN DIEGO/MONTGOMERY FLD CA
                                          MONTH:     JANUARY
                                          YEAR:      2017
                                          LATITUDE:   32 49 N
                                          LONGITUDE: 117  9 W

  TEMPERATURE IN F:       :PCPN:    SNOW:  WIND      :SUNSHINE: SKY     :PK WND
================================================================================
1   2   3   4   5  6A  6B    7    8   9   10  11  12  13   14  15   16   17  18
                                     12Z  AVG MX 2MIN
DY MAX MIN AVG DEP HDD CDD  WTR  SNW DPTH SPD SPD DIR MIN PSBL S-S WX    SPD DR
================================================================================

 1  57  43  50  -5  15   0 0.02  0.0    0  4.7 14 220   M    M   4 1      17 180
 2  57  49  53  -2  12   0    T    M    0  1.7  8 260   M    M   9        10 250
 3  60  47  54  -1  11   0 0.00  0.0    0  3.0  8 320   M    M   1        11  10
 4  63  45  54  -1  11   0 0.00  0.0    0  3.6 13 300   M    M   1        17 330
 5  59  52  56   1   9   0 0.14  0.0    0  4.8 10 290   M    M  10 128    13 210
 6  63  49  56   1   9   0 0.00  0.0    0  2.7  9 250   M    M   3 1      12 260
 7  73  48  61   6   4   0 0.00  0.0    0  2.2  9 250   M    M   1        10 240
 8  77  52  65  10   0   0 0.00  0.0    0  2.8 10 110   M    M   0        13 100
 9  62  54  58   3   7   0 0.23  0.0    0  3.7 14 110   M    M   6 128    16 120
10  63  50  57   2   8   0 0.04  0.0    0  4.3 13 290   M    M   6 12     15 300
11  58  52  55   0  10   0 0.14  0.0    0  5.0 13 170   M    M   7 18     16 170
12  59  50  55   0  10   0 0.36  0.0    0  4.8 17 170   M    M   5 1      24 170
13  58  50  54  -1  11   0 0.36  0.0    0  3.3 12 300   M    M   8 1      13 290
14  63  50  57   2   8   0    T  0.0    0  4.5 12 300   M    M   2        15 290
15  60  50  55   0  10   0 0.00  0.0    0  5.5 14 190   M    M   7        18 200
16  63  48  56   1   9   0 0.00  0.0    0  4.2 14 310   M    M   3 1      16 310
17  66  45  56   1   9   0 0.00  0.0    0  3.1 18 290   M    M   1 1      21 280
18  62  45  54  -1  11   0 0.02    M    0  4.1 15 290   M    M   6        18 290
19  62  50  56   1   9   0 0.48  0.0    0  8.0 21 230   M    M   7 18     29 240
20  57  51  54  -1  11   0 1.54  0.0    0 12.5 33 280   M    M   9 1      44 280
21  59  47  53  -2  12   0    T    M    0 10.0 20 290   M    M   5        26 280
22  59  49  54  -1  11   0 0.61    M    0 10.5 29 160   M    M  10 1      38 160
23  57  47  52  -3  13   0 0.22  0.0    0  9.2 25 290   M    M   8 13     31 210
================================================================================
SM 1417 1123       220   0  4.16     0.0 118.2          M      119
================================================================================
AV 61.6 48.8                               5.1 FASTST   M    M   5    MAX(MPH)
                                 MISC ---->  # 33 280               # 44  280
================================================================================
NOTES:
# LAST OF SEVERAL OCCURRENCES

COLUMN 17 PEAK WIND IN M.P.H.

PRELIMINARY LOCAL CLIMATOLOGICAL DATA (WS FORM: F-6) , PAGE 2

                                          STATION:  SAN DIEGO/MONTGOMERY FLD CA
                                          MONTH:    JANUARY
                                          YEAR:     2017
                                          LATITUDE:   32 49 N
                                          LONGITUDE: 117  9 W

[TEMPERATURE DATA]      [PRECIPITATION DATA]       SYMBOLS USED IN COLUMN 16

AVERAGE MONTHLY: 55.2   TOTAL FOR MONTH:   4.16    1 = FOG OR MIST
DPTR FM NORMAL:   0.2   DPTR FM NORMAL:    1.91    2 = FOG REDUCING VISIBILITY
HIGHEST:    77 ON  8    GRTST 24HR  1.55 ON 19-20      TO 1/4 MILE OR LESS
LOWEST:     43 ON  1                               3 = THUNDER
                        SNOW, ICE PELLETS, HAIL    4 = ICE PELLETS
                        TOTAL MONTH:   0.0 INCH    5 = HAIL
                        GRTST 24HR     0.0         6 = FREEZING RAIN OR DRIZZLE
                        GRTST DEPTH:   0           7 = DUSTSTORM OR SANDSTORM:
                                                       VSBY 1/2 MILE OR LESS
                                                   8 = SMOKE OR HAZE
[NO. OF DAYS WITH]      [WEATHER - DAYS WITH]      9 = BLOWING SNOW
                                                   X = TORNADO
MAX 32 OR BELOW:   0    0.01 INCH OR MORE:  12
MAX 90 OR ABOVE:   0    0.10 INCH OR MORE:   9
MIN 32 OR BELOW:   0    0.50 INCH OR MORE:   2
MIN  0 OR BELOW:   0    1.00 INCH OR MORE:   1

[HDD (BASE 65) ]
TOTAL THIS MO.   220    CLEAR  (SCALE 0-3)   8
DPTR FM NORMAL   -10    PTCLDY (SCALE 4-7)  11
TOTAL FM JUL 1   535    CLOUDY (SCALE 8-10)  4
DPTR FM NORMAL  -202

[CDD (BASE 65) ]
TOTAL THIS MO.     0
DPTR FM NORMAL     0    [PRESSURE DATA]
TOTAL FM JAN 1     0    HIGHEST SLP M ON M
DPTR FM NORMAL     0    LOWEST  SLP 29.42 ON 20

[REMARKS]
