000
CXUS55 KBOI 261002
CF6MYL
PRELIMINARY LOCAL CLIMATOLOGICAL DATA (WS FORM: F-6)

                                          STATION:   MCCALL ID
                                          MONTH:     SEPTEMBER
                                          YEAR:      2016
                                          LATITUDE:   44 52 N
                                          LONGITUDE: 116  6 W

  TEMPERATURE IN F:       :PCPN:    SNOW:  WIND      :SUNSHINE: SKY     :PK WND
================================================================================
1   2   3   4   5  6A  6B    7    8   9   10  11  12  13   14  15   16   17  18
                                     12Z  AVG MX 2MIN
DY MAX MIN AVG DEP HDD CDD  WTR  SNW DPTH SPD SPD DIR MIN PSBL S-S WX    SPD DR
================================================================================

 1  79  44  62   6   3   0 0.00    M    M  4.6 22 170   M    M   0        26 170
 2  64  43  54  -1  11   0 0.00    M    M  4.6 15 220   M    M   3        23 190
 3  67  32  50  -5  15   0 0.00    M    M  3.8 14 260   M    M   1        18 260
 4  64  38  51  -4  14   0 0.06    M    M  3.8 18 350   M    M   4 3      24 350
 5  61  40  51  -3  14   0    T    M    M  3.8 16 350   M    M   5        19 350
 6  63  32  48  -6  17   0 0.00    M    M  4.8 23 190   M    M   5        29 190
 7  67  33  50  -4  15   0 0.00    M    M  2.5 13 260   M    M   2        17 250
 8  69  37  53   0  12   0 0.00    M    M  4.4 15 220   M    M   1        23 210
 9  70  33  52  -1  13   0 0.00    M    M  2.9 12 260   M    M   0 8      14 250
10  75  33  54   1  11   0 0.00    M    M  2.8 13 170   M    M   0        15 180
11  70  36  53   1  12   0 0.00    M    M  6.1 18 360   M    M   1        28 350
12  64  40  52   0  13   0 0.00    M    M  9.2 20 360   M    M   3        29 360
13  65  30  48  -4  17   0 0.00    M    M  4.4 12 180   M    M   0        16 170
14  60  37  49  -2  16   0 0.00    M    M  1.8  9 300   M    M   5        13 300
15  69  29  49  -2  16   0 0.00    M    M  3.1 13 230   M    M   0        16 190
16  72  33  53   3  12   0 0.00    M    M  2.3 14 250   M    M   0        24 200
17  66  37  52   2  13   0 0.04    M    M  3.4 16 180   M    M   6        19 180
18  69  47  58   8   7   0 0.06    M    M  3.3 15 250   M    M   9 12     21 250
19  69  38  54   5  11   0 0.00    M    M  5.1 21 180   M    M   3 12     26 170
20  66  42  54   5  11   0    T    M    M  3.5 17  10   M    M   4        22  10
21  59  39  49   1  16   0 0.31    M    M  4.6 18 360   M    M   5 13     25 350
22  54  44  49   1  16   0 0.58    M    M  9.3 22 320   M    M   8 13     28 320
23  58  46  52   4  13   0 0.00    M    M 10.0 24 320   M    M   8        32 330
24  60  37  49   2  16   0    T    M    M  5.2 16 260   M    M   3        20 290
25  72  32  52   5  13   0 0.00    M    M  3.7 13 260   M    M   0        16 310
================================================================================
SM 1652  932       327   0  1.05    M    113.0          M       76
================================================================================
AV 66.1 37.3                               4.5 FASTST   M    M   3    MAX(MPH)
                                 MISC ---->  # 24 320               # 32  330
================================================================================
NOTES:
# LAST OF SEVERAL OCCURRENCES

COLUMN 17 PEAK WIND IN M.P.H.

PRELIMINARY LOCAL CLIMATOLOGICAL DATA (WS FORM: F-6) , PAGE 2

                                          STATION:  MCCALL ID
                                          MONTH:    SEPTEMBER
                                          YEAR:     2016
                                          LATITUDE:   44 52 N
                                          LONGITUDE: 116  6 W

[TEMPERATURE DATA]      [PRECIPITATION DATA]       SYMBOLS USED IN COLUMN 16

AVERAGE MONTHLY: 51.7   TOTAL FOR MONTH:   1.05    1 = FOG OR MIST
DPTR FM NORMAL:   0.2   DPTR FM NORMAL:    0.34    2 = FOG REDUCING VISIBILITY
HIGHEST:    79 ON  1    GRTST 24HR  0.89 ON 21-22      TO 1/4 MILE OR LESS
LOWEST:     29 ON 15                               3 = THUNDER
                        SNOW, ICE PELLETS, HAIL    4 = ICE PELLETS
                        TOTAL MONTH:    M          5 = HAIL
                        GRTST 24HR    M  ON   M    6 = FREEZING RAIN OR DRIZZLE
                        GRTST DEPTH:  M  ON   M    7 = DUSTSTORM OR SANDSTORM:
                                                       VSBY 1/2 MILE OR LESS
                                                   8 = SMOKE OR HAZE
[NO. OF DAYS WITH]      [WEATHER - DAYS WITH]      9 = BLOWING SNOW
                                                   X = TORNADO
MAX 32 OR BELOW:   0    0.01 INCH OR MORE:   5
MAX 90 OR ABOVE:   0    0.10 INCH OR MORE:   2
MIN 32 OR BELOW:   5    0.50 INCH OR MORE:   1
MIN  0 OR BELOW:   0    1.00 INCH OR MORE:   0

[HDD (BASE 65) ]
TOTAL THIS MO.   327    CLEAR  (SCALE 0-3)  15
DPTR FM NORMAL   -13    PTCLDY (SCALE 4-7)   9
TOTAL FM JUL 1   520    CLOUDY (SCALE 8-10)  1
DPTR FM NORMAL  -148

[CDD (BASE 65) ]
TOTAL THIS MO.     0
DPTR FM NORMAL     0    [PRESSURE DATA]
TOTAL FM JAN 1   108    HIGHEST SLP M ON M
DPTR FM NORMAL    83    LOWEST  SLP 29.71 ON  4

[REMARKS]
