000
CXUS56 KMTR 241000
CF6NUQ
PRELIMINARY LOCAL CLIMATOLOGICAL DATA (WS FORM: F-6)

                                          STATION:   MOFFETT FIELD
                                          MONTH:     MAY
                                          YEAR:      2015
                                          LATITUDE:   37 25 N
                                          LONGITUDE: 122  3 W

  TEMPERATURE IN F:       :PCPN:    SNOW:  WIND      :SUNSHINE: SKY     :PK WND
================================================================================
1   2   3   4   5  6A  6B    7    8   9   10  11  12  13   14  15   16   17  18
                                     12Z  AVG MX 2MIN
DY MAX MIN AVG DEP HDD CDD  WTR  SNW DPTH SPD SPD DIR MIN PSBL S-S WX    SPD DR
================================================================================

 1   M   M   M   M   M   M 0.00  0.0    0  6.4 16 340   M    M   0        22 340
 2   M   M   M   M   M   M 0.00  0.0    0  6.6 14 340   M    M   3        18 330
 3   M   M   M   M   M   M 0.00  0.0    0  7.3 17 360   M    M   2         M  M
 4   M   M   M   M   M   M 0.00  0.0    0  6.8 17 360   M    M   5        25 360
 5  68  50  59  -3   6   0 0.00  0.0    0  5.8 17 270   M    M   0        24 270
 6  70  48  59  -3   6   0 0.00  0.0    0  6.5 22 350   M    M   1        26 350
 7  62  49  56  -6   9   0 0.04  0.0    0  4.0 12 140   M    M   5        16 140
 8  71  49  60  -2   5   0 0.00  0.0    0  8.4 20 360   M    M   2        23 350
 9  66  52  59  -3   6   0 0.00  0.0    0  6.8 20 350   M    M   5        24 360
10  66  53  60  -2   5   0 0.00  0.0    0  7.3 20 360   M    M   3        23 350
11  64  48  56  -6   9   0 0.00  0.0    0  5.7 18 260   M    M   0        26 270
12  65  48  57  -5   8   0 0.00  0.0    0  7.3 18 320   M    M   0        26 310
13  67  50  59  -3   6   0 0.00  0.0    0  6.0 21 350   M    M   2        25 350
14  67  52  60  -2   5   0 0.60  0.0    0  3.6 15 270   M    M   6 1      18 270
15  67  49  58  -5   7   0 0.00  0.0    0  6.2 22 360   M    M   4        37 340
16  66  52  59  -4   6   0 0.00  0.0    0  5.8 16 280   M    M   5        21 260
17  65  55  60  -3   5   0 0.00  0.0    0  5.5 16 330   M    M   6        22 330
18  63  54  59  -4   6   0    T  0.0    0  5.9 13 330   M    M  10        18 300
19  66  54  60  -3   5   0    T  0.0    0  4.7 18 360   M    M   8        23  10
20  66  55  61  -2   4   0 0.00  0.0    0  6.0 15 290   M    M   9        22 280
21  67  55  61  -2   4   0 0.00  0.0    0  5.7 16 270   M    M   9        22 270
22  68  54  61  -2   4   0    T  0.0    0  5.8 17 250   M    M   8 1      22 280
23  66  54  60  -4   5   0 0.00  0.0    0  7.3 16 250   M    M   5        22 220
================================================================================
SM 1260  981       111   0  0.64     0.0 141.4          M       98
================================================================================
AV 66.3 51.6                               6.1 FASTST   M    M   4    MAX(MPH)
                                 MISC ---->  # 22 350               # 37  340
================================================================================
NOTES:
# LAST OF SEVERAL OCCURRENCES

COLUMN 17 PEAK WIND IN M.P.H.

PRELIMINARY LOCAL CLIMATOLOGICAL DATA (WS FORM: F-6) , PAGE 2

                                          STATION:  MOFFETT FIELD
                                          MONTH:    MAY
                                          YEAR:     2015
                                          LATITUDE:   37 25 N
                                          LONGITUDE: 122  3 W

[TEMPERATURE DATA]      [PRECIPITATION DATA]       SYMBOLS USED IN COLUMN 16

AVERAGE MONTHLY: 59.0   TOTAL FOR MONTH:   0.64    1 = FOG OR MIST
DPTR FM NORMAL:  -3.3   DPTR FM NORMAL:    0.24    2 = FOG REDUCING VISIBILITY
HIGHEST:    71 ON  8    GRTST 24HR  0.60 ON 14-14      TO 1/4 MILE OR LESS
LOWEST:     48 ON 12,11                            3 = THUNDER
                        SNOW, ICE PELLETS, HAIL    4 = ICE PELLETS
                        TOTAL MONTH:   0.0 INCH    5 = HAIL
                        GRTST 24HR     0.0         6 = FREEZING RAIN OR DRIZZLE
                        GRTST DEPTH:   0           7 = DUSTSTORM OR SANDSTORM:
                                                       VSBY 1/2 MILE OR LESS
                                                   8 = SMOKE OR HAZE
[NO. OF DAYS WITH]      [WEATHER - DAYS WITH]      9 = BLOWING SNOW
                                                   X = TORNADO
MAX 32 OR BELOW:   0    0.01 INCH OR MORE:   2
MAX 90 OR ABOVE:   0    0.10 INCH OR MORE:   1
MIN 32 OR BELOW:   0    0.50 INCH OR MORE:   1
MIN  0 OR BELOW:   0    1.00 INCH OR MORE:   0

[HDD (BASE 65) ]
TOTAL THIS MO.   111    CLEAR  (SCALE 0-3)   8
DPTR FM NORMAL    24    PTCLDY (SCALE 4-7)  10
TOTAL FM JUL 1  1521    CLOUDY (SCALE 8-10)  5
DPTR FM NORMAL  -613

[CDD (BASE 65) ]
TOTAL THIS MO.     0
DPTR FM NORMAL   -23    [PRESSURE DATA]
TOTAL FM JAN 1    18    HIGHEST SLP 30.12 ON 18
DPTR FM NORMAL   -20    LOWEST  SLP 29.73 ON  7

[REMARKS]
