000
CXUS56 KMTR 161000
CF6OAK
PRELIMINARY LOCAL CLIMATOLOGICAL DATA (WS FORM: F-6)

                                          STATION:   OAKLAND AIRPORT
                                          MONTH:     JANUARY
                                          YEAR:      2017
                                          LATITUDE:   37 43 N
                                          LONGITUDE: 122 13 W

  TEMPERATURE IN F:       :PCPN:    SNOW:  WIND      :SUNSHINE: SKY     :PK WND
================================================================================
1   2   3   4   5  6A  6B    7    8   9   10  11  12  13   14  15   16   17  18
                                     12Z  AVG MX 2MIN
DY MAX MIN AVG DEP HDD CDD  WTR  SNW DPTH SPD SPD DIR MIN PSBL S-S WX    SPD DR
================================================================================

 1  56  47  52   4  13   0 0.02  0.0    0 12.1 24 280   M    M   6        28 280
 2  54  45  50   2  15   0 0.07    M    0 10.0 17 190   M    M   8 1      21 190
 3  59  49  54   6  11   0 0.48    M    0 15.0 31 150   M    M  10 1      38 140
 4  57  48  53   5  12   0 0.68  0.0    0  8.1 23 160   M    M  10 1      27 150
 5  52  39  46  -2  19   0 0.00  0.0    0  5.6 13 320   M    M   3 1      21 310
 6  52  34  43  -5  22   0    T  0.0    0  7.6 15 110   M    M   5        17 110
 7  62  44  53   4  12   0 0.56  0.0    0 14.3 29 140   M    M   9 18     39 140
 8  61  57  59  10   6   0 0.98  0.0    0 18.4 35 150   M    M  10 13     43 150
 9  60  53  57   8   8   0 0.40  0.0    0  9.6 22 230   M    M   9 1      26 250
10  60  55  58   9   7   0 1.42  0.0    0 18.5 36 240   M    M  10 13     46 240
11  58  49  54   5  11   0 0.06    M    0 10.2 33 250   M    M   8 1      43 240
12  53  45  49   0  16   0 0.18  0.0    0  5.8 14 280   M    M   8 1      17 290
13  56  39  48  -1  17   0 0.00  0.0    0  4.2  9 290   M    M   2 12     11 240
14  56  38  47  -2  18   0 0.00  0.0    0  3.9 12 300   M    M   2        14 290
15  55  38  47  -2  18   0 0.00  0.0    0  2.7 15 300   M    M   4 12     17 300
================================================================================
SM  851  680       205   0  4.85     0.0 146.0          M      104
================================================================================
AV 56.7 45.3                               9.7 FASTST   M    M   7    MAX(MPH)
                                 MISC ---->  # 36 240               # 46  240
================================================================================
NOTES:
# LAST OF SEVERAL OCCURRENCES

COLUMN 17 PEAK WIND IN M.P.H.

PRELIMINARY LOCAL CLIMATOLOGICAL DATA (WS FORM: F-6) , PAGE 2

                                          STATION:  OAKLAND AIRPORT
                                          MONTH:    JANUARY
                                          YEAR:     2017
                                          LATITUDE:   37 43 N
                                          LONGITUDE: 122 13 W

[TEMPERATURE DATA]      [PRECIPITATION DATA]       SYMBOLS USED IN COLUMN 16

AVERAGE MONTHLY: 51.0   TOTAL FOR MONTH:   4.85    1 = FOG OR MIST
DPTR FM NORMAL:   2.4   DPTR FM NORMAL:    2.14    2 = FOG REDUCING VISIBILITY
HIGHEST:    62 ON  7    GRTST 24HR  1.53 ON  9-10      TO 1/4 MILE OR LESS
LOWEST:     34 ON  6                               3 = THUNDER
                        SNOW, ICE PELLETS, HAIL    4 = ICE PELLETS
                        TOTAL MONTH:   0.0 INCH    5 = HAIL
                        GRTST 24HR     0.0         6 = FREEZING RAIN OR DRIZZLE
                        GRTST DEPTH:   0           7 = DUSTSTORM OR SANDSTORM:
                                                       VSBY 1/2 MILE OR LESS
                                                   8 = SMOKE OR HAZE
[NO. OF DAYS WITH]      [WEATHER - DAYS WITH]      9 = BLOWING SNOW
                                                   X = TORNADO
MAX 32 OR BELOW:   0    0.01 INCH OR MORE:  10
MAX 90 OR ABOVE:   0    0.10 INCH OR MORE:   7
MIN 32 OR BELOW:   0    0.50 INCH OR MORE:   4
MIN  0 OR BELOW:   0    1.00 INCH OR MORE:   1

[HDD (BASE 65) ]
TOTAL THIS MO.   205    CLEAR  (SCALE 0-3)   3
DPTR FM NORMAL   -40    PTCLDY (SCALE 4-7)   5
TOTAL FM JUL 1  1014    CLOUDY (SCALE 8-10)  7
DPTR FM NORMAL  -403

[CDD (BASE 65) ]
TOTAL THIS MO.     0
DPTR FM NORMAL     0    [PRESSURE DATA]
TOTAL FM JAN 1     0    HIGHEST SLP M ON M
DPTR FM NORMAL     0    LOWEST  SLP 29.68 ON 10

[REMARKS]
