000
CXUS53 KOAX 221000
CF6OAX
PRELIMINARY LOCAL CLIMATOLOGICAL DATA (WS FORM: F-6)

                                          STATION:   VALLEY  NWS, NEBRASKA
                                          MONTH:     AUGUST
                                          YEAR:      2014
                                          LATITUDE:   41 19 N
                                          LONGITUDE:  96 22 W

  TEMPERATURE IN F:       :PCPN:    SNOW:  WIND      :SUNSHINE: SKY     :PK WND
================================================================================
1   2   3   4   5  6A  6B    7    8   9   10  11  12  13   14  15   16   17  18
                                     12Z  AVG MX 2MIN
DY MAX MIN AVG DEP HDD CDD  WTR  SNW DPTH SPD SPD DIR MIN PSBL S-S WX    SPD DR
================================================================================

 1  83  63  73  -3   0   8 0.00  0.0    0   M   M   M   M    M   M        18  M
 2  84  64  74  -2   0   9 0.00  0.0    0   M   M   M   M    M   M        15  M
 3  87  66  77   1   0  12    T  0.0    0   M   M   M   M    M   M 3      30  M
 4  83  68  76   0   0  11 0.00  0.0    0   M   M   M   M    M   M        18  M
 5  88  69  79   3   0  14    T  0.0    0   M   M   M   M    M   M        21  M
 6  78  68  73  -3   0   8 0.49  0.0    0   M   M   M   M    M   M 18     22  M
 7  77  67  72  -4   0   7    T  0.0    0   M   M   M   M    M   M 1      17  M
 8  80  69  75  -1   0  10    T  0.0    0   M   M   M   M    M   M 1      15  M
 9  81  68  75   0   0  10    T  0.0    0   M   M   M   M    M   M 1      23  M
10  78  69  74  -1   0   9 0.10  0.0    0   M   M   M   M    M   M 1      14  M
11  78  60  69  -6   0   4 0.00  0.0    0   M   M   M   M    M   M        29  M
12  79  55  67  -8   0   2 0.00  0.0    0   M   M   M   M    M   M         M  M
13  82  55  69  -6   0   4 0.00  0.0    0   M   M   M   M    M   M 1      12  M
14  83  64  74  -1   0   9 0.00  0.0    0   M   M   M   M    M   M        20  M
15  74  69  72  -2   0   7 0.04  0.0    0   M   M   M   M    M   M        23  M
16  85  69  77   3   0  12 0.00  0.0    0   M   M   M   M    M   M 1      14  M
17  87  67  77   3   0  12 0.04  0.0    0   M   M   M   M    M   M 3      38  M
18  88  65  77   3   0  12 0.03  0.0    0   M   M   M   M    M   M 3      32  M
19  89  68  79   5   0  14 0.00  0.0    0   M   M   M   M    M   M        15  M
20  91  73  82   8   0  17    T  0.0    0   M   M   M   M    M   M        30  M
21  90  72  81   8   0  16 0.03  0.0    0   M   M   M   M    M   M 3      25  M
================================================================================
SM 1745 1388         0 207  0.73     0.0     M          M        M
================================================================================
AV 83.1 66.1                                 M FASTST   M    M   6    MAX(MPH)
                                 MISC ---->     M   M                 38    M
================================================================================
NOTES:
# LAST OF SEVERAL OCCURRENCES

COLUMN 17 PEAK WIND IN M.P.H.

PRELIMINARY LOCAL CLIMATOLOGICAL DATA (WS FORM: F-6) , PAGE 2

                                          STATION:  VALLEY  NWS, NEBRASKA
                                          MONTH:    AUGUST
                                          YEAR:     2014
                                          LATITUDE:   41 19 N
                                          LONGITUDE:  96 22 W

[TEMPERATURE DATA]      [PRECIPITATION DATA]       SYMBOLS USED IN COLUMN 16

AVERAGE MONTHLY: 74.6   TOTAL FOR MONTH:   0.73    1 = FOG OR MIST
DPTR FM NORMAL:  -0.4   DPTR FM NORMAL:   -2.05    2 = FOG REDUCING VISIBILITY
HIGHEST:    91 ON 20    GRTST 24HR  0.49 ON  6- 6      TO 1/4 MILE OR LESS
LOWEST:     55 ON 13,12                            3 = THUNDER
                        SNOW, ICE PELLETS, HAIL    4 = ICE PELLETS
                        TOTAL MONTH:   0.0 INCH    5 = HAIL
                        GRTST 24HR     0.0         6 = FREEZING RAIN OR DRIZZLE
                        GRTST DEPTH:   0           7 = DUSTSTORM OR SANDSTORM:
                                                       VSBY 1/2 MILE OR LESS
                                                   8 = SMOKE OR HAZE
[NO. OF DAYS WITH]      [WEATHER - DAYS WITH]      9 = BLOWING SNOW
                                                   X = TORNADO
MAX 32 OR BELOW:   0    0.01 INCH OR MORE:   6
MAX 90 OR ABOVE:   2    0.10 INCH OR MORE:   2
MIN 32 OR BELOW:   0    0.50 INCH OR MORE:   0
MIN  0 OR BELOW:   0    1.00 INCH OR MORE:   0

[HDD (BASE 65) ]
TOTAL THIS MO.     0    CLEAR  (SCALE 0-3)   0
DPTR FM NORMAL     0    PTCLDY (SCALE 4-7)   0
TOTAL FM JUL 1     1    CLOUDY (SCALE 8-10)  0
DPTR FM NORMAL     0

[CDD (BASE 65) ]
TOTAL THIS MO.   207
DPTR FM NORMAL    -4    [PRESSURE DATA]
TOTAL FM JAN 1   824    HIGHEST SLP M ON M
DPTR FM NORMAL   -52    LOWEST  SLP M ON M

[REMARKS]
