000
CXUS54 KMAF 301100
CF6ODO
PRELIMINARY LOCAL CLIMATOLOGICAL DATA (WS FORM: F-6)

                                          STATION:   Odessa Schleymeyer
                                          MONTH:     MAY
                                          YEAR:      2016
                                          LATITUDE:   31 55 N
                                          LONGITUDE: 102 23 W

  TEMPERATURE IN F:       :PCPN:    SNOW:  WIND      :SUNSHINE: SKY     :PK WND
================================================================================
1   2   3   4   5  6A  6B    7    8   9   10  11  12  13   14  15   16   17  18
                                     12Z  AVG MX 2MIN
DY MAX MIN AVG DEP HDD CDD  WTR  SNW DPTH SPD SPD DIR MIN PSBL S-S WX    SPD DR
================================================================================

 1  64  51  58 -12   7   0 0.00  0.0    0 19.0 33  60   M    M   8        43  60
 2  72  45  59 -11   6   0 0.03  0.0    0  9.4 18  20   M    M   4        23  30
 3  82  50  66  -5   0   1 0.00  0.0    0  8.1 26  40   M    M   1        32  40
 4  86  49  68  -3   0   3 0.00  0.0    0  6.3 16  30   M    M   0        21  20
 5  88  54  71   0   0   6 0.00  0.0    0  9.7 20 150   M    M   0        24 150
 6  91  59  75   3   0  10    T  0.0    0 19.9 35 160   M    M   0        43 140
 7  95  65  80   8   0  15 0.03  0.0    0 18.9 37 150   M    M   0 38     43 150
 8  94  66  80   8   0  15    T  0.0    0 15.0 40 270   M    M   2        63 270
 9  87  61  74   1   0   9 0.00  0.0    0 17.3 37 250   M    M   1 1      49 240
10  95  58  77   4   0  12 0.00  0.0    0 10.6 26 250   M    M   0        31 250
11  95  69  82   9   0  17 0.00  0.0    0 10.2 21 200   M    M   1 8      25 190
12  80  65  73  -1   0   8 0.00  0.0    0 13.6 30  60   M    M   5 8      37  60
13  91  65  78   4   0  13 0.00  0.0    0 13.1 25 190   M    M   3        32 200
14  76  58  67  -7   0   2 0.00  0.0    0 15.1 30  60   M    M   2        34  50
15  75  56  66  -8   0   1 0.01  0.0    0 14.3 25 140   M    M   8 18     31 140
16  96  60  78   3   0  13 0.00  0.0    0 14.3 25 180   M    M   1        31 240
17  75  53  64 -11   1   0    T  0.0    0 18.9 29  40   M    M   6 18     36  30
18  54  51  53 -22  12   0 0.24  0.0    0 11.9 23  50   M    M   9 1      29  50
19  69  54  62 -14   3   0 0.00  0.0    0  5.6 13 140   M    M   7 1      15 140
20  92  52  72  -4   0   7 0.00  0.0    0 10.6 21 170   M    M   2 12     25 160
21  92  67  80   4   0  15 0.00  0.0    0 16.3 26 180   M    M   2 18     33 190
22  97  75  86  10   0  21 0.00  0.0    0 16.3 28 150   M    M   5 8      33 150
23  99  75  87  10   0  22 0.00  0.0    0 15.3 30 180   M    M   4 8      38 180
24  99  73  86   9   0  21    T  0.0    0 14.5 24 190   M    M   2 8      31 190
25  99  72  86   9   0  21 0.00  0.0    0 13.2 28 180   M    M   0 18     36 180
26  98  74  86   9   0  21 0.03  0.0    0 13.2 43 220   M    M   0 8      53 220
27  91  63  77  -1   0  12 0.00  0.0    0 12.3 23 260   M    M   0        31 230
28  95  58  77  -1   0  12 0.00  0.0    0  9.9 22 150   M    M   0        31 150
29  83  62  73  -5   0   8 0.00  0.0    0 17.6 30  30   M    M   5 8      38  30
================================================================================
SM 2510 1760        29 285  0.34     0.0 390.4          M       78
================================================================================
AV 86.6 60.7                              13.5 FASTST   M    M   3    MAX(MPH)
                                 MISC ---->  # 43 220               # 63  270
================================================================================
NOTES:
# LAST OF SEVERAL OCCURRENCES

COLUMN 17 PEAK WIND IN M.P.H.

PRELIMINARY LOCAL CLIMATOLOGICAL DATA (WS FORM: F-6) , PAGE 2

                                          STATION:  Odessa Schleymeyer
                                          MONTH:    MAY
                                          YEAR:     2016
                                          LATITUDE:   31 55 N
                                          LONGITUDE: 102 23 W

[TEMPERATURE DATA]      [PRECIPITATION DATA]       SYMBOLS USED IN COLUMN 16

AVERAGE MONTHLY: 73.6   TOTAL FOR MONTH:   0.34    1 = FOG OR MIST
DPTR FM NORMAL:  -0.7   DPTR FM NORMAL:   -1.69    2 = FOG REDUCING VISIBILITY
HIGHEST:    99 ON 25,24 GRTST 24HR  0.24 ON 17-18      TO 1/4 MILE OR LESS
LOWEST:     45 ON  2                               3 = THUNDER
                        SNOW, ICE PELLETS, HAIL    4 = ICE PELLETS
                        TOTAL MONTH:   0.0 INCH    5 = HAIL
                        GRTST 24HR     0.0         6 = FREEZING RAIN OR DRIZZLE
                        GRTST DEPTH:   0           7 = DUSTSTORM OR SANDSTORM:
                                                       VSBY 1/2 MILE OR LESS
                                                   8 = SMOKE OR HAZE
[NO. OF DAYS WITH]      [WEATHER - DAYS WITH]      9 = BLOWING SNOW
                                                   X = TORNADO
MAX 32 OR BELOW:   0    0.01 INCH OR MORE:   5
MAX 90 OR ABOVE:  16    0.10 INCH OR MORE:   1
MIN 32 OR BELOW:   0    0.50 INCH OR MORE:   0
MIN  0 OR BELOW:   0    1.00 INCH OR MORE:   0

[HDD (BASE 65) ]
TOTAL THIS MO.    29    CLEAR  (SCALE 0-3)  19
DPTR FM NORMAL    18    PTCLDY (SCALE 4-7)   9
TOTAL FM JUL 1  1980    CLOUDY (SCALE 8-10)  1
DPTR FM NORMAL  -502

[CDD (BASE 65) ]
TOTAL THIS MO.   285
DPTR FM NORMAL     1    [PRESSURE DATA]
TOTAL FM JAN 1   469    HIGHEST SLP M ON M
DPTR FM NORMAL    54    LOWEST  SLP 29.46 ON  8

[REMARKS]
