000
CXHW52 PHFO 291250
CF6OGG
PRELIMINARY LOCAL CLIMATOLOGICAL DATA (WS FORM: F-6)

                                          STATION:   KAHULUI HI
                                          MONTH:     JULY
                                          YEAR:      2016
                                          LATITUDE:   20 53 N
                                          LONGITUDE: 156 26 W

  TEMPERATURE IN F:       :PCPN:    SNOW:  WIND      :SUNSHINE: SKY     :PK WND
================================================================================
1   2   3   4   5  6A  6B    7    8   9   10  11  12  13   14  15   16   17  18
                                     12Z  AVG MX 2MIN
DY MAX MIN AVG DEP HDD CDD  WTR  SNW DPTH SPD SPD DIR MIN PSBL S-S WX    SPD DR
================================================================================

 1  87  76  82   3   0  17 0.01  0.0    0 18.0 30  50   M    M   3        39  40
 2  86  75  81   2   0  16 0.08  0.0    0 17.1 29  40   M    M   6 18     39  50
 3  85  72  79   0   0  14 0.06  0.0    0 14.4 26  40   M    M   8 1      31  60
 4  88  67  78  -1   0  13    T  0.0    0 13.1 29  40   M    M   3 1      36  40
 5  86  69  78  -1   0  13    T  0.0    0 14.3 28  40   M    M   4        35  70
 6  88  69  79   0   0  14 0.00  0.0    0 15.5 26  50   M    M   3        36  40
 7  87  74  81   2   0  16    M  0.0    0 17.7 31  40   M    M   5 1      37  30
 8  86  73  80   1   0  15 0.03  0.0    0 14.8 24  40   M    M   4        31  40
 9  87  72  80   1   0  15    T  0.0    0 14.8 30  40   M    M   5        35  50
10  87  73  80   1   0  15 0.02  0.0    0 12.9 23  30   M    M   4 1      26  30
11  89  65  77  -2   0  12 0.01  0.0    0 11.9 26  20   M    M   3 8      30  40
12  89  69  79   0   0  14 0.01  0.0    0 12.8 24  30   M    M   3        28  40
13  89  70  80   1   0  15 0.01  0.0    0 10.5 22  30   M    M   4        26  30
14  89  71  80   1   0  15 0.00  0.0    0 10.4 21  30   M    M   5        24  40
15  89  75  82   3   0  17 0.05  0.0    0 15.5 26  40   M    M   6 1      32  40
16  87  74  81   2   0  16 0.05  0.0    0 12.1 22  40   M    M   4 18     25  40
17  87  71  79   0   0  14 0.08  0.0    0  9.0 22  40   M    M   5 18     25  30
18  90  74  82   3   0  17 0.01  0.0    0  6.8 23 210   M    M   6 1      26 210
19  93  75  84   5   0  19    T  0.0    0  9.2 20  20   M    M   6        26  20
20  91  72  82   3   0  17 0.00  0.0    0 12.6 28  70   M    M   4        38  70
21  88  74  81   2   0  16 0.04  0.0    0 17.9 32  30   M    M   5 1      37  40
22  88  74  81   2   0  16 0.02  0.0    M 18.6 28  40   M    M   5        35  40
23  83  74  79   0   0  14 0.51  0.0    0 19.7 29  60   M    M   9 18     38  50
24  88  75  82   3   0  17 0.02  0.0    0  7.8 21 190   M    M   6 1      28 190
25  93  74  84   4   0  19 0.00  0.0    0  6.9 22  40   M    M   2        25  40
26  93  69  81   1   0  16 0.00  0.0    0 12.1 26  70   M    M   3        35  60
27  90  77  84   4   0  19 0.00  0.0    0 20.7 31  40   M    M   2        40  40
28  90  77  84   4   0  19    T  0.0    0 20.3 32  50   M    M   4        40  40
================================================================================
SM 2473 2030         0 440  1.01     0.0 387.4          M      127
================================================================================
AV 88.3 72.5                              13.8 FASTST   M    M   5    MAX(MPH)
                                 MISC ---->  # 32  30               # 40   40
================================================================================
NOTES:
# LAST OF SEVERAL OCCURRENCES

COLUMN 17 PEAK WIND IN M.P.H.

PRELIMINARY LOCAL CLIMATOLOGICAL DATA (WS FORM: F-6) , PAGE 2

                                          STATION:  KAHULUI HI
                                          MONTH:    JULY
                                          YEAR:     2016
                                          LATITUDE:   20 53 N
                                          LONGITUDE: 156 26 W

[TEMPERATURE DATA]      [PRECIPITATION DATA]       SYMBOLS USED IN COLUMN 16

AVERAGE MONTHLY: 80.4   TOTAL FOR MONTH:   1.01    1 = FOG OR MIST
DPTR FM NORMAL:   1.3   DPTR FM NORMAL:    0.57    2 = FOG REDUCING VISIBILITY
HIGHEST:    93 ON 26,25 GRTST 24HR  0.53 ON 23-24      TO 1/4 MILE OR LESS
LOWEST:     65 ON 11                               3 = THUNDER
                        SNOW, ICE PELLETS, HAIL    4 = ICE PELLETS
                        TOTAL MONTH:   0.0 INCH    5 = HAIL
                        GRTST 24HR     0.0         6 = FREEZING RAIN OR DRIZZLE
                        GRTST DEPTH:   0           7 = DUSTSTORM OR SANDSTORM:
                                                       VSBY 1/2 MILE OR LESS
                                                   8 = SMOKE OR HAZE
[NO. OF DAYS WITH]      [WEATHER - DAYS WITH]      9 = BLOWING SNOW
                                                   X = TORNADO
MAX 32 OR BELOW:   0    0.01 INCH OR MORE:  16
MAX 90 OR ABOVE:   7    0.10 INCH OR MORE:   1
MIN 32 OR BELOW:   0    0.50 INCH OR MORE:   1
MIN  0 OR BELOW:   0    1.00 INCH OR MORE:   0

[HDD (BASE 65) ]
TOTAL THIS MO.     0    CLEAR  (SCALE 0-3)   6
DPTR FM NORMAL     0    PTCLDY (SCALE 4-7)  21
TOTAL FM JUL 1     0    CLOUDY (SCALE 8-10)  1
DPTR FM NORMAL     0

[CDD (BASE 65) ]
TOTAL THIS MO.   440
DPTR FM NORMAL    46    [PRESSURE DATA]
TOTAL FM JAN 1  2355    HIGHEST SLP M ON M
DPTR FM NORMAL   314    LOWEST  SLP 29.84 ON 24

[REMARKS]
