000
CXUS56 KSGX 281545
CF6OKB
PRELIMINARY LOCAL CLIMATOLOGICAL DATA (WS FORM: F-6)

                                          STATION:   OCEANSIDE AIRPORT CA
                                          MONTH:     SEPTEMBER
                                          YEAR:      2016
                                          LATITUDE:   33 13 N
                                          LONGITUDE: 117 21 W

  TEMPERATURE IN F:       :PCPN:    SNOW:  WIND      :SUNSHINE: SKY     :PK WND
================================================================================
1   2   3   4   5  6A  6B    7    8   9   10  11  12  13   14  15   16   17  18
                                     12Z  AVG MX 2MIN
DY MAX MIN AVG DEP HDD CDD  WTR  SNW DPTH SPD SPD DIR MIN PSBL S-S WX    SPD DR
================================================================================

 1  76  67  72   3   0   7 0.00  0.0    0  4.7 13 260   M    M   8 8      17 270
 2  74  64  69   0   0   4 0.00  0.0    0  4.4 14 240   M    M   7 8      18 250
 3  73  61  67  -2   0   2 0.00  0.0    0  6.6 14 250   M    M   6        19 240
 4  75  65  70   1   0   5 0.00  0.0    0  6.8 20 250   M    M   7        24 250
 5  74  58  66  -3   0   1 0.00  0.0    0  4.7 14 250   M    M   4        19 250
 6  76  57  67  -2   0   2 0.00  0.0    0  5.5 15 250   M    M   4        20 250
 7  75  58  67  -2   0   2 0.00  0.0    0  4.3 13 230   M    M   9 18     18 250
 8  76  66  71   2   0   6 0.00  0.0    0  5.6 15 240   M    M   5        20 250
 9  76  59  68  -1   0   3 0.00  0.0    0  5.7 17 260   M    M   M 18     21 290
10  75  58  67  -1   0   2 0.00  0.0    0  5.3 16 250   M    M   4 18     21 240
11  74  65  70   2   0   5 0.00  0.0    0  5.4 15 240   M    M   7 8      18 240
12  73  65  69   1   0   4 0.00  0.0    0  6.1 15 250   M    M   9        19 220
13  74  55  65  -3   0   0 0.00  0.0    0  6.1 14 250   M    M   6        22  30
14  74  53  64  -4   1   0 0.00  0.0    0  6.5 20 260   M    M   1        25 260
15  74  50  62  -6   3   0 0.00  0.0    0  4.5 15 260   M    M   0        21 270
16  73  49  61  -7   4   0 0.00  0.0    0  4.6 13 250   M    M   1        21 250
17  74  52  63  -5   2   0 0.00  0.0    0  4.5 18 230   M    M   2 18     44 230
18  72  56  64  -4   1   0 0.00  0.0    0  4.1 14 240   M    M   6 128    18 240
19  78  60  69   1   0   4 0.00  0.0    0  5.4 15 200   M    M   3 128    21 200
20  84  69  77  10   0  12 0.18  0.0    0  2.5 13 300   M    M   6 18     19 330
21  79  66  73   6   0   8 0.06  0.0    0  4.8 14 270   M    M   8 18     31 330
22  76  59  68   1   0   3 0.00  0.0    0  6.8 16 220   M    M   7 18     21 200
23  74  53  64  -3   1   0 0.00  0.0    0  5.5 18 280   M    M   2 18     29  90
24  85  53  69   2   0   4 0.00  0.0    0  5.8 17 290   M    M   0        24 290
25  91  52  72   5   0   7 0.00  0.0    0  5.0 21 280   M    M   0        26 290
26 104  57  81  15   0  16 0.00  0.0    0  5.8 17 130   M    M   0        24 140
27  93  63  78  12   0  13 0.00  0.0    0  3.3 13 270   M    M   0        18 110
================================================================================
SM 2102 1590        12 110  0.24     0.0 140.3          M      112
================================================================================
AV 77.9 58.9                               5.2 FASTST   M    M   4    MAX(MPH)
                                 MISC ---->  # 21 280               # 44  230
================================================================================
NOTES:
# LAST OF SEVERAL OCCURRENCES

COLUMN 17 PEAK WIND IN M.P.H.

PRELIMINARY LOCAL CLIMATOLOGICAL DATA (WS FORM: F-6) , PAGE 2

                                          STATION:  OCEANSIDE AIRPORT CA
                                          MONTH:    SEPTEMBER
                                          YEAR:     2016
                                          LATITUDE:   33 13 N
                                          LONGITUDE: 117 21 W

[TEMPERATURE DATA]      [PRECIPITATION DATA]       SYMBOLS USED IN COLUMN 16

AVERAGE MONTHLY: 68.4   TOTAL FOR MONTH:   0.24    1 = FOG OR MIST
DPTR FM NORMAL:   0.4   DPTR FM NORMAL:    0.02    2 = FOG REDUCING VISIBILITY
HIGHEST:   104 ON 26    GRTST 24HR  0.24 ON 20-21      TO 1/4 MILE OR LESS
LOWEST:     49 ON 16                               3 = THUNDER
                        SNOW, ICE PELLETS, HAIL    4 = ICE PELLETS
                        TOTAL MONTH:   0.0 INCH    5 = HAIL
                        GRTST 24HR     0.0         6 = FREEZING RAIN OR DRIZZLE
                        GRTST DEPTH:   0           7 = DUSTSTORM OR SANDSTORM:
                                                       VSBY 1/2 MILE OR LESS
                                                   8 = SMOKE OR HAZE
[NO. OF DAYS WITH]      [WEATHER - DAYS WITH]      9 = BLOWING SNOW
                                                   X = TORNADO
MAX 32 OR BELOW:   0    0.01 INCH OR MORE:   2
MAX 90 OR ABOVE:   3    0.10 INCH OR MORE:   1
MIN 32 OR BELOW:   0    0.50 INCH OR MORE:   0
MIN  0 OR BELOW:   0    1.00 INCH OR MORE:   0

[HDD (BASE 65) ]
TOTAL THIS MO.    12    CLEAR  (SCALE 0-3)  10
DPTR FM NORMAL     8    PTCLDY (SCALE 4-7)  14
TOTAL FM JUL 1    12    CLOUDY (SCALE 8-10)  2
DPTR FM NORMAL     3

[CDD (BASE 65) ]
TOTAL THIS MO.   110
DPTR FM NORMAL    22    [PRESSURE DATA]
TOTAL FM JAN 1   567    HIGHEST SLP M ON M
DPTR FM NORMAL   179    LOWEST  SLP 29.74 ON  5

[REMARKS]
