000
CXUS54 KOUN 010800
CF6OKC
PRELIMINARY LOCAL CLIMATOLOGICAL DATA (WS FORM: F-6)

                                          STATION:   OKLAHOMA CITY
                                          MONTH:     JULY
                                          YEAR:      2015
                                          LATITUDE:   35 24 N
                                          LONGITUDE:  97 36 W

  TEMPERATURE IN F:       :PCPN:    SNOW:  WIND      :SUNSHINE: SKY     :PK WND
================================================================================
1   2   3   4   5  6A  6B    7    8   9   10  11  12  13   14  15   16   17  18
                                     12Z  AVG MX 2MIN
DY MAX MIN AVG DEP HDD CDD  WTR  SNW DPTH SPD SPD DIR MIN PSBL S-S WX    SPD DR
================================================================================

 1  95  71  83   1   0  18 0.00  0.0    0 14.4 25 210   M    M   5        30 210
 2  93  71  82   0   0  17 1.32  0.0    0 12.6 28  10   M    M   8 13     33  10
 3  89  67  78  -4   0  13 2.44  0.0    0  7.4 24 120   M    M   7 13     29  60
 4  89  69  79  -3   0  14 0.11  0.0    0  6.3 20 290   M    M   5 13     25 300
 5  92  72  82   0   0  17 0.00  0.0    0 12.3 20 170   M    M   5        25 200
 6  91  71  81  -1   0  16 0.51  0.0    0 14.7 29  20   M    M   7 13     41  30
 7  78  66  72 -10   0   7 0.67  0.0    0  9.6 18  40   M    M  10 13     22  40
 8  72  64  68 -14   0   3 0.01  0.0    0  5.9 13 340   M    M   9 18     14 310
 9  85  70  78  -5   0  13    T  0.0    0  9.0 21 240   M    M   8 1      27 210
10  89  71  80  -3   0  15 0.00  0.0    0 12.3 21 180   M    M   7        26 180
11  90  73  82  -1   0  17 0.00  0.0    0 13.5 21 180   M    M   5        26 180
12  93  70  82  -1   0  17 0.00  0.0    0 12.9 24 190   M    M   3        31 190
13  96  72  84   1   0  19 0.00  0.0    0 12.1 21 190   M    M   3        27 180
14  96  72  84   1   0  19 0.00  0.0    0  8.1 17 190   M    M   1        21 180
15  95  71  83   0   0  18 0.00  0.0    0  9.2 17 180   M    M   2        22 170
16  94  70  82  -1   0  17 0.00  0.0    0 11.8 21 200   M    M   3        26 190
17  95  73  84   1   0  19 0.00  0.0    0 12.8 21 210   M    M   4        27 210
18  96  76  86   3   0  21 0.00  0.0    0 13.9 22 180   M    M   2        28 210
19  96  74  85   1   0  20 0.00  0.0    0 10.7 18 200   M    M   2        23 200
20  98  73  86   2   0  21 0.04  0.0    0  7.0 21 230   M    M   6 38     26 240
21  82  72  77  -7   0  12 1.96  0.0    0  8.1 22 320   M    M   9 13     27 320
22  92  72  82  -2   0  17 0.16  0.0    0  8.0 17 200   M    M   7 13     22 200
23  95  75  85   1   0  20 0.00  0.0    0  8.7 15 190   M    M   3        18 190
24  96  73  85   1   0  20 0.00  0.0    0  8.1 15 220   M    M   2        19 210
25  96  71  84   0   0  19 0.00  0.0    0  8.5 16 170   M    M   2        21 180
26  95  71  83  -1   0  18 0.00  0.0    0  8.6 16 160   M    M   3        21 150
27  95  71  83  -1   0  18 0.00  0.0    0  9.3 18 160   M    M   2        24 150
28  95  72  84   0   0  19 0.00  0.0    0 11.6 21 200   M    M   1        27 150
29  96  69  83  -1   0  18 0.00  0.0    0  6.7 15 150   M    M   3        20 150
30  94  75  85   1   0  20 0.00  0.0    0  8.7 23  10   M    M   5        28  20
31  91  73  82  -2   0  17 0.09  0.0    0  5.4 17 100   M    M   8 13     22 130
================================================================================
SM 2849 2210         0 519  7.31     0.0 308.2          M      147
================================================================================
AV 91.9 71.3                               9.9 FASTST   M    M   5    MAX(MPH)
                                 MISC ---->  # 29  20               # 41   30
================================================================================
NOTES:
# LAST OF SEVERAL OCCURRENCES

COLUMN 17 PEAK WIND IN M.P.H.

PRELIMINARY LOCAL CLIMATOLOGICAL DATA (WS FORM: F-6) , PAGE 2

                                          STATION:  OKLAHOMA CITY
                                          MONTH:    JULY
                                          YEAR:     2015
                                          LATITUDE:   35 24 N
                                          LONGITUDE:  97 36 W

[TEMPERATURE DATA]      [PRECIPITATION DATA]       SYMBOLS USED IN COLUMN 16

AVERAGE MONTHLY: 81.6   TOTAL FOR MONTH:   7.31    1 = FOG OR MIST
DPTR FM NORMAL:  -1.4   DPTR FM NORMAL:    4.38    2 = FOG REDUCING VISIBILITY
HIGHEST:    98 ON 20    GRTST 24HR  3.76 ON  2- 3      TO 1/4 MILE OR LESS
LOWEST:     64 ON  8                               3 = THUNDER
                        SNOW, ICE PELLETS, HAIL    4 = ICE PELLETS
                        TOTAL MONTH:   0.0 INCH    5 = HAIL
                        GRTST 24HR     0.0         6 = FREEZING RAIN OR DRIZZLE
                        GRTST DEPTH:   0           7 = DUSTSTORM OR SANDSTORM:
                                                       VSBY 1/2 MILE OR LESS
                                                   8 = SMOKE OR HAZE
[NO. OF DAYS WITH]      [WEATHER - DAYS WITH]      9 = BLOWING SNOW
                                                   X = TORNADO
MAX 32 OR BELOW:   0    0.01 INCH OR MORE:  10
MAX 90 OR ABOVE:  24    0.10 INCH OR MORE:   7
MIN 32 OR BELOW:   0    0.50 INCH OR MORE:   5
MIN  0 OR BELOW:   0    1.00 INCH OR MORE:   3

[HDD (BASE 65) ]
TOTAL THIS MO.     0    CLEAR  (SCALE 0-3)  13
DPTR FM NORMAL     0    PTCLDY (SCALE 4-7)  15
TOTAL FM JUL 1     0    CLOUDY (SCALE 8-10)  3
DPTR FM NORMAL     0

[CDD (BASE 65) ]
TOTAL THIS MO.   519
DPTR FM NORMAL   -40    [PRESSURE DATA]
TOTAL FM JAN 1  1123    HIGHEST SLP M ON M
DPTR FM NORMAL   -76    LOWEST  SLP 29.72 ON 13

[REMARKS]
#FINAL-07-15#
