000
CXUS55 KGGW 210800
CF6OLF
PRELIMINARY LOCAL CLIMATOLOGICAL DATA (WS FORM: F-6)

                                          STATION:   WOLF POINT MT
                                          MONTH:     OCTOBER
                                          YEAR:      2014
                                          LATITUDE:   48  5 N
                                          LONGITUDE: 105 35 W

  TEMPERATURE IN F:       :PCPN:    SNOW:  WIND      :SUNSHINE: SKY     :PK WND
================================================================================
1   2   3   4   5  6A  6B    7    8   9   10  11  12  13   14  15   16   17  18
                                     12Z  AVG MX 2MIN
DY MAX MIN AVG DEP HDD CDD  WTR  SNW DPTH SPD SPD DIR MIN PSBL S-S WX    SPD DR
================================================================================

 1  61  37  49  -1  16   0 0.02    M    0 13.2 25 320   M    M   7        32 300
 2  46  35  41  -9  24   0    T    M    0 16.3 30 310   M    M   8        37 310
 3  52  25  39 -11  26   0 0.00  0.0    0 10.4 25 320   M    M   2        34 300
 4  68  34  51   2  14   0 0.01    M    0  8.4 30 310   M    M   7 3      38 310
 5  67  41  54   5  11   0 0.01    M    0 14.0 35 320   M    M   3        40 320
 6  69  40  55   7  10   0    T    M    0 11.9 28 310   M    M   5        35 300
 7  63  35  49   1  16   0 0.00  0.0    0 10.2 20 270   M    M   0        26 310
 8  60  32  46  -1  19   0 0.00  0.0    0  9.2 18  70   M    M   4        22  70
 9  62  29  46  -1  19   0 0.00  0.0    0  6.1 15  80   M    M   0        20  70
10  68  27  48   2  17   0 0.00  0.0    0  5.8 14 170   M    M   0        20 180
11  75  34  55   9  10   0    T    M    0  7.6 20 260   M    M   2        24 260
12  67  41  54   8  11   0 0.05    M    0 10.7 26 330   M    M   4        35 320
13  65  33  49   4  16   0 0.00  0.0    0  6.3 16 270   M    M   0        20 260
14  78  31  55  10  10   0 0.00  0.0    0  2.8  8 240   M    M   0        11 230
15  63  35  49   5  16   0 0.00  0.0    0  5.5 28 340   M    M   0        40 340
16  56  43  50   6  15   0 0.16    M    0 14.0 29 260   M    M   9 1      35 260
17  56  35  46   3  19   0 0.00  0.0    0  6.8 14  80   M    M   5        16  80
18  67  32  50   7  15   0 0.00  0.0    0  5.2 10 250   M    M   0        14 260
19  71  37  54  12  11   0 0.00  0.0    0  4.6 13 240   M    M   0        16 240
20  80  34  57  15   8   0 0.00  0.0    0  4.6  9  90   M    M   0        11  90
================================================================================
SM 1294  690       303   0  0.25     0.0 173.6          M       56
================================================================================
AV 64.7 34.5                               8.7 FASTST   M    M   3    MAX(MPH)
                                 MISC ---->  # 35 320               # 40  320
================================================================================
NOTES:
# LAST OF SEVERAL OCCURRENCES

COLUMN 17 PEAK WIND IN M.P.H.

PRELIMINARY LOCAL CLIMATOLOGICAL DATA (WS FORM: F-6) , PAGE 2

                                          STATION:  WOLF POINT MT
                                          MONTH:    OCTOBER
                                          YEAR:     2014
                                          LATITUDE:   48  5 N
                                          LONGITUDE: 105 35 W

[TEMPERATURE DATA]      [PRECIPITATION DATA]       SYMBOLS USED IN COLUMN 16

AVERAGE MONTHLY: 49.6   TOTAL FOR MONTH:   0.25    1 = FOG OR MIST
DPTR FM NORMAL:   3.4   DPTR FM NORMAL:   -0.32    2 = FOG REDUCING VISIBILITY
HIGHEST:    80 ON 20    GRTST 24HR  0.16 ON 15-16      TO 1/4 MILE OR LESS
LOWEST:     25 ON  3                               3 = THUNDER
                        SNOW, ICE PELLETS, HAIL    4 = ICE PELLETS
                        TOTAL MONTH:   0.0 INCH    5 = HAIL
                        GRTST 24HR     0.0         6 = FREEZING RAIN OR DRIZZLE
                        GRTST DEPTH:   0           7 = DUSTSTORM OR SANDSTORM:
                                                       VSBY 1/2 MILE OR LESS
                                                   8 = SMOKE OR HAZE
[NO. OF DAYS WITH]      [WEATHER - DAYS WITH]      9 = BLOWING SNOW
                                                   X = TORNADO
MAX 32 OR BELOW:   0    0.01 INCH OR MORE:   5
MAX 90 OR ABOVE:   0    0.10 INCH OR MORE:   1
MIN 32 OR BELOW:   6    0.50 INCH OR MORE:   0
MIN  0 OR BELOW:   0    1.00 INCH OR MORE:   0

[HDD (BASE 65) ]
TOTAL THIS MO.   303    CLEAR  (SCALE 0-3)  11
DPTR FM NORMAL   -73    PTCLDY (SCALE 4-7)   8
TOTAL FM JUL 1   593    CLOUDY (SCALE 8-10)  1
DPTR FM NORMAL  -106

[CDD (BASE 65) ]
TOTAL THIS MO.     0
DPTR FM NORMAL     0    [PRESSURE DATA]
TOTAL FM JAN 1   493    HIGHEST SLP M ON M
DPTR FM NORMAL    45    LOWEST  SLP 29.48 ON 15

[REMARKS]
