000
CXUS55 KGGW 190810
CF6OLF
PRELIMINARY LOCAL CLIMATOLOGICAL DATA (WS FORM: F-6)
STATION: WOLF POINT MT
MONTH: MARCH
YEAR: 2024
LATITUDE: 48 5 N
LONGITUDE: 105 35 W
TEMPERATURE IN F: :PCPN: SNOW: WIND :SUNSHINE: SKY :PK WND
================================================================================
1 2 3 4 5 6A 6B 7 8 9 10 11 12 13 14 15 16 17 18
12Z AVG MX 2MIN
DY MAX MIN AVG DEP HDD CDD WTR SNW DPTH SPD SPD DIR MIN PSBL S-S WX SPD DR
================================================================================
1 45 25 35 12 30 0 0.00 M M 9.1 16 300 M M 3 24 260
2 40 24 32 8 33 0 0.02 M M 17.3 31 90 M M 7 1 43 90
3 27 8 18 -6 47 0 0.04 M M 17.5 28 290 M M 8 18 38 290
4 M M M M M M 0.00 M M M M M M M M M M
5 M M M M M M 0.00 M M M M M M M M M M
6 M M M M M M 0.00 M M M M M M M M M M
7 21 -10 6 -20 59 0 0.00 M M 5.1 13 70 M M 0 17 80
8 39 -5 17 -10 48 0 0.00 M M 4.1 10 260 M M 0 13 260
9 51 12 32 5 33 0 0.00 M M 4.6 10 80 M M 0 14 90
10 60 26 43 15 22 0 0.00 M M 6.2 20 260 M M 0 26 280
11 56 26 41 13 24 0 0.00 M M 7.7 21 300 M M 1 32 310
12 57 27 42 13 23 0 0.00 M M 4.2 13 300 M M 5 19 300
13 59 26 43 13 22 0 0.00 M M 8.7 20 10 M M 2 28 10
14 42 23 33 3 32 0 0.00 M M 8.2 15 330 M M 7 19 360
15 59 22 41 10 24 0 0.00 M M 12.5 29 310 M M 0 39 260
16 50 25 38 7 27 0 0.00 M M 9.2 22 330 M M 2 29 10
17 42 22 32 0 33 0 0.00 M M 6.4 12 40 M M 0 18 30
18 70 18 44 12 21 0 0.00 M M 10.3 29 330 M M 0 36 340
================================================================================
SM 718 269 478 0 0.06 M 131.1 M 35
================================================================================
AV 47.9 17.9 8.7 FASTST M M 2 MAX(MPH)
MISC ----> 31 90 43 90
================================================================================
NOTES:
# LAST OF SEVERAL OCCURRENCES
COLUMN 17 PEAK WIND IN M.P.H.
PRELIMINARY LOCAL CLIMATOLOGICAL DATA (WS FORM: F-6) , PAGE 2
STATION: WOLF POINT MT
MONTH: MARCH
YEAR: 2024
LATITUDE: 48 5 N
LONGITUDE: 105 35 W
[TEMPERATURE DATA] [PRECIPITATION DATA] SYMBOLS USED IN COLUMN 16
AVERAGE MONTHLY: 32.9 TOTAL FOR MONTH: 0.06 1 = FOG OR MIST
DPTR FM NORMAL: 5.2 DPTR FM NORMAL: -0.11 2 = FOG REDUCING VISIBILITY
HIGHEST: 70 ON 18 GRTST 24HR 0.04 ON 3- 3 TO 1/4 MILE OR LESS
LOWEST: -10 ON 7 3 = THUNDER
SNOW, ICE PELLETS, HAIL 4 = ICE PELLETS
TOTAL MONTH: M 5 = HAIL
GRTST 24HR M ON M 6 = FREEZING RAIN OR DRIZZLE
GRTST DEPTH: M ON M 7 = DUSTSTORM OR SANDSTORM:
VSBY 1/2 MILE OR LESS
8 = SMOKE OR HAZE
[NO. OF DAYS WITH] [WEATHER - DAYS WITH] 9 = BLOWING SNOW
X = TORNADO
MAX 32 OR BELOW: 2 0.01 INCH OR MORE: 2
MAX 90 OR ABOVE: 0 0.10 INCH OR MORE: 0
MIN 32 OR BELOW: 15 0.50 INCH OR MORE: 0
MIN 0 OR BELOW: 2 1.00 INCH OR MORE: 0
[HDD (BASE 65) ]
TOTAL THIS MO. 478 CLEAR (SCALE 0-3) 11
DPTR FM NORMAL -195 PTCLDY (SCALE 4-7) 3
TOTAL FM JUL 1 6128 CLOUDY (SCALE 8-10) 4
DPTR FM NORMAL -942
[CDD (BASE 65) ]
TOTAL THIS MO. 0
DPTR FM NORMAL 0 [PRESSURE DATA]
TOTAL FM JAN 1 0 HIGHEST SLP M ON M
DPTR FM NORMAL 0 LOWEST SLP 29.41 ON 1
[REMARKS]