125
CXUS53 KOAX 231000
CF6OMA
PRELIMINARY LOCAL CLIMATOLOGICAL DATA (WS FORM: F-6)

                                          STATION:   OMAHA EPPLEY, NEBRASKA
                                          MONTH:     JULY
                                          YEAR:      2016
                                          LATITUDE:   41 17 N
                                          LONGITUDE:  95 54 W

  TEMPERATURE IN F:       :PCPN:    SNOW:  WIND      :SUNSHINE: SKY     :PK WND
================================================================================
1   2   3   4   5  6A  6B    7    8   9   10  11  12  13   14  15   16   17  18
                                     12Z  AVG MX 2MIN
DY MAX MIN AVG DEP HDD CDD  WTR  SNW DPTH SPD SPD DIR MIN PSBL S-S WX    SPD DR
================================================================================

 1  81  55  68  -8   0   3 0.00  0.0    0  7.2 14 120   M    M   6        16  10
 2  71  59  65 -11   0   0 1.23  0.0    0 10.1 20 120   M    M  10 1      25 120
 3  72  62  67  -9   0   2 0.00  0.0    0  8.4 13  90   M    M  10        17  50
 4  82  64  73  -3   0   8    T  0.0    0  7.2 14 160   M    M   9 18     18 160
 5  95  70  83   7   0  18 0.01  0.0    0 10.1 22 300   M    M   6 3      24 290
 6  92  73  83   6   0  18 0.01  0.0    0  8.8 22 120   M    M   6 3      26 120
 7  90  67  79   2   0  14 0.76  0.0    0  9.5 39 330   M    M   7 13     51 330
 8  89  64  77   0   0  12 0.00  0.0    0  4.6 12  10   M    M   7 1      14 360
 9  88  69  79   2   0  14 0.00  0.0    0 11.8 21 130   M    M   6        25 160
10  92  76  84   7   0  19 0.00  0.0    0 16.0 30 170   M    M   6        38 160
11  94  67  81   4   0  16 1.59  0.0    0 20.6 31 170   M    M   4 13     40 170
12  89  65  77   0   0  12 0.00  0.0    0  6.4 17 180   M    M   5 3      20 180
13  90  70  80   3   0  15 0.29    T    0  7.0 23 350   M    M   4 35     27 350
14  88  67  78   1   0  13 0.00  0.0    0  5.8 15 330   M    M   4        20 360
15  73  61  67 -10   0   2 0.06  0.0    0  3.7 13  30   M    M   5        15 310
16  88  58  73  -4   0   8 0.00  0.0    0 11.7 26 150   M    M   5        32 170
17  88  74  81   4   0  16 0.54  0.0    0  8.2 24 160   M    M   8 3      29 170
18  86  68  77   0   0  12 1.69  0.0    0  9.3 32 130   M    M   6 13     47 130
19  85  75  80   3   0  15 0.29  0.0    0 11.6 20 140   M    M   6 13     23 110
20  96  76  86   9   0  21 0.00  0.0    0 15.1 26 180   M    M   1        33 170
21  98  79  89  12   0  24 0.00  0.0    0 12.4 22 180   M    M   4        26 190
22  94  81  88  11   0  23 0.00  0.0    0 12.4 21 150   M    M   6        26 150
================================================================================
SM 1921 1500         0 285  6.47    T    217.9          M      131
================================================================================
AV 87.3 68.2                               9.9 FASTST   M    M   6    MAX(MPH)
                                 MISC ---->  # 39 330               # 51  330
================================================================================
NOTES:
# LAST OF SEVERAL OCCURRENCES

COLUMN 17 PEAK WIND IN M.P.H.

PRELIMINARY LOCAL CLIMATOLOGICAL DATA (WS FORM: F-6) , PAGE 2

                                          STATION:  OMAHA EPPLEY, NEBRASKA
                                          MONTH:    JULY
                                          YEAR:     2016
                                          LATITUDE:   41 17 N
                                          LONGITUDE:  95 54 W

[TEMPERATURE DATA]      [PRECIPITATION DATA]       SYMBOLS USED IN COLUMN 16

AVERAGE MONTHLY: 77.8   TOTAL FOR MONTH:   6.47    1 = FOG OR MIST
DPTR FM NORMAL:   1.0   DPTR FM NORMAL:    3.76    2 = FOG REDUCING VISIBILITY
HIGHEST:    98 ON 21    GRTST 24HR  2.18 ON 17-18      TO 1/4 MILE OR LESS
LOWEST:     55 ON  1                               3 = THUNDER
                        SNOW, ICE PELLETS, HAIL    4 = ICE PELLETS
                        TOTAL MONTH:    T          5 = HAIL
                        GRTST 24HR    T  ON 13-13  6 = FREEZING RAIN OR DRIZZLE
                        GRTST DEPTH:   0           7 = DUSTSTORM OR SANDSTORM:
                                                       VSBY 1/2 MILE OR LESS
                                                   8 = SMOKE OR HAZE
[NO. OF DAYS WITH]      [WEATHER - DAYS WITH]      9 = BLOWING SNOW
                                                   X = TORNADO
MAX 32 OR BELOW:   0    0.01 INCH OR MORE:  10
MAX 90 OR ABOVE:   9    0.10 INCH OR MORE:   7
MIN 32 OR BELOW:   0    0.50 INCH OR MORE:   5
MIN  0 OR BELOW:   0    1.00 INCH OR MORE:   3

[HDD (BASE 65) ]
TOTAL THIS MO.     0    CLEAR  (SCALE 0-3)   1
DPTR FM NORMAL     0    PTCLDY (SCALE 4-7)  17
TOTAL FM JUL 1     0    CLOUDY (SCALE 8-10)  4
DPTR FM NORMAL     0

[CDD (BASE 65) ]
TOTAL THIS MO.   285
DPTR FM NORMAL    25    [PRESSURE DATA]
TOTAL FM JAN 1   786    HIGHEST SLP M ON M
DPTR FM NORMAL   214    LOWEST  SLP 29.57 ON 11

[REMARKS]
