000
CXAK56 PAOM 300929
CF6OME

PRELIMINARY LOCAL CLIMATOLOGICAL DATA (WS FORM: F-6)

                                          STATION:   NOME
                                          MONTH:     05
                                          YEAR:      2015
                                          LATITUDE:   64 31 N
                                          LONGITUDE: 165 27 W

  TEMPERATURE IN F:       :PCPN:    SNOW:  WIND      :SUNSHINE: SKY     :PK WND
================================================================================
1   2   3   4   5  6A  6B    7     8   9   10  11  12  13   14  15   16  17  18
                                      12Z  AVG MX 2MIN
DY MAX MIN AVG DEP HDD CDD  WTR   SNW DPTH SPD SPD DIR MIN PSBL S-S WX   SPD DR
================================================================================

 1  30  22  26  -4  39   0  0.00  0.0   2  3.8  9  270   M    M   M 8     11 220
 2  29  25  27  -3  38   0  0.00  0.0   2  9.3 17  270   M    M   M       19 260
 3  45  22  34   3  31   0  0.00  0.0   1  4.7 10  240   M    M   M       13 300
 4  48  28  38   7  27   0  0.00  0.0   1  2.1  9   10   M    M   M       12 140
 5  46  29  38   6  27   0  0.00  0.0   1  3.6  9  260   M    M   M       11 260
 6  43  29  36   4  29   0  0.00  0.0   T  3.5 12  280   M    M   M       14 140
 7  46  34  40   7  25   0  0.01  0.0   T  3.3 12  320   M    M   M       13 320
 8  38  28  33   0  32   0  0.03  0.0   T 12.8 24  260   M    M   M 1     27 270
 9  43  24  34   0  31   0  0.00  0.0   T  4.2 12  250   M    M   M       14 260
10  51  36  44  10  21   0  0.01  0.0   0  6.0 17  110   M    M   M       21 110
11  47  34  41   6  24   0     T  0.0   0  7.6 17   90   M    M   M       21  90
12  37  29  33  -2  32   0     T    T   0  7.3 14  140   M    M   M 1     18 170
13  49  36  43   7  22   0  0.13  0.0   0 14.7 25  120   M    M   M 1     31 110
14  45  35  40   4  25   0  0.04  0.0   0  9.1 15  120   M    M   M 18    21 130
15  46  39  43   6  22   0  0.16  0.0   0  9.8 15  130   M    M   M 1     18 130
16  44  34  39   2  26   0  0.36  0.0   0 11.1 22  110   M    M   M 2     27 110
17  45  37  41   3  24   0  0.05  0.0   0 16.6 25  120   M    M   M 1     30 110
18  41  35  38   0  27   0  0.20  0.0   0 11.7 21  130   M    M   M 1     24 130
19  53  36  45   7  20   0  0.01  0.0   0  9.1 18  110   M    M   M       22 100
20  49  38  44   5  21   0  0.26  0.0   0 16.6 28  110   M    M   M 1     36 120
21  39  32  36  -3  29   0     T    T   0 10.2 16  120   M    M   M 1     19 110
22  58  29  44   4  21   0  0.08  0.0   0 13.7 24   90   M    M   M 1     31 120
23  52  43  48   8  17   0  0.05  0.0   0 14.4 26  120   M    M   M 1     33 120
24  48  40  44   4  21   0  0.01  0.0   0 12.9 21  120   M    M   M       25 120
25  50  38  44   3  21   0  0.00  0.0   0  6.4 15  240   M    M   M       18 240
26  57  36  47   6  18   0  0.00  0.0   0  6.6 16  140   M    M   M       19 140
27  50  42  46   5  19   0  0.06  0.0   0  9.8 22  120   M    M   M 1     27 130
28  48  41  45   3  20   0  0.02  0.0   0  6.8 15  100   M    M   M       18  70
29  64  43  54  12  11   0  0.00  0.0   0 14.0 24  110   M    M   M       30 110
================================================================================
SM 1341  974       720   0  1.48     T    261.7           M        M
================================================================================
AV 46.2 33.6                              9.0 FASTST  PSBL  %   M    MAX(MPH)
                                 MISC ---->     28  110                 36 120
================================================================================
NOTES:
# LAST OF SEVERAL OCCURRENCES

COLUMN 17 PEAK WIND IN M.P.H.

PRELIMINARY LOCAL CLIMATOLOGICAL DATA (WS FORM: F-6) , PAGE 2

                                          STATION:   NOME
                                          MONTH:     05
                                          YEAR:      2015
                                          LATITUDE:  64 31 N
                                          LONGITUDE: 165 27 W

[TEMPERATURE DATA]      [PRECIPITATION DATA]       SYMBOLS USED IN COLUMN 16

AVERAGE MONTHLY:39.9   TOTAL FOR MONTH: 1.48       1 = FOG
DPTR FM NORMAL:  3.5   DPTR FM NORMAL: 0.68       2 = FOG REDUCING VISIBILITY
HIGHEST:    64 ON 29    GRTST 24HR   0.36 ON 16        TO 1/4 MILE OR LESS
LOWEST:     22 ON  3                               3 = THUNDER
                        SNOW, ICE PELLETS, HAIL    4 = ICE PELLETS
                        TOTAL MONTH:     T         5 = HAIL
                        GRTST 24HR     T ON 21     6 = GLAZE OR RIME
                        GRTST DEPTH:    2 ON  2    7 = BLOWING DUST OR SAND:
                                                       VSBY 1/2 MILE OR LESS
                                                   8 = SMOKE OR HAZE
[NO. OF DAYS WITH]      [WEATHER - DAYS WITH]      9 = BLOWING SNOW
                                                   X = TORNADO
MAX 32 OR BELOW:   2    0.01 INCH OR MORE:  16
MAX 70 OR ABOVE:   0    0.10 INCH OR MORE:   5
MIN 32 OR BELOW:  11    0.50 INCH OR MORE:   0
MIN  0 OR BELOW:   0    1.00 INCH OR MORE:   0

[HDD (BASE 65) ]
TOTAL THIS MO.   720    CLEAR  (SCALE 0-3)   M
DPTR FM NORMAL  -110    PTCLDY (SCALE 4-7)   M
SEASONAL TOTAL 11991    CLOUDY (SCALE 8-10)  M
DPTR FM NORMAL -1152

[CDD (BASE 65) ]
TOTAL THIS MO.     0
DPTR FM NORMAL     0    [PRESSURE DATA]
SEASONAL TOTAL     0    HIGHEST SLP     M
DPTR FM NORMAL     0    LOWEST  SLP     M

[REMARKS]
