000
CXUS51 KAKQ 221010
CF6ORF
PRELIMINARY LOCAL CLIMATOLOGICAL DATA (WS FORM: F-6)

                                          STATION:   NORFOLK VA
                                          MONTH:     OCTOBER
                                          YEAR:      2014
                                          LATITUDE:   36 54 N
                                          LONGITUDE:  76 12 W

  TEMPERATURE IN F:       :PCPN:    SNOW:  WIND      :SUNSHINE: SKY     :PK WND
================================================================================
1   2   3   4   5  6A  6B    7    8   9   10  11  12  13   14  15   16   17  18
                                     12Z  AVG MX 2MIN
DY MAX MIN AVG DEP HDD CDD  WTR  SNW DPTH SPD SPD DIR MIN PSBL S-S WX    SPD DR
================================================================================

 1  74  67  71   4   0   6 0.00  0.0    0  7.9 14  30   M    M   3        19  20
 2  74  61  68   1   0   3 0.00  0.0    0  4.6 12  60   M    M   3        14  60
 3  75  60  68   2   0   3 0.01  0.0    0  7.0 16 180   M    M   5        22 170
 4  79  57  68   2   0   3 0.12  0.0    0 10.0 16 340   M    M   4 1      26 320
 5  66  46  56 -10   9   0 0.00  0.0    0  6.2 15 230   M    M   0        21 220
 6  74  47  61  -4   4   0 0.00  0.0    0  9.5 17 210   M    M   0        23 160
 7  77  56  67   2   0   2 0.00  0.0    0 11.7 21 210   M    M   0        26 210
 8  82  66  74   9   0   9 0.00  0.0    0  8.7 20 220   M    M   1        24 220
 9  74  62  68   4   0   3 0.00  0.0    0  6.7 16  10   M    M   0        22  20
10  83  58  71   7   0   6 0.00  0.0    0  9.4 20 230   M    M   4        25 230
11  79  62  71   7   0   6 0.19  0.0    0 11.5 22  20   M    M   8 1      27 360
12  66  61  64   1   1   0    T  0.0    0 10.3 17  30   M    M  10        21  30
13  80  65  73  10   0   8    T  0.0    0  7.7 16 140   M    M   5        23 130
14  83  68  76  13   0  11 0.00  0.0    0 11.6 23 150   M    M   3        31 170
15  80  61  71   9   0   6 0.58  0.0    0 11.5 25 190   M    M   6 1      32 180
16  74  57  66   4   0   1 0.00  0.0    0  8.8 21 230   M    M   4        26 220
17  74  55  65   3   0   0 0.00  0.0    0  7.2 16 230   M    M   0        22 230
18  76  57  67   6   0   2 0.00  0.0    0  9.6 20 350   M    M   3        29 350
19  63  45  54  -7  11   0 0.00  0.0    0  8.3 18 350   M    M   3        29 350
20  69  43  56  -5   9   0 0.00  0.0    0  7.6 17 220   M    M   0        22 200
21  74  57  66   6   0   1    T  0.0    0  5.5 13 230   M    M   4        17 280
================================================================================
SM 1576 1211        34  70  0.90     0.0 181.3          M       66
================================================================================
AV 75.0 57.7                               8.6 FASTST   M    M   3    MAX(MPH)
                                 MISC ---->  # 25 190               # 32  180
================================================================================
NOTES:
# LAST OF SEVERAL OCCURRENCES

COLUMN 17 PEAK WIND IN M.P.H.

PRELIMINARY LOCAL CLIMATOLOGICAL DATA (WS FORM: F-6) , PAGE 2

                                          STATION:  NORFOLK VA
                                          MONTH:    OCTOBER
                                          YEAR:     2014
                                          LATITUDE:   36 54 N
                                          LONGITUDE:  76 12 W

[TEMPERATURE DATA]      [PRECIPITATION DATA]       SYMBOLS USED IN COLUMN 16

AVERAGE MONTHLY: 66.4   TOTAL FOR MONTH:   0.90    1 = FOG OR MIST
DPTR FM NORMAL:   2.7   DPTR FM NORMAL:   -1.43    2 = FOG REDUCING VISIBILITY
HIGHEST:    83 ON 14,10 GRTST 24HR  0.58 ON 14-15      TO 1/4 MILE OR LESS
LOWEST:     43 ON 20                               3 = THUNDER
                        SNOW, ICE PELLETS, HAIL    4 = ICE PELLETS
                        TOTAL MONTH:   0.0 INCH    5 = HAIL
                        GRTST 24HR     0.0         6 = FREEZING RAIN OR DRIZZLE
                        GRTST DEPTH:   0           7 = DUSTSTORM OR SANDSTORM:
                                                       VSBY 1/2 MILE OR LESS
                                                   8 = SMOKE OR HAZE
[NO. OF DAYS WITH]      [WEATHER - DAYS WITH]      9 = BLOWING SNOW
                                                   X = TORNADO
MAX 32 OR BELOW:   0    0.01 INCH OR MORE:   4
MAX 90 OR ABOVE:   0    0.10 INCH OR MORE:   3
MIN 32 OR BELOW:   0    0.50 INCH OR MORE:   1
MIN  0 OR BELOW:   0    1.00 INCH OR MORE:   0

[HDD (BASE 65) ]
TOTAL THIS MO.    34    CLEAR  (SCALE 0-3)  11
DPTR FM NORMAL   -41    PTCLDY (SCALE 4-7)   9
TOTAL FM JUL 1    34    CLOUDY (SCALE 8-10)  1
DPTR FM NORMAL   -52

[CDD (BASE 65) ]
TOTAL THIS MO.    70
DPTR FM NORMAL    24    [PRESSURE DATA]
TOTAL FM JAN 1  1714    HIGHEST SLP M ON M
DPTR FM NORMAL   103    LOWEST  SLP 29.60 ON  4

[REMARKS]
